
--
-- Table structure for table `content_list_extras`
--

CREATE TABLE `content_list_extras` (
  `content_id` int NOT NULL,
  `code` varchar(50) NOT NULL,
  `value` text NOT NULL
) ENGINE=InnoDB DEFAULT CHARSET=utf8mb3;

--
-- Dumping data for table `content_list_extras`
--


--
-- Table structure for table `content_list_images`
--

CREATE TABLE `content_list_images` (
  `id` int NOT NULL AUTO_INCREMENT,
  `content_id` int NOT NULL,
  `image` varchar(255) NOT NULL,
  `api_image` varchar(255) DEFAULT NULL,
  `title` varchar(250) NOT NULL,
  `alt` varchar(250) NOT NULL,
  `cover` tinyint(1) NOT NULL,
  `sort` int NOT NULL,
  `image_type` varchar(50) DEFAULT NULL,
  PRIMARY KEY (`id`),
  KEY `fk_content_list_images_id` (`content_id`)
) ENGINE=InnoDB DEFAULT CHARSET=utf8mb3;

--
-- Dumping data for table `content_list_images`
--


--
-- Table structure for table `copy_items`
--

CREATE TABLE `copy_items` (
  `id` int NOT NULL AUTO_INCREMENT,
  `item_id` int NOT NULL,
  `shop_id` int NOT NULL,
  `insert_item_id` int NOT NULL,
  `insert_shop_id` int NOT NULL,
  `type` varchar(50) NOT NULL,
  PRIMARY KEY (`id`)
) ENGINE=InnoDB DEFAULT CHARSET=utf8mb3;

--
-- Dumping data for table `copy_items`
--


--
-- Table structure for table `country`
--

CREATE TABLE `country` (
  `id` int NOT NULL AUTO_INCREMENT,
  `name` varchar(128) NOT NULL,
  `iso_code_2` varchar(2) NOT NULL,
  `iso_code_3` varchar(3) NOT NULL,
  `address_format` text NOT NULL,
  `postcode_required` tinyint(1) NOT NULL,
  `flag` varchar(155) NOT NULL,
  `phone_code` varchar(10) NOT NULL,
  `status` tinyint(1) NOT NULL DEFAULT '1',
  PRIMARY KEY (`id`),
  KEY `id` (`id`)
) ENGINE=InnoDB AUTO_INCREMENT=258 DEFAULT CHARSET=utf8mb3;

--
-- Dumping data for table `country`
--

INSERT INTO `country` VALUES (2,'Albania','AL','ALB','',0,'','',1),(3,'Algeria','DZ','DZA','',0,'','',1),(4,'American Samoa','AS','ASM','',0,'','',1),(5,'Andorra','AD','AND','',0,'','',1),(6,'Angola','AO','AGO','',0,'','',1),(7,'Anguilla','AI','AIA','',0,'','',1),(8,'Antarctica','AQ','ATA','',0,'','',1),(9,'Antigua and Barbuda','AG','ATG','',0,'','',1),(10,'Argentina','AR','ARG','',0,'','',1),(11,'Armenia','AM','ARM','',0,'','',1),(12,'Aruba','AW','ABW','',0,'','',1),(13,'Australia','AU','AUS','',0,'','',1),(14,'Austria','AT','AUT','',0,'','',1),(15,'Azerbaijan','AZ','AZE','',0,'','',1),(16,'Bahamas','BS','BHS','',0,'','',1),(17,'Bahrain','BH','BHR','',0,'','',1),(18,'Bangladesh','BD','BGD','',0,'','',1),(19,'Barbados','BB','BRB','',0,'','',1),(20,'Belarus','BY','BLR','',0,'','',1),(21,'Belgium','BE','BEL','{firstname} {lastname}\r\n{company}\r\n{address_1}\r\n{address_2}\r\n{postcode} {city}\r\n{country}',0,'','',1),(22,'Belize','BZ','BLZ','',0,'','',1),(23,'Benin','BJ','BEN','',0,'','',1),(24,'Bermuda','BM','BMU','',0,'','',1),(25,'Bhutan','BT','BTN','',0,'','',1),(26,'Bolivia','BO','BOL','',0,'','',1),(27,'Bosnia and Herzegovina','BA','BIH','',0,'','',1),(28,'Botswana','BW','BWA','',0,'','',0),(29,'Bouvet Island','BV','BVT','',0,'','',1),(30,'Brazil','BR','BRA','',0,'','',1),(31,'British Indian Ocean Territory','IO','IOT','',0,'','',1),(32,'Brunei Darussalam','BN','BRN','',0,'','',1),(33,'Bulgaria','BG','BGR','',0,'','',1),(34,'Burkina Faso','BF','BFA','',0,'','',1),(35,'Burundi','BI','BDI','',0,'','',1),(36,'Cambodia','KH','KHM','',0,'','',1),(37,'Cameroon','CM','CMR','',0,'','',1),(38,'Canada','CA','CAN','',0,'','',1),(39,'Cape Verde','CV','CPV','',0,'','',1),(40,'Cayman Islands','KY','CYM','',0,'','',1),(41,'Central African Republic','CF','CAF','',0,'','',1),(42,'Chad','TD','TCD','',0,'','',1),(43,'Chile','CL','CHL','',0,'','',1),(44,'China','CN','CHN','',0,'','',1),(45,'Christmas Island','CX','CXR','',0,'','',1),(46,'Cocos (Keeling) Islands','CC','CCK','',0,'','',1),(47,'Colombia','CO','COL','',0,'','',1),(48,'Comoros','KM','COM','',0,'','',1),(49,'Congo','CG','COG','',0,'','',1),(50,'Cook Islands','CK','COK','',0,'','',1),(51,'Costa Rica','CR','CRI','',0,'','',1),(52,'Cote D\'Ivoire','CI','CIV','',0,'','',1),(53,'Croatia','HR','HRV','',0,'','',1),(54,'Cuba','CU','CUB','',0,'','',1),(55,'Cyprus','CY','CYP','',0,'','',1),(56,'Czech Republic','CZ','CZE','',0,'','',1),(57,'Denmark','DK','DNK','',0,'','',1),(58,'Djibouti','DJ','DJI','',0,'','',1),(59,'Dominica','DM','DMA','',0,'','',1),(60,'Dominican Republic','DO','DOM','',0,'','',1),(61,'East Timor','TL','TLS','',0,'','',1),(62,'Ecuador','EC','ECU','',0,'','',1),(63,'Egypt','EG','EGY','',0,'','',1),(64,'El Salvador','SV','SLV','',0,'','',1),(65,'Equatorial Guinea','GQ','GNQ','',0,'','',1),(66,'Eritrea','ER','ERI','',0,'','',1),(67,'Estonia','EE','EST','',0,'','',1),(68,'Ethiopia','ET','ETH','',0,'','',1),(69,'Falkland Islands (Malvinas)','FK','FLK','',0,'','',1),(70,'Faroe Islands','FO','FRO','',0,'','',1),(71,'Fiji','FJ','FJI','',0,'','',1),(72,'Finland','FI','FIN','',0,'','',1),(74,'France, Metropolitan','FR','FRA','{firstname} {lastname}\r\n{company}\r\n{address_1}\r\n{address_2}\r\n{postcode} {city}\r\n{country}',1,'','',1),(75,'French Guiana','GF','GUF','',0,'','',1),(76,'French Polynesia','PF','PYF','',0,'','',1),(77,'French Southern Territories','TF','ATF','',0,'','',1),(78,'Gabon','GA','GAB','',0,'','',1),(79,'Gambia','GM','GMB','',0,'','',1),(80,'Georgia','GE','GEO','',0,'','',1),(81,'Germany','DE','DEU','{company}\r\n{firstname} {lastname}\r\n{address_1}\r\n{address_2}\r\n{postcode} {city}\r\n{country}',1,'','',1),(82,'Ghana','GH','GHA','',0,'','',1),(83,'Gibraltar','GI','GIB','',0,'','',1),(84,'Greece','GR','GRC','',0,'','',1),(85,'Greenland','GL','GRL','',0,'','',1),(86,'Grenada','GD','GRD','',0,'','',1),(87,'Guadeloupe','GP','GLP','',0,'','',1),(88,'Guam','GU','GUM','',0,'','',1),(89,'Guatemala','GT','GTM','',0,'','',1),(90,'Guinea','GN','GIN','',0,'','',1),(91,'Guinea-Bissau','GW','GNB','',0,'','',1),(92,'Guyana','GY','GUY','',0,'','',1),(93,'Haiti','HT','HTI','',0,'','',1),(94,'Heard and Mc Donald Islands','HM','HMD','',0,'','',1),(95,'Honduras','HN','HND','',0,'','',1),(96,'Hong Kong','HK','HKG','',0,'','',1),(97,'Hungary','HU','HUN','',0,'','',1),(98,'Iceland','IS','ISL','',0,'','',1),(99,'India','IN','IND','',0,'','',1),(100,'Indonesia','ID','IDN','',0,'','',1),(101,'Iran (Islamic Republic of)','IR','IRN','',0,'','',1),(102,'Iraq','IQ','IRQ','',0,'','',1),(103,'Ireland','IE','IRL','',0,'','',1),(104,'Israel','IL','ISR','',0,'','',1),(105,'Italy','IT','ITA','',0,'','',1),(106,'Jamaica','JM','JAM','',0,'','',1),(107,'Japan','JP','JPN','',0,'','',1),(108,'Jordan','JO','JOR','',0,'','',1),(109,'Kazakhstan','KZ','KAZ','',0,'','',1),(110,'Kenya','KE','KEN','',0,'','',1),(111,'Kiribati','KI','KIR','',0,'','',1),(112,'North Korea','KP','PRK','',0,'','',1),(113,'South Korea','KR','KOR','',0,'','',1),(114,'Kuwait','KW','KWT','',0,'','',1),(115,'Kyrgyzstan','KG','KGZ','',0,'','',1),(116,'Lao People\'s Democratic Republic','LA','LAO','',0,'','',1),(117,'Latvia','LV','LVA','',0,'','',1),(118,'Lebanon','LB','LBN','',0,'','',1),(119,'Lesotho','LS','LSO','',0,'','',1),(120,'Liberia','LR','LBR','',0,'','',1),(121,'Libyan Arab Jamahiriya','LY','LBY','',0,'','',1),(122,'Liechtenstein','LI','LIE','',0,'','',1),(123,'Lithuania','LT','LTU','',0,'','',1),(124,'Luxembourg','LU','LUX','',0,'','',1),(125,'Macau','MO','MAC','',0,'','',1),(126,'FYROM','MK','MKD','',0,'','',1),(127,'Madagascar','MG','MDG','',0,'','',1),(128,'Malawi','MW','MWI','',0,'','',1),(129,'Malaysia','MY','MYS','',0,'','',1),(130,'Maldives','MV','MDV','',0,'','',1),(131,'Mali','ML','MLI','',0,'','',1),(132,'Malta','MT','MLT','',0,'','',1),(133,'Marshall Islands','MH','MHL','',0,'','',1),(134,'Martinique','MQ','MTQ','',0,'','',1),(135,'Mauritania','MR','MRT','',0,'','',1),(136,'Mauritius','MU','MUS','',0,'','',1),(137,'Mayotte','YT','MYT','',0,'','',1),(138,'Mexico','MX','MEX','',0,'','',1),(139,'Micronesia, Federated States of','FM','FSM','',0,'','',1),(140,'Moldova, Republic of','MD','MDA','',0,'','',1),(141,'Monaco','MC','MCO','',0,'','',1),(142,'Mongolia','MN','MNG','',0,'','',1),(143,'Montserrat','MS','MSR','',0,'','',1),(144,'Morocco','MA','MAR','',0,'','',1),(145,'Mozambique','MZ','MOZ','',0,'','',1),(146,'Myanmar','MM','MMR','',0,'','',1),(147,'Namibia','NA','NAM','',0,'','',1),(148,'Nauru','NR','NRU','',0,'','',1),(149,'Nepal','NP','NPL','',0,'','',1),(150,'Netherlands','NL','NLD','',0,'','',1),(151,'Netherlands Antilles','AN','ANT','',0,'','',1),(152,'New Caledonia','NC','NCL','',0,'','',1),(153,'New Zealand','NZ','NZL','',0,'','',1),(154,'Nicaragua','NI','NIC','',0,'','',1),(155,'Niger','NE','NER','',0,'','',1),(156,'Nigeria','NG','NGA','',0,'','',1),(157,'Niue','NU','NIU','',0,'','',1),(158,'Norfolk Island','NF','NFK','',0,'','',1),(159,'Northern Mariana Islands','MP','MNP','',0,'','',1),(160,'Norway','NO','NOR','',0,'','',1),(161,'Oman','OM','OMN','',0,'','',1),(162,'Pakistan','PK','PAK','',0,'','',1),(163,'Palau','PW','PLW','',0,'','',1),(164,'Panama','PA','PAN','',0,'','',1),(165,'Papua New Guinea','PG','PNG','',0,'','',1),(166,'Paraguay','PY','PRY','',0,'','',1),(167,'Peru','PE','PER','',0,'','',1),(168,'Philippines','PH','PHL','',0,'','',1),(169,'Pitcairn','PN','PCN','',0,'','',1),(170,'Poland','PL','POL','',0,'','',1),(171,'Portugal','PT','PRT','',0,'','',1),(172,'Puerto Rico','PR','PRI','',0,'','',1),(173,'Qatar','QA','QAT','',0,'','',1),(174,'Reunion','RE','REU','',0,'','',1),(175,'Romania','RO','ROM','',0,'','',1),(176,'Russian Federation','RU','RUS','',0,'','',1),(177,'Rwanda','RW','RWA','',0,'','',1),(178,'Saint Kitts and Nevis','KN','KNA','',0,'','',1),(179,'Saint Lucia','LC','LCA','',0,'','',1),(180,'Saint Vincent and the Grenadines','VC','VCT','',0,'','',1),(181,'Samoa','WS','WSM','',0,'','',1),(182,'San Marino','SM','SMR','',0,'','',1),(183,'Sao Tome and Principe','ST','STP','',0,'','',1),(184,'Saudi Arabia','SA','SAU','',0,'','',1),(185,'Senegal','SN','SEN','',0,'','',1),(186,'Seychelles','SC','SYC','',0,'','',1),(187,'Sierra Leone','SL','SLE','',0,'','',1),(188,'Singapore','SG','SGP','',0,'','',1),(189,'Slovak Republic','SK','SVK','{firstname} {lastname}\r\n{company}\r\n{address_1}\r\n{address_2}\r\n{city} {postcode}\r\n{zone}\r\n{country}',0,'','',1),(190,'Slovenia','SI','SVN','',0,'','',1),(191,'Solomon Islands','SB','SLB','',0,'','',1),(192,'Somalia','SO','SOM','',0,'','',1),(193,'South Africa','ZA','ZAF','',0,'','',1),(194,'South Georgia &amp; South Sandwich Islands','GS','SGS','',0,'','',1),(195,'Spain','ES','ESP','',0,'','',1),(196,'Sri Lanka','LK','LKA','',0,'','',1),(197,'St. Helena','SH','SHN','',0,'','',1),(198,'St. Pierre and Miquelon','PM','SPM','',0,'','',1),(199,'Sudan','SD','SDN','',0,'','',1),(200,'Suriname','SR','SUR','',0,'','',1),(201,'Svalbard and Jan Mayen Islands','SJ','SJM','',0,'','',1),(202,'Swaziland','SZ','SWZ','',0,'','',1),(203,'Sweden','SE','SWE','{company}\r\n{firstname} {lastname}\r\n{address_1}\r\n{address_2}\r\n{postcode} {city}\r\n{country}',1,'','',1),(204,'Switzerland','CH','CHE','',0,'','',1),(205,'Syrian Arab Republic','SY','SYR','',0,'','',1),(206,'Taiwan','TW','TWN','',0,'','',1),(207,'Tajikistan','TJ','TJK','',0,'','',1),(208,'Tanzania, United Republic of','TZ','TZA','',0,'','',1),(209,'Thailand','TH','THA','',0,'','',1),(210,'Togo','TG','TGO','',0,'','',1),(211,'Tokelau','TK','TKL','',0,'','',1),(212,'Tonga','TO','TON','',0,'','',1),(213,'Trinidad and Tobago','TT','TTO','',0,'','',1),(214,'Tunisia','TN','TUN','',0,'','',1),(215,'TÜRKİYE','TR','TUR','',0,'','',1),(216,'Turkmenistan','TM','TKM','',0,'','',1),(217,'Turks and Caicos Islands','TC','TCA','',0,'','',1),(218,'Tuvalu','TV','TUV','',0,'','',1),(219,'Uganda','UG','UGA','',0,'','',1),(220,'Ukraine','UA','UKR','',0,'','',1),(221,'United Arab Emirates','AE','ARE','',0,'','',1),(222,'United Kingdom','GB','GBR','',1,'','',1),(223,'United States','US','USA','{firstname} {lastname}\r\n{company}\r\n{address_1}\r\n{address_2}\r\n{city}, {zone} {postcode}\r\n{country}',0,'','',1),(224,'United States Minor Outlying Islands','UM','UMI','',0,'','',1),(225,'Uruguay','UY','URY','',0,'','',1),(226,'Uzbekistan','UZ','UZB','',0,'','',1),(227,'Vanuatu','VU','VUT','',0,'','',1),(228,'Vatican City State (Holy See)','VA','VAT','',0,'','',1),(229,'Venezuela','VE','VEN','',0,'','',1),(230,'Viet Nam','VN','VNM','',0,'','',1),(231,'Virgin Islands (British)','VG','VGB','',0,'','',1),(232,'Virgin Islands (U.S.)','VI','VIR','',0,'','',1),(233,'Wallis and Futuna Islands','WF','WLF','',0,'','',1),(234,'Western Sahara','EH','ESH','',0,'','',1),(235,'Yemen','YE','YEM','',0,'','',1),(237,'Democratic Republic of Congo','CD','COD','',0,'','',1),(238,'Zambia','ZM','ZMB','',0,'','',1),(239,'Zimbabwe','ZW','ZWE','',0,'','',1),(242,'Montenegro','ME','MNE','',0,'','',1),(243,'Serbia','RS','SRB','',0,'','',1),(244,'Aaland Islands Deneme','AX','ALA','',0,'','',1),(245,'Bonaire, Sint Eustatius and Saba','BQ','BES','',0,'','',1),(246,'Curacao','CW','CUW','',0,'','',1),(247,'Palestinian Territory, Occupied','PS','PSE','',0,'','',1),(248,'South Sudan','SS','SSD','',0,'','',1),(249,'St. Barthelemy','BL','BLM','',0,'','',1),(250,'St. Martin (French part)','MF','MAF','',0,'','',1),(251,'Canary Islands','IC','ICA','',0,'','',1),(252,'Ascension Island (British)','AC','ASC','',0,'','',1),(253,'Kosovo, Republic of','XK','UNK','',0,'','',1),(254,'Isle of Man','IM','IMN','',0,'','',1),(255,'Tristan da Cunha','TA','SHN','',0,'','',1),(256,'Guernsey','GG','GGY','',0,'','',1),(257,'Jersey','JE','JEY','',0,'','',1);

--
-- Table structure for table `coupon`
--

CREATE TABLE `coupon` (
  `id` int NOT NULL AUTO_INCREMENT,
  `name` varchar(150) NOT NULL,
  `code` varchar(20) NOT NULL,
  `type` varchar(20) NOT NULL,
  `discount` decimal(15,4) NOT NULL,
  `logged` tinyint(1) NOT NULL,
  `shipping` tinyint(1) NOT NULL,
  `total` decimal(15,4) NOT NULL,
  `date_start` datetime NOT NULL,
  `date_end` datetime NOT NULL,
  `uses_total` int NOT NULL,
  `uses_customer` varchar(11) NOT NULL,
  `status` tinyint(1) NOT NULL,
  `date_added` datetime NOT NULL,
  `shop_id` int NOT NULL,
  PRIMARY KEY (`id`)
) ENGINE=InnoDB DEFAULT CHARSET=utf8mb3;

--
-- Dumping data for table `coupon`
--


--
-- Table structure for table `coupon_category`
--

CREATE TABLE `coupon_category` (
  `coupon_id` int NOT NULL,
  `category_id` int NOT NULL
) ENGINE=InnoDB DEFAULT CHARSET=utf8mb3;

--
-- Dumping data for table `coupon_category`
--


--
-- Table structure for table `coupon_history`
--

CREATE TABLE `coupon_history` (
  `id` int NOT NULL AUTO_INCREMENT,
  `coupon_id` int NOT NULL,
  `order_id` int NOT NULL,
  `customer_id` int NOT NULL,
  `amount` decimal(15,4) NOT NULL,
  `date_added` datetime NOT NULL,
  PRIMARY KEY (`id`)
) ENGINE=InnoDB DEFAULT CHARSET=utf8mb3;

--
-- Dumping data for table `coupon_history`
--


--
-- Table structure for table `coupon_product`
--

CREATE TABLE `coupon_product` (
  `id` int NOT NULL AUTO_INCREMENT,
  `coupon_id` int NOT NULL,
  `product_id` int NOT NULL,
  PRIMARY KEY (`id`)
) ENGINE=InnoDB DEFAULT CHARSET=utf8mb3;

--
-- Dumping data for table `coupon_product`
--


--
-- Table structure for table `cover_type`
--

CREATE TABLE `cover_type` (
  `id` int NOT NULL AUTO_INCREMENT,
  `name` varchar(150) NOT NULL,
  `status` tinyint(1) NOT NULL DEFAULT '0',
  UNIQUE KEY `id` (`id`)
) ENGINE=MyISAM AUTO_INCREMENT=6 DEFAULT CHARSET=utf8mb3;

--
-- Dumping data for table `cover_type`
--

INSERT INTO `cover_type` VALUES (1,'Karton Kapak',1),(2,'Sert Kapak',1);

--
-- Table structure for table `cron`
--

CREATE TABLE `cron` (
  `id` int NOT NULL AUTO_INCREMENT,
  `user_id` int NOT NULL,
  `shop_id` int NOT NULL,
  `name` varchar(150) NOT NULL,
  `note` text NOT NULL,
  `status` tinyint(1) NOT NULL DEFAULT '1',
  `cron_date` datetime NOT NULL,
  `sms_time` time NOT NULL,
  `insert_date` datetime NOT NULL DEFAULT CURRENT_TIMESTAMP,
  `item_id` int NOT NULL,
  `item` varchar(50) NOT NULL,
  `count` int NOT NULL DEFAULT '1',
  `counter` int NOT NULL DEFAULT '0',
  PRIMARY KEY (`id`)
) ENGINE=InnoDB AUTO_INCREMENT=3 DEFAULT CHARSET=utf8mb3;

--
-- Dumping data for table `cron`
--

INSERT INTO `cron` VALUES (2,1,0,'Demirbaş hatırlatma','ddddd',1,'2022-04-20 00:00:00','02:21:00','2022-04-09 00:04:22',8,'fixture',1,0);

--
-- Table structure for table `currency`
--

CREATE TABLE `currency` (
  `id` int NOT NULL AUTO_INCREMENT,
  `title` varchar(32) NOT NULL,
  `code` varchar(32) NOT NULL,
  `symbol_left` varchar(12) NOT NULL,
  `symbol` varchar(5) NOT NULL,
  `symbol_position` varchar(10) NOT NULL COMMENT 'left, right',
  `symbol_right` varchar(12) NOT NULL,
  `decimal_place` char(11) NOT NULL DEFAULT '2',
  `value` double NOT NULL,
  `price_buying` decimal(15,6) NOT NULL DEFAULT '1.000000',
  `price_selling` decimal(15,6) NOT NULL DEFAULT '1.000000',
  `status` tinyint(1) NOT NULL,
  `date_added` datetime NOT NULL DEFAULT CURRENT_TIMESTAMP,
  `date_edit` datetime DEFAULT NULL,
  `shop_id` int NOT NULL DEFAULT '1',
  `sort_order` int NOT NULL,
  PRIMARY KEY (`id`)
) ENGINE=InnoDB AUTO_INCREMENT=8 DEFAULT CHARSET=utf8mb3;

--
-- Dumping data for table `currency`
--

INSERT INTO `currency` VALUES (1,'EURO','EUR',' ','€','right',' €',' 2',0.0622420844,16.037400,16.066300,1,'2018-11-08 10:28:07','2022-05-11 04:33:10',2,3),(4,'İNGİLİZ STERLİNİ','GBP',' £','£','left',' ',' 2',0.0531841341,18.705100,18.802600,1,'2018-11-08 12:48:26','2022-05-11 04:33:10',2,4),(5,'ABD DOLARI','USD',' $ ','$','left','',' 2',0.030534,15.192600,15.219900,1,'2018-11-08 12:49:18','2024-06-17 17:50:38',2,2),(7,'TÜRK LİRASI','TRY','','₺','right','₺','2',1,1.000000,1.000000,1,'2018-12-29 10:42:33',NULL,2,1);

--
-- Table structure for table `customer`
--

CREATE TABLE `customer` (
  `id` int NOT NULL AUTO_INCREMENT,
  `user_id` int NOT NULL,
  `group_id` int NOT NULL,
  `firstname` varchar(150) NOT NULL,
  `lastname` varchar(150) NOT NULL,
  `address` text NOT NULL,
  `telephone` varchar(15) NOT NULL,
  `email` varchar(150) NOT NULL,
  `tax_number` varchar(12) NOT NULL,
  `country_id` int NOT NULL,
  `zone_id` int NOT NULL,
  `district_id` int NOT NULL,
  `quarter_id` int NOT NULL,
  `status` tinyint(1) NOT NULL DEFAULT '0',
  `schooll_id` int NOT NULL,
  `class_id` int NOT NULL,
  `password` varchar(250) NOT NULL,
  `insert_date` datetime NOT NULL,
  PRIMARY KEY (`id`)
) ENGINE=MyISAM DEFAULT CHARSET=utf8mb3;

--
-- Dumping data for table `customer`
--


--
-- Table structure for table `customer_address`
--

CREATE TABLE `customer_address` (
  `id` int NOT NULL AUTO_INCREMENT,
  `customer_id` int NOT NULL,
  `address_name` varchar(100) NOT NULL,
  `type` varchar(50) NOT NULL,
  `firstname` varchar(50) NOT NULL,
  `lastname` varchar(50) NOT NULL,
  `email` varchar(100) NOT NULL,
  `telephone` varchar(50) NOT NULL,
  `country_id` int NOT NULL,
  `district_id` int NOT NULL,
  `zone_id` int NOT NULL,
  `quarter_id` int NOT NULL,
  `address` text NOT NULL,
  `note` int NOT NULL,
  `date_added` datetime NOT NULL,
  `shop_id` int NOT NULL DEFAULT '1',
  PRIMARY KEY (`id`),
  KEY `customer_id` (`customer_id`)
) ENGINE=InnoDB DEFAULT CHARSET=utf8mb3;

--
-- Dumping data for table `customer_address`
--


--
-- Table structure for table `customer_and_dealer_group`
--

CREATE TABLE `customer_and_dealer_group` (
  `id` int NOT NULL AUTO_INCREMENT,
  `name` text NOT NULL,
  `date_add` datetime NOT NULL,
  `status` tinyint(1) NOT NULL,
  `shop_id` int DEFAULT '1',
  PRIMARY KEY (`id`)
) ENGINE=InnoDB DEFAULT CHARSET=utf8mb3;

--
-- Dumping data for table `customer_and_dealer_group`
--


--
-- Table structure for table `customer_and_dealers`
--

CREATE TABLE `customer_and_dealers` (
  `id` int NOT NULL AUTO_INCREMENT,
  `username` varchar(155) NOT NULL,
  `password` varchar(255) NOT NULL,
  `customer_and_dealer_group_id` int NOT NULL,
  `roles` text NOT NULL,
  `status` tinyint(1) NOT NULL,
  `readed` tinyint(1) NOT NULL DEFAULT '0',
  `date_added` datetime NOT NULL,
  PRIMARY KEY (`id`)
) ENGINE=InnoDB DEFAULT CHARSET=utf8mb3;

--
-- Dumping data for table `customer_and_dealers`
--


--
-- Table structure for table `customer_code`
--

CREATE TABLE `customer_code` (
  `id` int NOT NULL AUTO_INCREMENT,
  `user_id` int NOT NULL,
  `insert_user_id` int NOT NULL,
  `code` varchar(150) NOT NULL,
  `country_id` int NOT NULL,
  `zone_id` int NOT NULL,
  `district_id` int NOT NULL,
  `quarter_id` int NOT NULL,
  `schooll_id` int NOT NULL,
  `class_id` int NOT NULL,
  `lesson_id` int NOT NULL,
  `status` tinyint(1) NOT NULL DEFAULT '0',
  `insert_date` datetime NOT NULL,
  PRIMARY KEY (`id`)
) ENGINE=MyISAM DEFAULT CHARSET=utf8mb3;

--
-- Dumping data for table `customer_code`
--


--
-- Table structure for table `customer_group`
--

CREATE TABLE `customer_group` (
  `id` int NOT NULL AUTO_INCREMENT,
  `name` varchar(100) NOT NULL,
  `status` tinyint(1) NOT NULL DEFAULT '0',
  `user_id` int NOT NULL,
  PRIMARY KEY (`id`)
) ENGINE=MyISAM DEFAULT CHARSET=utf8mb3;

--
-- Dumping data for table `customer_group`
--


--
-- Table structure for table `department`
--

CREATE TABLE `department` (
  `id` int NOT NULL AUTO_INCREMENT,
  `name` varchar(150) NOT NULL,
  `desc` text NOT NULL,
  PRIMARY KEY (`id`)
) ENGINE=MyISAM AUTO_INCREMENT=3 DEFAULT CHARSET=utf8mb3;

--
-- Dumping data for table `department`
--

INSERT INTO `department` VALUES (1,'Satış',''),(2,'Teknik Destek','');

--
-- Table structure for table `district`
--

CREATE TABLE `district` (
  `id` int NOT NULL AUTO_INCREMENT,
  `zone_id` int NOT NULL,
  `country_id` int NOT NULL,
  `shipping_status` tinyint(1) NOT NULL DEFAULT '1',
  `name` varchar(128) NOT NULL,
  `status` tinyint(1) NOT NULL,
  `code` int NOT NULL DEFAULT '0',
  PRIMARY KEY (`id`),
  KEY `zone_id` (`zone_id`),
  KEY `country_id` (`country_id`)
) ENGINE=InnoDB AUTO_INCREMENT=2005 DEFAULT CHARSET=utf8mb3;

--
-- Dumping data for table `district`
--

INSERT INTO `district` VALUES (1,1,215,1,'SEYHAN',1,0),(2,1,215,1,'YÜREĞİR',1,0),(3,1,215,1,'ALADAĞ',1,0),(4,1,215,1,'CEYHAN',1,0),(5,1,215,1,'FEKE',1,0),(6,1,215,1,'İMAMOĞLU',1,0),(7,1,215,1,'KARAİSALI',1,0),(8,1,215,1,'KARATAŞ',1,0),(9,1,215,1,'KOZAN',1,0),(10,1,215,1,'POZANTI',1,0),(11,1,215,1,'SAİMBEYLİ',1,0),(12,1,215,1,'TUFANBEYLİ',1,0),(13,1,215,1,'YUMURTALIK',1,0),(14,2,215,1,'MERKEZ',1,0),(15,2,215,1,'BESNİ',1,0),(16,2,215,1,'ÇELİKHAN',1,0),(17,2,215,1,'GERGER',1,0),(18,2,215,1,'GÖLBAŞI',1,0),(19,2,215,1,'KAHTA',1,0),(20,2,215,1,'SAMSAT',1,0),(21,2,215,1,'SİNCİK',1,0),(22,2,215,1,'TUT',1,0),(23,3,215,1,'MERKEZ',1,0),(24,3,215,1,'BAŞMAKÇI',1,0),(25,3,215,1,'BAYAT',1,0),(26,3,215,1,'BOLVADİN',1,0),(27,3,215,1,'ÇAY',1,0),(28,3,215,1,'ÇOBANLAR',1,0),(29,3,215,1,'DAZKIRI',1,0),(30,3,215,1,'DİNAR',1,0),(31,3,215,1,'EMİRDAĞ',1,0),(32,3,215,1,'EVCİLER',1,0),(33,3,215,1,'HOCALAR',1,0),(34,3,215,1,'İHSANİYE',1,0),(35,3,215,1,'İSCEHİSAR',1,0),(36,3,215,1,'KIZILÖREN',1,0),(37,3,215,1,'SANDIKLI',1,0),(38,3,215,1,'SİNANPAŞA',1,0),(39,3,215,1,'SULTANDAĞI',1,0),(40,3,215,1,'ŞUHUT',1,0),(41,4,215,1,'MERKEZ',1,0),(42,4,215,1,'DİYADİN',1,0),(43,4,215,1,'DOĞUBAYAZIT',1,0),(44,4,215,1,'ELEŞKİRT',1,0),(45,4,215,1,'HAMUR',1,0),(46,4,215,1,'PATNOS',1,0),(47,4,215,1,'TAŞLIÇAY',1,0),(48,4,215,1,'TUTAK',1,0),(49,5,215,1,'MERKEZ',1,0),(50,5,215,1,'GÖYNÜCEK',1,0),(51,5,215,1,'GÜMÜŞHACIKÖY',1,0),(52,5,215,1,'HAMAMÖZÜ',1,0),(53,5,215,1,'MERZİFON',1,0),(54,5,215,1,'SULUOVA',1,0),(55,5,215,1,'TAŞOVA',1,0),(56,6,215,1,'ALTINDAĞ',1,0),(57,6,215,1,'ÇANKAYA',1,0),(58,6,215,1,'ETİMESGUT',1,0),(59,6,215,1,'GÖLBAŞI',1,0),(60,6,215,1,'KEÇİÖREN',1,0),(61,6,215,1,'MAMAK',1,0),(62,6,215,1,'SİNCAN',1,0),(63,6,215,1,'YENİMAHALLE',1,0),(64,6,215,1,'AKYURT',1,0),(65,6,215,1,'AYAŞ',1,0),(66,6,215,1,'BALA',1,0),(67,6,215,1,'BEYPAZARI',1,0),(68,6,215,1,'ÇAMLIDERE',1,0),(69,6,215,1,'ÇUBUK',1,0),(70,6,215,1,'ELMADAĞ',1,0),(71,6,215,1,'EVREN',1,0),(72,6,215,1,'GÜDÜL',1,0),(73,6,215,1,'HAYMANA',1,0),(74,6,215,1,'KALECİK',1,0),(75,6,215,1,'KAZAN',1,0),(76,6,215,1,'KIZILCAHAMAM',1,0),(77,6,215,1,'NALLIHAN',1,0),(78,6,215,1,'POLATLI',1,0),(79,6,215,1,'ŞEREFLİKOÇHİSAR',1,0),(80,7,215,1,'MERKEZ',1,0),(81,7,215,1,'AKSEKİ',1,0),(82,7,215,1,'ALANYA',1,0),(83,7,215,1,'ELMALI',1,0),(84,7,215,1,'FİNİKE',1,0),(85,7,215,1,'GAZİPAŞA',1,0),(86,7,215,1,'GÜNDOĞMUŞ',1,0),(87,7,215,1,'İBRADI',1,0),(88,7,215,1,'DEMRE',1,0),(89,7,215,1,'KAŞ',1,0),(90,7,215,1,'KEMER',1,0),(91,7,215,1,'KORKUTELİ',1,0),(92,7,215,1,'KUMLUCA',1,0),(93,7,215,1,'MANAVGAT',1,0),(94,7,215,1,'SERİK',1,0),(95,8,215,1,'MERKEZ',1,0),(96,8,215,1,'ARDANUÇ',1,0),(97,8,215,1,'ARHAVİ',1,0),(98,8,215,1,'BORÇKA',1,0),(99,8,215,1,'HOPA',1,0),(100,8,215,1,'MURGUL',1,0),(101,8,215,1,'ŞAVŞAT',1,0),(102,8,215,1,'YUSUFELİ',1,0),(103,9,215,1,'MERKEZ',1,0),(104,9,215,1,'BOZDOĞAN',1,0),(105,9,215,1,'BUHARKENT',1,0),(106,9,215,1,'ÇİNE',1,0),(107,9,215,1,'DİDİM',1,0),(108,9,215,1,'GERMENCİK',1,0),(109,9,215,1,'İNCİRLİOVA',1,0),(110,9,215,1,'KARACASU',1,0),(111,9,215,1,'KARPUZLU',1,0),(112,9,215,1,'KOÇARLI',1,0),(113,9,215,1,'KÖŞK',1,0),(114,9,215,1,'KUŞADASI',1,0),(115,9,215,1,'KUYUCAK',1,0),(116,9,215,1,'NAZİLLİ',1,0),(117,9,215,1,'SÖKE',1,0),(118,9,215,1,'SULTANHİSAR',1,0),(119,9,215,1,'YENİPAZAR',1,0),(120,10,215,1,'MERKEZ',1,0),(121,10,215,1,'AYVALIK',1,0),(122,10,215,1,'BALYA',1,0),(123,10,215,1,'BANDIRMA',1,0),(124,10,215,1,'BİGADİÇ',1,0),(125,10,215,1,'BURHANİYE',1,0),(126,10,215,1,'DURSUNBEY',1,0),(127,10,215,1,'EDREMİT',1,0),(128,10,215,1,'ERDEK',1,0),(129,10,215,1,'GÖMEÇ',1,0),(130,10,215,1,'GÖNEN',1,0),(131,10,215,1,'HAVRAN',1,0),(132,10,215,1,'İVRİNDİ',1,0),(133,10,215,1,'KEPSUT',1,0),(134,10,215,1,'MANYAS',1,0),(135,10,215,1,'MARMARA',1,0),(136,10,215,1,'SAVAŞTEPE',1,0),(137,10,215,1,'SINDIRGI',1,0),(138,10,215,1,'SUSURLUK',1,0),(139,11,215,1,'MERKEZ',1,0),(140,11,215,1,'BOZÜYÜK',1,0),(141,11,215,1,'GÖLPAZARI',1,0),(142,11,215,1,'İNHİSAR',1,0),(143,11,215,1,'OSMANELİ',1,0),(144,11,215,1,'PAZARYERİ',1,0),(145,11,215,1,'SÖĞÜT',1,0),(146,11,215,1,'YENİPAZAR',1,0),(147,12,215,1,'MERKEZ',1,0),(148,12,215,1,'ADAKLI',1,0),(149,12,215,1,'GENÇ',1,0),(150,12,215,1,'KARLIOVA',1,0),(151,12,215,1,'KİĞI',1,0),(152,12,215,1,'SOLHAN',1,0),(153,12,215,1,'YAYLADERE',1,0),(154,12,215,1,'YEDİSU',1,0),(155,13,215,1,'MERKEZ',1,0),(156,13,215,1,'ADİLCEVAZ',1,0),(157,13,215,1,'AHLAT',1,0),(158,13,215,1,'GÜROYMAK',1,0),(159,13,215,1,'HİZAN',1,0),(160,13,215,1,'MUTKİ',1,0),(161,13,215,1,'TATVAN',1,0),(162,14,215,1,'MERKEZ',1,0),(163,14,215,1,'DÖRTDİVAN',1,0),(164,14,215,1,'GEREDE',1,0),(165,14,215,1,'GÖYNÜK',1,0),(166,14,215,1,'KIBRISCIK',1,0),(167,14,215,1,'MENGEN',1,0),(168,14,215,1,'MUDURNU',1,0),(169,14,215,1,'SEBEN',1,0),(170,14,215,1,'YENİÇAĞA',1,0),(171,15,215,1,'MERKEZ',1,0),(172,15,215,1,'AĞLASUN',1,0),(173,15,215,1,'ALTINYAYLA',1,0),(174,15,215,1,'BUCAK',1,0),(175,15,215,1,'ÇAVDIR',1,0),(176,15,215,1,'ÇELTİKÇİ',1,0),(177,15,215,1,'GÖLHİSAR',1,0),(178,15,215,1,'KARAMANLI',1,0),(179,15,215,1,'KEMER',1,0),(180,15,215,1,'TEFENNİ',1,0),(181,15,215,1,'YEŞİLOVA',1,0),(182,16,215,1,'NİLÜFER',1,0),(183,16,215,1,'OSMANGAZİ',1,0),(184,16,215,1,'YILDIRIM',1,0),(185,16,215,1,'BÜYÜKORHAN',1,0),(186,16,215,1,'GEMLİK',1,0),(187,16,215,1,'GÜRSU',1,0),(188,16,215,1,'HARMANCIK',1,0),(189,16,215,1,'İNEGÖL',1,0),(190,16,215,1,'İZNİK',1,0),(191,16,215,1,'KARACABEY',1,0),(192,16,215,1,'KELES',1,0),(193,16,215,1,'KESTEL',1,0),(194,16,215,1,'MUDANYA',1,0),(195,16,215,1,'MUSTAFAKEMALPAŞA',1,0),(196,16,215,1,'ORHANELİ',1,0),(197,16,215,1,'ORHANGAZİ',1,0),(198,16,215,1,'YENİŞEHİR',1,0),(199,17,215,1,'MERKEZ',1,0),(200,17,215,1,'AYVACIK',1,0),(201,17,215,1,'BAYRAMİÇ',1,0),(202,17,215,1,'BİGA',1,0),(203,17,215,1,'BOZCAADA',1,0),(204,17,215,1,'ÇAN',1,0),(205,17,215,1,'ECEABAT',1,0),(206,17,215,1,'EZİNE',1,0),(207,17,215,1,'GELİBOLU',1,0),(208,17,215,1,'GÖKÇEADA',1,0),(209,17,215,1,'LAPSEKİ',1,0),(210,17,215,1,'YENİCE',1,0),(211,18,215,1,'MERKEZ',1,0),(212,18,215,1,'ATKARACALAR',1,0),(213,18,215,1,'BAYRAMÖREN',1,0),(214,18,215,1,'ÇERKEŞ',1,0),(215,18,215,1,'ELDİVAN',1,0),(216,18,215,1,'ILGAZ',1,0),(217,18,215,1,'KIZILIRMAK',1,0),(218,18,215,1,'KORGUN',1,0),(219,18,215,1,'KURŞUNLU',1,0),(220,18,215,1,'ORTA',1,0),(221,18,215,1,'ŞABANÖZÜ',1,0),(222,18,215,1,'YAPRAKLI',1,0),(223,19,215,1,'MERKEZ',1,0),(224,19,215,1,'ALACA',1,0),(225,19,215,1,'BAYAT',1,0),(226,19,215,1,'BOĞAZKALE',1,0),(227,19,215,1,'DODURGA',1,0),(228,19,215,1,'İSKİLİP',1,0),(229,19,215,1,'KARGI',1,0),(230,19,215,1,'LAÇİN',1,0),(231,19,215,1,'MECİTÖZÜ',1,0),(232,19,215,1,'OĞUZLAR',1,0),(233,19,215,1,'ORTAKÖY',1,0),(234,19,215,1,'OSMANCIK',1,0),(235,19,215,1,'SUNGURLU',1,0),(236,19,215,1,'UĞURLUDAĞ',1,0),(237,20,215,1,'MERKEZ',1,0),(238,20,215,1,'ACIPAYAM',1,0),(239,20,215,1,'AKKÖY',1,0),(240,20,215,1,'BABADAĞ',1,0),(241,20,215,1,'BAKLAN',1,0),(243,20,215,1,'BEYAĞAÇ',1,0),(244,20,215,1,'BOZKURT',1,0),(245,20,215,1,'BULDAN',1,0),(246,20,215,1,'ÇAL',1,0),(247,20,215,1,'ÇAMELİ',1,0),(248,20,215,1,'ÇARDAK',1,0),(249,20,215,1,'ÇİVRİL',1,0),(250,20,215,1,'GÜNEY',1,0),(251,20,215,1,'HONAZ',1,0),(252,20,215,1,'KALE',1,0),(253,20,215,1,'SARAYKÖY',1,0),(254,20,215,1,'SERİNHİSAR',1,0),(255,20,215,1,'TAVAS',1,0),(256,21,215,1,'MERKEZ',1,0),(257,21,215,1,'BİSMİL',1,0),(258,21,215,1,'ÇERMİK',1,0),(259,21,215,1,'ÇINAR',1,0),(260,21,215,1,'ÇÜNGÜŞ',1,0),(261,21,215,1,'DİCLE',1,0),(262,21,215,1,'EĞİL',1,0),(263,21,215,1,'ERGANİ',1,0),(264,21,215,1,'HANİ',1,0),(265,21,215,1,'HAZRO',1,0),(266,21,215,1,'KOCAKÖY',1,0),(267,21,215,1,'KULP',1,0),(268,21,215,1,'LİCE',1,0),(269,21,215,1,'SİLVAN',1,0),(270,22,215,1,'MERKEZ',1,0),(271,22,215,1,'ENEZ',1,0),(272,22,215,1,'HAVSA',1,0),(273,22,215,1,'İPSALA',1,0),(274,22,215,1,'KEŞAN',1,0),(275,22,215,1,'LALAPAŞA',1,0),(276,22,215,1,'MERİÇ',1,0),(277,22,215,1,'SÜLOĞLU',1,0),(278,22,215,1,'UZUNKÖPRÜ',1,0),(279,23,215,1,'MERKEZ',1,0),(280,23,215,1,'AĞIN',1,0),(281,23,215,1,'ALACAKAYA',1,0),(282,23,215,1,'ARICAK',1,0),(283,23,215,1,'BASKİL',1,0),(284,23,215,1,'KARAKOÇAN',1,0),(285,23,215,1,'KEBAN',1,0),(286,23,215,1,'KOVANCILAR',1,0),(287,23,215,1,'MADEN',1,0),(288,23,215,1,'PALU',1,0),(289,23,215,1,'SİVRİCE',1,0),(290,24,215,1,'MERKEZ',1,0),(291,24,215,1,'ÇAYIRLI',1,0),(292,24,215,1,'İLİÇ',1,0),(293,24,215,1,'KEMAH',1,0),(294,24,215,1,'KEMALİYE',1,0),(295,24,215,1,'OTLUKBELİ',1,0),(296,24,215,1,'REFAHİYE',1,0),(297,24,215,1,'TERCAN',1,0),(298,24,215,1,'ÜZÜMLÜ',1,0),(299,25,215,1,'MERKEZ',1,0),(300,25,215,1,'AŞKALE',1,0),(301,25,215,1,'ÇAT',1,0),(302,25,215,1,'HINIS',1,0),(303,25,215,1,'HORASAN',1,0),(304,25,215,1,'AZİZİYE',1,0),(305,25,215,1,'İSPİR',1,0),(306,25,215,1,'KARAÇOBAN',1,0),(307,25,215,1,'KARAYAZI',1,0),(308,25,215,1,'KÖPRÜKÖY',1,0),(309,25,215,1,'NARMAN',1,0),(310,25,215,1,'OLTU',1,0),(311,25,215,1,'OLUR',1,0),(312,25,215,1,'PASİNLER',1,0),(313,25,215,1,'PAZARYOLU',1,0),(314,25,215,1,'ŞENKAYA',1,0),(315,25,215,1,'TEKMAN',1,0),(316,25,215,1,'TORTUM',1,0),(317,25,215,1,'UZUNDERE',1,0),(318,26,215,1,'MERKEZ',1,0),(319,26,215,1,'ALPU',1,0),(320,26,215,1,'BEYLİKOVA',1,0),(321,26,215,1,'ÇİFTELER',1,0),(322,26,215,1,'GÜNYÜZÜ',1,0),(323,26,215,1,'HAN',1,0),(324,26,215,1,'İNÖNÜ',1,0),(325,26,215,1,'MAHMUDİYE',1,0),(326,26,215,1,'MİHALGAZİ',1,0),(327,26,215,1,'MİHALICÇIK',1,0),(328,26,215,1,'SARICAKAYA',1,0),(329,26,215,1,'SEYİTGAZİ',1,0),(330,26,215,1,'SİVRİHİSAR',1,0),(331,27,215,1,'ŞAHİNBEY',1,0),(332,27,215,1,'ŞEHİTKAMİL',1,0),(333,27,215,1,'ARABAN',1,0),(334,27,215,1,'İSLAHİYE',1,0),(335,27,215,1,'KARKAMIŞ',1,0),(336,27,215,1,'NİZİP',1,0),(337,27,215,1,'NURDAĞI',1,0),(338,27,215,1,'OĞUZELİ',1,0),(339,27,215,1,'YAVUZELİ',1,0),(340,28,215,1,'MERKEZ',1,0),(341,28,215,1,'ALUCRA',1,0),(342,28,215,1,'BULANCAK',1,0),(343,28,215,1,'ÇAMOLUK',1,0),(344,28,215,1,'ÇANAKÇI',1,0),(345,28,215,1,'DERELİ',1,0),(346,28,215,1,'DOĞANKENT',1,0),(347,28,215,1,'ESPİYE',1,0),(348,28,215,1,'EYNESİL',1,0),(349,28,215,1,'GÖRELE',1,0),(350,28,215,1,'GÜCE',1,0),(351,28,215,1,'KEŞAP',1,0),(352,28,215,1,'PİRAZİZ',1,0),(353,28,215,1,'ŞEBİNKARAHİSAR',1,0),(354,28,215,1,'TİREBOLU',1,0),(355,28,215,1,'YAĞLIDERE',1,0),(356,29,215,1,'MERKEZ',1,0),(357,29,215,1,'KELKİT',1,0),(358,29,215,1,'KÖSE',1,0),(359,29,215,1,'KÜRTÜN',1,0),(360,29,215,1,'ŞİRAN',1,0),(361,29,215,1,'TORUL',1,0),(362,30,215,1,'MERKEZ',1,0),(363,30,215,1,'ÇUKURCA',1,0),(364,30,215,1,'ŞEMDİNLİ',1,0),(365,30,215,1,'YÜKSEKOVA',1,0),(366,31,215,1,'MERKEZ',1,0),(367,31,215,1,'ALTINÖZÜ',1,0),(368,31,215,1,'BELEN',1,0),(369,31,215,1,'DÖRTYOL',1,0),(370,31,215,1,'ERZİN',1,0),(371,31,215,1,'HASSA',1,0),(372,31,215,1,'İSKENDERUN',1,0),(373,31,215,1,'KIRIKHAN',1,0),(374,31,215,1,'KUMLU',1,0),(375,31,215,1,'REYHANLI',1,0),(376,31,215,1,'SAMANDAĞ',1,0),(377,31,215,1,'YAYLADAĞI',1,0),(378,32,215,1,'MERKEZ',1,0),(379,32,215,1,'AKSU',1,0),(380,32,215,1,'ATABEY',1,0),(381,32,215,1,'EĞİRDİR',1,0),(382,32,215,1,'GELENDOST',1,0),(383,32,215,1,'GÖNEN',1,0),(384,32,215,1,'KEÇİBORLU',1,0),(385,32,215,1,'SENİRKENT',1,0),(386,32,215,1,'SÜTÇÜLER',1,0),(387,32,215,1,'ŞARKİKARAAĞAÇ',1,0),(388,32,215,1,'ULUBORLU',1,0),(389,32,215,1,'YALVAÇ',1,0),(390,32,215,1,'YENİŞARBADEMLİ',1,0),(391,33,215,1,'MERKEZ',1,0),(392,33,215,1,'ANAMUR',1,0),(393,33,215,1,'AYDINCIK',1,0),(394,33,215,1,'BOZYAZI',1,0),(395,33,215,1,'ÇAMLIYAYLA',1,0),(396,33,215,1,'ERDEMLİ',1,0),(397,33,215,1,'GÜLNAR',1,0),(398,33,215,1,'MUT',1,0),(399,33,215,1,'SİLİFKE',1,0),(400,33,215,1,'TARSUS',1,0),(401,34,215,1,'ADALAR',1,0),(402,34,215,1,'AVCILAR',1,0),(403,34,215,1,'BAĞCILAR',1,0),(404,34,215,1,'BAHÇELİEVLER',1,0),(405,34,215,1,'BAKIRKÖY',1,0),(406,34,215,1,'BAYRAMPAŞA',1,0),(407,34,215,1,'BEŞİKTAŞ',1,0),(408,34,215,1,'BEYKOZ',1,0),(409,34,215,1,'BEYOĞLU',1,0),(410,34,215,1,'EMİNÖNÜ',1,0),(411,34,215,1,'ESENLER',1,0),(412,34,215,1,'EYÜP',1,0),(413,34,215,1,'FATİH',1,0),(414,34,215,1,'GAZİOSMANPAŞA',1,0),(415,34,215,1,'GÜNGÖREN',1,0),(416,34,215,1,'KADIKÖY',1,0),(417,34,215,1,'KAĞITHANE',1,0),(418,34,215,1,'KARTAL',1,0),(419,34,215,1,'KÜÇÜKÇEKMECE',1,0),(420,34,215,1,'MALTEPE',1,0),(421,34,215,1,'PENDİK',1,0),(422,34,215,1,'SARIYER',1,0),(423,34,215,1,'ŞİŞLİ',1,0),(424,34,215,1,'TUZLA',1,0),(425,34,215,1,'ÜMRANİYE',1,0),(426,34,215,1,'ÜSKÜDAR',1,0),(427,34,215,1,'ZEYTİNBURNU',1,0),(428,34,215,1,'BÜYÜKÇEKMECE',1,0),(429,34,215,1,'ÇATALCA',1,0),(430,34,215,1,'SİLİVRİ',1,0),(431,34,215,1,'SULTANBEYLİ',1,0),(432,34,215,1,'ŞİLE',1,0),(433,35,215,1,'BALÇOVA',1,0),(434,35,215,1,'BORNOVA',1,0),(435,35,215,1,'BUCA',1,0),(436,35,215,1,'ÇİĞLİ',1,0),(437,35,215,1,'GAZİEMİR',1,0),(438,35,215,1,'GÜZELBAHÇE',1,0),(439,35,215,1,'KARŞIYAKA',1,0),(440,35,215,1,'KONAK',1,0),(441,35,215,1,'NARLIDERE',1,0),(442,35,215,1,'ALİAĞA',1,0),(443,35,215,1,'BAYINDIR',1,0),(444,35,215,1,'BERGAMA',1,0),(445,35,215,1,'BEYDAĞ',1,0),(446,35,215,1,'ÇEŞME',1,0),(447,35,215,1,'DİKİLİ',1,0),(448,35,215,1,'FOÇA',1,0),(449,35,215,1,'KARABURUN',1,0),(450,35,215,1,'KEMALPAŞA',1,0),(451,35,215,1,'KINIK',1,0),(452,35,215,1,'KİRAZ',1,0),(453,35,215,1,'MENDERES',1,0),(454,35,215,1,'MENEMEN',1,0),(455,35,215,1,'ÖDEMİŞ',1,0),(456,35,215,1,'SEFERİHİSAR',1,0),(457,35,215,1,'SELÇUK',1,0),(458,35,215,1,'TİRE',1,0),(459,35,215,1,'TORBALI',1,0),(460,35,215,1,'URLA',1,0),(461,36,215,1,'MERKEZ',1,0),(462,36,215,1,'AKYAKA',1,0),(463,36,215,1,'ARPAÇAY',1,0),(464,36,215,1,'DİGOR',1,0),(465,36,215,1,'KAĞIZMAN',1,0),(466,36,215,1,'SARIKAMIŞ',1,0),(467,36,215,1,'SELİM',1,0),(468,36,215,1,'SUSUZ',1,0),(469,37,215,1,'MERKEZ',1,0),(470,37,215,1,'ABANA',1,0),(471,37,215,1,'AĞLI',1,0),(472,37,215,1,'ARAÇ',1,0),(473,37,215,1,'AZDAVAY',1,0),(474,37,215,1,'BOZKURT',1,0),(475,37,215,1,'CİDE',1,0),(476,37,215,1,'ÇATALZEYTİN',1,0),(477,37,215,1,'DADAY',1,0),(478,37,215,1,'DEVREKANİ',1,0),(479,37,215,1,'DOĞANYURT',1,0),(480,37,215,1,'HANÖNÜ',1,0),(481,37,215,1,'İHSANGAZİ',1,0),(482,37,215,1,'İNEBOLU',1,0),(483,37,215,1,'KÜRE',1,0),(484,37,215,1,'PINARBAŞI',1,0),(485,37,215,1,'SEYDİLER',1,0),(486,37,215,1,'ŞENPAZAR',1,0),(487,37,215,1,'TAŞKÖPRÜ',1,0),(488,37,215,1,'TOSYA',1,0),(489,38,215,1,'KOCASİNAN',1,0),(490,38,215,1,'MELİKGAZİ',1,0),(491,38,215,1,'AKKIŞLA',1,0),(492,38,215,1,'BÜNYAN',1,0),(493,38,215,1,'DEVELİ',1,0),(494,38,215,1,'FELAHİYE',1,0),(495,38,215,1,'HACILAR',1,0),(496,38,215,1,'İNCESU',1,0),(497,38,215,1,'ÖZVATAN',1,0),(498,38,215,1,'PINARBAŞI',1,0),(499,38,215,1,'SARIOĞLAN',1,0),(500,38,215,1,'SARIZ',1,0),(501,38,215,1,'TALAS',1,0),(502,38,215,1,'TOMARZA',1,0),(503,38,215,1,'YAHYALI',1,0),(504,38,215,1,'YEŞİLHİSAR',1,0),(505,39,215,1,'MERKEZ',1,0),(506,39,215,1,'BABAESKİ',1,0),(507,39,215,1,'DEMİRKÖY',1,0),(508,39,215,1,'KOFÇAZ',1,0),(509,39,215,1,'LÜLEBURGAZ',1,0),(510,39,215,1,'PEHLİVANKÖY',1,0),(511,39,215,1,'PINARHİSAR',1,0),(512,39,215,1,'VİZE',1,0),(513,40,215,1,'MERKEZ',1,0),(514,40,215,1,'AKÇAKENT',1,0),(515,40,215,1,'AKPINAR',1,0),(516,40,215,1,'BOZTEPE',1,0),(517,40,215,1,'ÇİÇEKDAĞI',1,0),(518,40,215,1,'KAMAN',1,0),(519,40,215,1,'MUCUR',1,0),(520,41,215,1,'MERKEZ',1,0),(521,41,215,1,'GEBZE',1,0),(522,41,215,1,'GÖLCÜK',1,0),(523,41,215,1,'KANDIRA',1,0),(524,41,215,1,'KARAMÜRSEL',1,0),(525,41,215,1,'KÖRFEZ',1,0),(526,41,215,1,'DERİNCE',1,0),(527,42,215,1,'KARATAY',1,0),(528,42,215,1,'MERAM',1,0),(529,42,215,1,'SELÇUKLU',1,0),(530,42,215,1,'AHIRLI',1,0),(531,42,215,1,'AKÖREN',1,0),(532,42,215,1,'AKŞEHİR',1,0),(533,42,215,1,'ALTINEKİN',1,0),(534,42,215,1,'BEYŞEHİR',1,0),(535,42,215,1,'BOZKIR',1,0),(536,42,215,1,'CİHANBEYLİ',1,0),(537,42,215,1,'ÇELTİK',1,0),(538,42,215,1,'ÇUMRA',1,0),(539,42,215,1,'DERBENT',1,0),(540,42,215,1,'DEREBUCAK',1,0),(541,42,215,1,'DOĞANHİSAR',1,0),(542,42,215,1,'EMİRGAZİ',1,0),(543,42,215,1,'EREĞLİ',1,0),(544,42,215,1,'GÜNEYSINIR',1,0),(545,42,215,1,'HADİM',1,0),(546,42,215,1,'HALKAPINAR',1,0),(547,42,215,1,'HÜYÜK',1,0),(548,42,215,1,'ILGIN',1,0),(549,42,215,1,'KADINHANI',1,0),(550,42,215,1,'KARAPINAR',1,0),(551,42,215,1,'KULU',1,0),(552,42,215,1,'SARAYÖNÜ',1,0),(553,42,215,1,'SEYDİŞEHİR',1,0),(554,42,215,1,'TAŞKENT',1,0),(555,42,215,1,'TUZLUKÇU',1,0),(556,42,215,1,'YALIHÜYÜK',1,0),(557,42,215,1,'YUNAK',1,0),(558,43,215,1,'MERKEZ',1,0),(559,43,215,1,'ALTINTAŞ',1,0),(560,43,215,1,'ASLANAPA',1,0),(561,43,215,1,'ÇAVDARHİSAR',1,0),(562,43,215,1,'DOMANİÇ',1,0),(563,43,215,1,'DUMLUPINAR',1,0),(564,43,215,1,'EMET',1,0),(565,43,215,1,'GEDİZ',1,0),(566,43,215,1,'HİSARCIK',1,0),(567,43,215,1,'PAZARLAR',1,0),(568,43,215,1,'SİMAV',1,0),(569,43,215,1,'ŞAPHANE',1,0),(570,43,215,1,'TAVŞANLI',1,0),(571,44,215,1,'MERKEZ',1,0),(572,44,215,1,'AKÇADAĞ',1,0),(573,44,215,1,'ARAPGİR',1,0),(574,44,215,1,'ARGUVAN',1,0),(575,44,215,1,'BATTALGAZİ',1,0),(576,44,215,1,'DARENDE',1,0),(577,44,215,1,'DOĞANŞEHİR',1,0),(578,44,215,1,'DOĞANYOL',1,0),(579,44,215,1,'HEKİMHAN',1,0),(580,44,215,1,'KALE',1,0),(581,44,215,1,'KULUNCAK',1,0),(582,44,215,1,'PÜTÜRGE',1,0),(583,44,215,1,'YAZIHAN',1,0),(584,44,215,1,'YEŞİLYURT',1,0),(585,45,215,1,'MERKEZ',1,0),(586,45,215,1,'AHMETLİ',1,0),(587,45,215,1,'AKHİSAR',1,0),(588,45,215,1,'ALAŞEHİR',1,0),(589,45,215,1,'DEMİRCİ',1,0),(590,45,215,1,'GÖLMARMARA',1,0),(591,45,215,1,'GÖRDES',1,0),(592,45,215,1,'KIRKAĞAÇ',1,0),(593,45,215,1,'KÖPRÜBAŞI',1,0),(594,45,215,1,'KULA',1,0),(595,45,215,1,'SALİHLİ',1,0),(596,45,215,1,'SARIGÖL',1,0),(597,45,215,1,'SARUHANLI',1,0),(598,45,215,1,'SELENDİ',1,0),(599,45,215,1,'SOMA',1,0),(600,45,215,1,'TURGUTLU',1,0),(601,46,215,1,'MERKEZ',1,0),(602,46,215,1,'AFŞİN',1,0),(603,46,215,1,'ANDIRIN',1,0),(604,46,215,1,'ÇAĞLAYANCERİT',1,0),(605,46,215,1,'EKİNÖZÜ',1,0),(606,46,215,1,'ELBİSTAN',1,0),(607,46,215,1,'GÖKSUN',1,0),(608,46,215,1,'NURHAK',1,0),(609,46,215,1,'PAZARCIK',1,0),(610,46,215,1,'TÜRKOĞLU',1,0),(611,47,215,1,'MERKEZ',1,0),(612,47,215,1,'DARGEÇİT',1,0),(613,47,215,1,'DERİK',1,0),(614,47,215,1,'KIZILTEPE',1,0),(615,47,215,1,'MAZIDAĞI',1,0),(616,47,215,1,'MİDYAT',1,0),(617,47,215,1,'NUSAYBİN',1,0),(618,47,215,1,'ÖMERLİ',1,0),(619,47,215,1,'SAVUR',1,0),(620,47,215,1,'YEŞİLLİ',1,0),(621,48,215,1,'MERKEZ',1,0),(622,48,215,1,'BODRUM',1,0),(623,48,215,1,'DALAMAN',1,0),(624,48,215,1,'DATÇA',1,0),(625,48,215,1,'FETHİYE',1,0),(626,48,215,1,'KAVAKLIDERE',1,0),(627,48,215,1,'KÖYCEĞİZ',1,0),(628,48,215,1,'MARMARİS',1,0),(629,48,215,1,'MİLAS',1,0),(630,48,215,1,'ORTACA',1,0),(631,48,215,1,'ULA',1,0),(632,48,215,1,'YATAĞAN',1,0),(633,49,215,1,'MERKEZ',1,0),(634,49,215,1,'BULANIK',1,0),(635,49,215,1,'HASKÖY',1,0),(636,49,215,1,'KORKUT',1,0),(637,49,215,1,'MALAZGİRT',1,0),(638,49,215,1,'VARTO',1,0),(639,50,215,1,'MERKEZ',1,0),(640,50,215,1,'ACIGÖL',1,0),(641,50,215,1,'AVANOS',1,0),(642,50,215,1,'DERİNKUYU',1,0),(643,50,215,1,'GÜLŞEHİR',1,0),(644,50,215,1,'HACIBEKTAŞ',1,0),(645,50,215,1,'KOZAKLI',1,0),(646,50,215,1,'ÜRGÜP',1,0),(647,51,215,1,'MERKEZ',1,0),(648,51,215,1,'ALTUNHİSAR',1,0),(649,51,215,1,'BOR',1,0),(650,51,215,1,'ÇAMARDI',1,0),(651,51,215,1,'ÇİFTLİK',1,0),(652,51,215,1,'ULUKIŞLA',1,0),(653,52,215,1,'MERKEZ',1,0),(654,52,215,1,'AKKUŞ',1,0),(655,52,215,1,'AYBASTI',1,0),(656,52,215,1,'ÇAMAŞ',1,0),(657,52,215,1,'ÇATALPINAR',1,0),(658,52,215,1,'ÇAYBAŞI',1,0),(659,52,215,1,'FATSA',1,0),(660,52,215,1,'GÖLKÖY',1,0),(661,52,215,1,'GÜLYALI',1,0),(662,52,215,1,'GÜRGENTEPE',1,0),(663,52,215,1,'İKİZCE',1,0),(664,52,215,1,'KABADÜZ',1,0),(665,52,215,1,'KABATAŞ',1,0),(666,52,215,1,'KORGAN',1,0),(667,52,215,1,'KUMRU',1,0),(668,52,215,1,'MESUDİYE',1,0),(669,52,215,1,'PERŞEMBE',1,0),(670,52,215,1,'ULUBEY',1,0),(671,52,215,1,'ÜNYE',1,0),(672,53,215,1,'MERKEZ',1,0),(673,53,215,1,'ARDEŞEN',1,0),(674,53,215,1,'ÇAMLIHEMŞİN',1,0),(675,53,215,1,'ÇAYELİ',1,0),(676,53,215,1,'DEREPAZARI',1,0),(677,53,215,1,'FINDIKLI',1,0),(678,53,215,1,'GÜNEYSU',1,0),(679,53,215,1,'HEMŞİN',1,0),(680,53,215,1,'İKİZDERE',1,0),(681,53,215,1,'İYİDERE',1,0),(682,53,215,1,'KALKANDERE',1,0),(683,53,215,1,'PAZAR',1,0),(684,54,215,1,'MERKEZ',1,0),(685,54,215,1,'FERİZLİ',1,0),(686,54,215,1,'SÖĞÜTLÜ',1,0),(687,54,215,1,'AKYAZI',1,0),(688,54,215,1,'GEYVE',1,0),(689,54,215,1,'HENDEK',1,0),(690,54,215,1,'KARAPÜRÇEK',1,0),(691,54,215,1,'KARASU',1,0),(692,54,215,1,'KAYNARCA',1,0),(693,54,215,1,'KOCAALİ',1,0),(694,54,215,1,'PAMUKOVA',1,0),(695,54,215,1,'SAPANCA',1,0),(696,54,215,1,'TARAKLI',1,0),(697,55,215,1,'MERKEZ',1,0),(698,55,215,1,'ALAÇAM',1,0),(700,55,215,1,'AYVACIK',1,0),(701,55,215,1,'BAFRA',1,0),(702,55,215,1,'ÇARŞAMBA',1,0),(703,55,215,1,'HAVZA',1,0),(704,55,215,1,'KAVAK',1,0),(705,55,215,1,'LADİK',1,0),(706,55,215,1,'ONDOKUZMAYIS',1,0),(707,55,215,1,'SALIPAZARI',1,0),(708,55,215,1,'TEKKEKÖY',1,0),(709,55,215,1,'TERME',1,0),(710,55,215,1,'VEZİRKÖPRÜ',1,0),(711,55,215,1,'YAKAKENT',1,0),(712,56,215,1,'MERKEZ',1,0),(713,56,215,1,'AYDINLAR',1,0),(714,56,215,1,'BAYKAN',1,0),(715,56,215,1,'ERUH',1,0),(716,56,215,1,'KURTALAN',1,0),(717,56,215,1,'PERVARİ',1,0),(718,56,215,1,'ŞİRVAN',1,0),(719,57,215,1,'MERKEZ',1,0),(720,57,215,1,'AYANCIK',1,0),(721,57,215,1,'BOYABAT',1,0),(722,57,215,1,'DİKMEN',1,0),(723,57,215,1,'DURAĞAN',1,0),(724,57,215,1,'ERFELEK',1,0),(725,57,215,1,'GERZE',1,0),(726,57,215,1,'SARAYDÜZÜ',1,0),(727,57,215,1,'TÜRKELİ',1,0),(728,58,215,1,'MERKEZ',1,0),(729,58,215,1,'AKINCILAR',1,0),(730,58,215,1,'ALTINYAYLA',1,0),(731,58,215,1,'DİVRİĞİ',1,0),(732,58,215,1,'DOĞANŞAR',1,0),(733,58,215,1,'GEMEREK',1,0),(734,58,215,1,'GÖLOVA',1,0),(735,58,215,1,'GÜRÜN',1,0),(736,58,215,1,'HAFİK',1,0),(737,58,215,1,'İMRANLI',1,0),(738,58,215,1,'KANGAL',1,0),(739,58,215,1,'KOYULHİSAR',1,0),(740,58,215,1,'SUŞEHRİ',1,0),(741,58,215,1,'ŞARKIŞLA',1,0),(742,58,215,1,'ULAŞ',1,0),(743,58,215,1,'YILDIZELİ',1,0),(744,58,215,1,'ZARA',1,0),(745,59,215,1,'MERKEZ',1,0),(746,59,215,1,'ÇERKEZKÖY',1,0),(747,59,215,1,'ÇORLU',1,0),(748,59,215,1,'HAYRABOLU',1,0),(749,59,215,1,'MALKARA',1,0),(750,59,215,1,'MARMARAEREĞLİSİ',1,0),(751,59,215,1,'MURATLI',1,0),(752,59,215,1,'SARAY',1,0),(753,59,215,1,'ŞARKÖY',1,0),(754,60,215,1,'MERKEZ',1,0),(755,60,215,1,'ALMUS',1,0),(756,60,215,1,'ARTOVA',1,0),(757,60,215,1,'BAŞÇİFTLİK',1,0),(758,60,215,1,'ERBAA',1,0),(759,60,215,1,'NİKSAR',1,0),(760,60,215,1,'PAZAR',1,0),(761,60,215,1,'REŞADİYE',1,0),(762,60,215,1,'SULUSARAY',1,0),(763,60,215,1,'TURHAL',1,0),(764,60,215,1,'YEŞİLYURT',1,0),(765,60,215,1,'ZİLE',1,0),(766,61,215,1,'MERKEZ',1,0),(767,61,215,1,'AKÇAABAT',1,0),(768,61,215,1,'ARAKLI',1,0),(769,61,215,1,'ARSİN',1,0),(770,61,215,1,'BEŞİKDÜZÜ',1,0),(771,61,215,1,'ÇARŞIBAŞI',1,0),(772,61,215,1,'ÇAYKARA',1,0),(773,61,215,1,'DERNEKPAZARI',1,0),(774,61,215,1,'DÜZKÖY',1,0),(775,61,215,1,'HAYRAT',1,0),(776,61,215,1,'KÖPRÜBAŞI',1,0),(777,61,215,1,'MAÇKA',1,0),(778,61,215,1,'OF',1,0),(779,61,215,1,'SÜRMENE',1,0),(780,61,215,1,'ŞALPAZARI',1,0),(781,61,215,1,'TONYA',1,0),(782,61,215,1,'VAKFIKEBİR',1,0),(783,61,215,1,'YOMRA',1,0),(784,62,215,1,'MERKEZ',1,0),(785,62,215,1,'ÇEMİŞGEZEK',1,0),(786,62,215,1,'HOZAT',1,0),(787,62,215,1,'MAZGİRT',1,0),(788,62,215,1,'NAZIMİYE',1,0),(789,62,215,1,'OVACIK',1,0),(790,62,215,1,'PERTEK',1,0),(791,62,215,1,'PÜLÜMÜR',1,0),(792,63,215,1,'MERKEZ',1,0),(793,63,215,1,'AKÇAKALE',1,0),(794,63,215,1,'BİRECİK',1,0),(795,63,215,1,'BOZOVA',1,0),(796,63,215,1,'CEYLANPINAR',1,0),(797,63,215,1,'HALFETİ',1,0),(798,63,215,1,'HARRAN',1,0),(799,63,215,1,'HİLVAN',1,0),(800,63,215,1,'SİVEREK',1,0),(801,63,215,1,'SURUÇ',1,0),(802,63,215,1,'VİRANŞEHİR',1,0),(803,64,215,1,'MERKEZ',1,0),(804,64,215,1,'BANAZ',1,0),(805,64,215,1,'EŞME',1,0),(806,64,215,1,'KARAHALLI',1,0),(807,64,215,1,'SİVASLI',1,0),(808,64,215,1,'ULUBEY',1,0),(809,65,215,1,'MERKEZ',1,0),(810,65,215,1,'BAHÇESARAY',1,0),(811,65,215,1,'BAŞKALE',1,0),(812,65,215,1,'ÇALDIRAN',1,0),(813,65,215,1,'ÇATAK',1,0),(814,65,215,1,'EDREMİT',1,0),(815,65,215,1,'ERCİŞ',1,0),(816,65,215,1,'GEVAŞ',1,0),(817,65,215,1,'GÜRPINAR',1,0),(818,65,215,1,'MURADİYE',1,0),(819,65,215,1,'ÖZALP',1,0),(820,65,215,1,'SARAY',1,0),(821,66,215,1,'MERKEZ',1,0),(822,66,215,1,'AKDAĞMADENİ',1,0),(823,66,215,1,'AYDINCIK',1,0),(824,66,215,1,'BOĞAZLIYAN',1,0),(825,66,215,1,'ÇANDIR',1,0),(826,66,215,1,'ÇAYIRALAN',1,0),(827,66,215,1,'ÇEKEREK',1,0),(828,66,215,1,'KADIŞEHRİ',1,0),(829,66,215,1,'SARAYKENT',1,0),(830,66,215,1,'SARIKAYA',1,0),(831,66,215,1,'SORGUN',1,0),(832,66,215,1,'ŞEFAATLİ',1,0),(833,66,215,1,'YENİFAKILI',1,0),(834,66,215,1,'YERKÖY',1,0),(835,67,215,1,'MERKEZ',1,0),(836,67,215,1,'ALAPLI',1,0),(837,67,215,1,'ÇAYCUMA',1,0),(838,67,215,1,'DEVREK',1,0),(839,67,215,1,'EREĞLİ',1,0),(840,67,215,1,'GÖKÇEBEY',1,0),(841,68,215,1,'MERKEZ',1,0),(842,68,215,1,'AĞAÇÖREN',1,0),(843,68,215,1,'ESKİL',1,0),(844,68,215,1,'GÜLAĞAÇ',1,0),(845,68,215,1,'GÜZELYURT',1,0),(846,68,215,1,'ORTAKÖY',1,0),(847,68,215,1,'SARIYAHŞİ',1,0),(848,69,215,1,'MERKEZ',1,0),(849,69,215,1,'AYDINTEPE',1,0),(850,69,215,1,'DEMİRÖZÜ',1,0),(851,70,215,1,'MERKEZ',1,0),(852,70,215,1,'AYRANCI',1,0),(853,70,215,1,'BAŞYAYLA',1,0),(854,70,215,1,'ERMENEK',1,0),(855,70,215,1,'KAZIMKARABEKİR',1,0),(856,70,215,1,'SARIVELİLER',1,0),(857,71,215,1,'MERKEZ',1,0),(858,71,215,1,'BAHŞİLİ',1,0),(859,71,215,1,'BALIŞEYH',1,0),(860,71,215,1,'ÇELEBİ',1,0),(861,71,215,1,'DELİCE',1,0),(862,71,215,1,'KARAKEÇİLİ',1,0),(863,71,215,1,'KESKİN',1,0),(864,71,215,1,'SULAKYURT',1,0),(865,71,215,1,'YAHŞİHAN',1,0),(866,72,215,1,'MERKEZ',1,0),(867,72,215,1,'BEŞİRİ',1,0),(868,72,215,1,'GERCÜŞ',1,0),(869,72,215,1,'HASANKEYF',1,0),(870,72,215,1,'KOZLUK',1,0),(871,72,215,1,'SASON',1,0),(872,73,215,1,'MERKEZ',1,0),(873,73,215,1,'BEYTÜŞŞEBAP',1,0),(874,73,215,1,'CİZRE',1,0),(875,73,215,1,'GÜÇLÜKONAK',1,0),(876,73,215,1,'İDİL',1,0),(877,73,215,1,'SİLOPİ',1,0),(878,73,215,1,'ULUDERE',1,0),(879,74,215,1,'MERKEZ',1,0),(880,74,215,1,'AMASRA',1,0),(881,74,215,1,'KURUCAŞİLE',1,0),(882,74,215,1,'ULUS',1,0),(883,75,215,1,'MERKEZ',1,0),(884,75,215,1,'ÇILDIR',1,0),(885,75,215,1,'DAMAL',1,0),(886,75,215,1,'GÖLE',1,0),(887,75,215,1,'HANAK',1,0),(888,75,215,1,'POSOF',1,0),(889,76,215,1,'MERKEZ',1,0),(890,76,215,1,'ARALIK',1,0),(891,76,215,1,'KARAKOYUNLU',1,0),(892,76,215,1,'TUZLUCA',1,0),(893,77,215,1,'MERKEZ',1,0),(894,77,215,1,'ALTINOVA',1,0),(895,77,215,1,'ARMUTLU',1,0),(896,77,215,1,'ÇINARCIK',1,0),(897,77,215,1,'ÇİFTLİKKÖY',1,0),(898,77,215,1,'TERMAL',1,0),(899,78,215,1,'MERKEZ',1,0),(900,78,215,1,'EFLANİ',1,0),(901,78,215,1,'ESKİPAZAR',1,0),(902,78,215,1,'OVACIK',1,0),(903,78,215,1,'SAFRANBOLU',1,0),(904,78,215,1,'YENİCE',1,0),(905,79,215,1,'MERKEZ',1,0),(906,79,215,1,'ELBEYLİ',1,0),(907,79,215,1,'MUSABEYLİ',1,0),(908,79,215,1,'POLATELİ',1,0),(909,80,215,1,'MERKEZ',1,0),(910,80,215,1,'BAHÇE',1,0),(911,80,215,1,'DÜZİÇİ',1,0),(912,80,215,1,'HASANBEYLİ',1,0),(913,80,215,1,'KADİRLİ',1,0),(914,80,215,1,'SUMBAS',1,0),(915,80,215,1,'TOPRAKKALE',1,0),(916,81,215,1,'MERKEZ',1,0),(917,81,215,1,'AKÇAKOCA',1,0),(918,81,215,1,'CUMAYERİ',1,0),(919,81,215,1,'ÇİLİMLİ',1,0),(920,81,215,1,'GÖLYAKA',1,0),(921,81,215,1,'GÜMÜŞOVA',1,0),(922,81,215,1,'KAYNAŞLI',1,0),(923,81,215,1,'YIĞILCA',1,0),(928,7,215,1,'MURATPAŞA',1,0),(929,21,215,1,'BAĞLAR',1,0),(930,7,215,1,'KEPEZ',1,0),(931,7,215,1,'KONYAALTI',1,0),(932,21,215,1,'KAYAPINAR',1,0),(933,21,215,1,'SUR',1,0),(935,1,215,1,'SARIÇAM',1,0),(936,1,215,1,'ÇUKUROVA',1,0),(937,6,215,1,'PURSAKLAR',1,0),(938,7,215,1,'AKSU',1,0),(939,7,215,1,'DÖŞEMEALTI',1,0),(940,21,215,1,'YENİŞEHİR',1,0),(941,25,215,1,'PALANDÖKEN',1,0),(942,25,215,1,'YAKUTİYE',1,0),(943,26,215,1,'ODUNPAZARI',1,0),(944,26,215,1,'TEPEBAŞI',1,0),(945,34,215,1,'ARNAVUTKÖY',1,0),(946,34,215,1,'ATAŞEHİR',1,0),(947,34,215,1,'BAŞAKŞEHİR',1,0),(948,34,215,1,'BEYLİKDÜZÜ',1,0),(949,34,215,1,'ÇEKMEKÖY',1,0),(950,34,215,1,'ESENYURT',1,0),(951,34,215,1,'SANCAKTEPE',1,0),(952,34,215,1,'SULTANGAZİ',1,0),(953,35,215,1,'BAYRAKLI',1,0),(954,35,215,1,'KARABAĞLAR',1,0),(955,41,215,1,'BAŞİSKELE',1,0),(956,41,215,1,'ÇAYIROVA',1,0),(957,41,215,1,'DARICA',1,0),(958,41,215,1,'DİLOVASI',1,0),(959,41,215,1,'İZMİT',1,0),(960,41,215,1,'KARTEPE',1,0),(961,33,215,1,'AKDENİZ',1,0),(962,33,215,1,'MEZİTLİ',1,0),(963,33,215,1,'TOROSLAR',1,0),(964,33,215,1,'YENİŞEHİR',1,0),(965,55,215,1,'ATAKUM',1,0),(966,55,215,1,'CANİK',1,0),(967,55,215,1,'İLKADIM',1,0),(968,54,215,1,'ADAPAZARI',1,0),(969,54,215,1,'ARİFİYE',1,0),(970,54,215,1,'ERENLER',1,0),(971,54,215,1,'SERDİVAN',1,0),(1939,55,215,1,'Asarcık',1,0),(1940,65,215,1,'İPEKYOLU',1,0),(1941,31,215,1,'ANTAKYA',1,0),(1942,59,215,1,'KAPAKLI',1,0),(1943,9,215,1,'EFELER',1,0),(1944,85,215,1,'MERKEZ',1,0),(1945,63,215,1,'HALİLİYE ',1,0),(1946,85,215,1,'PAMUKKALE',1,0),(1947,48,215,1,'SEYDİKEMER',1,0),(1949,17,215,1,'KEPEZ',1,0),(1950,31,215,1,'defne',1,0),(1951,31,215,1,'DEFNE',1,0),(1952,27,215,1,'GAZİKANT',1,0),(1953,31,215,1,'PAYAS',1,0),(1954,47,215,1,'ARTUKLU ',1,0),(1955,34,215,1,'ÜMRANİYE',1,0),(1956,48,215,1,'MARMARİS',1,0),(1957,46,215,1,'DULKADİROĞLU',1,0),(1958,33,215,1,'KAZANLI',0,0),(1959,35,215,1,'TORBALI',1,0),(1960,85,215,1,'KALE',0,0),(1963,0,0,1,'',0,0),(1964,85,215,1,'BEKİLLİ',1,0),(1965,34,215,1,'İKİTELLİ',1,0),(1966,63,215,1,'KARAKÖPRÜ',0,0),(1967,61,215,1,'ORTAHİSAR',0,0),(1968,10,215,1,'6 EYLÜL',0,0),(1969,6,215,1,'YENİKENT',1,0),(1970,85,215,1,'MERKEZ EFENDİ',1,0),(1971,85,215,1,'SERİNHİSAR',1,0),(1972,31,215,1,'ARSUZ',1,0),(1973,10,215,1,'KARESİ',1,0),(1974,45,215,1,'YUNUSEMRE ',1,0),(1975,6,215,1,'BATIKENT',1,0),(1976,45,215,1,'ŞEHZADELER',1,0),(1977,52,215,1,'ALTINORDU',1,0),(1978,27,215,1,'KARŞIYAKA',0,0),(1979,7,215,1,'KAŞ',1,0),(1980,63,215,1,'BİRECİK',1,0),(1981,59,215,1,'SÜLEYMANPAŞA',0,0),(1982,61,215,1,'ÇUKURÇAYIR',0,0),(1983,53,215,1,'MERKEZ ',1,0),(1984,16,215,1,'YILDIRIM',0,0),(1985,85,215,1,'GÜNEY',0,0),(1986,63,215,1,'EYYUBİYE ',1,0),(1987,85,215,1,'ACIPAYAM',1,0),(1988,10,215,1,'ERDEMİT',1,0),(1989,67,215,1,'KİLİMLİ',1,0),(1990,85,215,1,'SARAYKÖY',1,0),(1991,59,215,1,'ERGENE',1,0),(1992,6,215,1,'DEMETEVLER ',1,0),(1993,59,215,1,'ERGENE',0,0),(1994,65,215,1,'TUŞBA',0,0),(1995,56,215,1,'TİLLO',1,0),(1996,55,215,1,'19 MAYIS',1,0),(1997,61,215,1,'BEŞİRLİ',0,0),(1998,35,215,1,'ÇAMDİBİ',0,0),(1999,49,215,1,'HASKÖY',0,0),(2000,61,215,1,'MERKEZ',1,0),(2001,35,215,1,'ŞİRİNYER',1,0),(2002,77,215,1,'TAŞKÖPRÜ',1,0),(2003,23,215,1,'PALU',1,0),(2004,86,2,1,'sadasd',1,0);

--
-- Table structure for table `event_pages`
--

CREATE TABLE `event_pages` (
  `id` int NOT NULL AUTO_INCREMENT,
  `presenter` varchar(75) NOT NULL,
  `action` varchar(75) NOT NULL,
  `name` varchar(100) NOT NULL,
  `color` varchar(50) DEFAULT NULL,
  `table` varchar(150) DEFAULT NULL,
  PRIMARY KEY (`id`)
) ENGINE=InnoDB AUTO_INCREMENT=9 DEFAULT CHARSET=utf8mb3;

--
-- Dumping data for table `event_pages`
--

INSERT INTO `event_pages` VALUES (1,'Product','saveProduct','Ürün Kaydet','text-success','product_list'),(2,'Product','ajaxProductDelete','Ürün Sil','text-danger','product_list'),(3,'DomainHost','createComponentDomainForm','Domain Eklendi','text-success','domains'),(4,'DomainHost','createComponentHostForm','Hosting Eklendi','text-success','hosts'),(5,'DomainHost','editComponentDomainForm','Domain Düzenlendi','text-warning','domains'),(6,'DomainHost','ajaxHostingDelete','Hosting Silindi','text-danger','hosts'),(7,'DomainHost','editComponentHostForm','Hosting Düzenlendi','text-warning','hosts'),(8,'DomainHost','ajaxDomainDelete','Domain Silindi','text-danger','domains');

--
-- Table structure for table `events`
--

CREATE TABLE `events` (
  `id` int NOT NULL AUTO_INCREMENT,
  `name` varchar(200) NOT NULL,
  `model` varchar(50) NOT NULL,
  `presenter` varchar(75) NOT NULL,
  `action` varchar(100) NOT NULL,
  `user_id` int NOT NULL,
  `customer_id` int NOT NULL,
  `page_id` int DEFAULT NULL,
  `insert_date` datetime NOT NULL DEFAULT CURRENT_TIMESTAMP,
  `event_pages_id` int DEFAULT NULL,
  `title` varchar(250) DEFAULT NULL,
  PRIMARY KEY (`id`),
  KEY `events_event_pages_id_fk` (`event_pages_id`),
  CONSTRAINT `events_event_pages_id_fk` FOREIGN KEY (`event_pages_id`) REFERENCES `event_pages` (`id`)
) ENGINE=InnoDB AUTO_INCREMENT=197 DEFAULT CHARSET=utf8mb3;

--
-- Dumping data for table `events`
--

INSERT INTO `events` VALUES (1,'','Backend','Product','newProduct',1,0,NULL,'2021-04-17 15:18:56',NULL,NULL),(2,'','Backend','Product','saveProduct',1,0,0,'2021-04-17 15:22:41',NULL,NULL),(3,'','Backend','Product','saveProduct',1,0,7,'2021-04-17 15:23:11',NULL,NULL),(4,'','Backend','Product','saveProduct',1,0,7,'2021-04-17 15:23:57',NULL,NULL),(5,'','Backend','Product','saveProduct',1,0,7,'2021-04-17 15:28:28',NULL,NULL),(6,'','Backend','Product','saveProduct',1,0,7,'2021-04-17 15:29:41',NULL,NULL),(7,'','Backend','Product','saveProduct',1,0,7,'2021-04-17 15:29:50',NULL,NULL),(8,'','Backend','Product','saveProduct',1,0,7,'2021-04-17 15:32:39',NULL,NULL),(9,'','Backend','Product','saveProduct',1,0,7,'2021-04-17 15:32:50',NULL,NULL),(10,'','Backend','Product','saveProduct',1,0,7,'2021-04-17 15:33:10',NULL,NULL),(11,'','Backend','Product','saveProduct',1,0,7,'2021-04-17 15:33:58',NULL,NULL),(12,'','Backend','Product','saveProduct',1,0,7,'2021-04-17 15:34:40',NULL,NULL),(13,'','Backend','Product','saveProduct',1,0,7,'2021-04-17 15:35:21',NULL,NULL),(14,'','Backend','Product','ajaxProductDelete',1,0,5,'2021-04-17 15:36:25',NULL,NULL),(15,'','Backend','Product','ajaxProductDelete',1,0,6,'2021-04-17 15:40:57',NULL,NULL),(16,'','Backend','Product','saveProduct',1,0,8,'2021-04-17 15:44:49',NULL,NULL),(17,'','Backend','Product','saveProduct',1,0,8,'2021-04-17 15:44:57',NULL,NULL),(18,'','Backend','Product','saveProduct',1,0,8,'2021-04-17 15:53:01',NULL,NULL),(19,'','Backend','Product','ajaxProductDelete',1,0,7,'2021-04-17 15:53:09',NULL,NULL),(20,'','Backend','Product','ajaxProductDelete',1,0,7,'2021-04-17 16:00:31',NULL,NULL),(21,'','Backend','Product','saveProduct',1,0,8,'2021-04-21 13:54:18',NULL,NULL),(22,'','Backend','Product','saveProduct',1,0,0,'2021-05-29 13:12:52',NULL,NULL),(23,'','Backend','Product','ajaxProductDelete',1,0,9,'2021-05-29 13:12:59',NULL,NULL),(24,'','Backend','Product','saveProduct',1,0,8,'2021-06-17 13:57:55',NULL,NULL),(25,'','Backend','Product','saveProduct',1,0,10,'2021-06-19 16:52:41',NULL,NULL),(26,'','Backend','Product','saveProduct',1,0,11,'2021-06-19 16:53:32',NULL,NULL),(27,'','Backend','Product','saveProduct',1,0,11,'2021-06-19 16:53:57',NULL,NULL),(28,'','Backend','Product','saveProduct',1,0,10,'2021-06-19 16:54:03',NULL,NULL),(29,'','Backend','Product','saveProduct',1,0,11,'2021-06-19 21:00:00',NULL,NULL),(30,'','Backend','Product','saveProduct',1,0,11,'2021-06-19 21:00:01',NULL,NULL),(31,'','Backend','Product','saveProduct',1,0,11,'2021-06-19 21:01:07',NULL,NULL),(32,'','Backend','Product','saveProduct',1,0,11,'2021-06-19 21:06:13',NULL,NULL),(33,'','Backend','Product','saveProduct',1,0,11,'2021-06-19 21:07:03',NULL,NULL),(34,'','Backend','Product','saveProduct',1,0,11,'2021-06-19 21:07:17',NULL,NULL),(35,'','Backend','Product','saveProduct',1,0,11,'2021-06-21 01:32:32',NULL,NULL),(36,'','Backend','Product','saveProduct',1,0,10,'2021-06-21 02:25:59',NULL,NULL),(37,'','Backend','Product','saveProduct',1,0,11,'2021-06-24 01:59:02',NULL,NULL),(38,'','Backend','Product','saveProduct',1,0,10,'2021-06-24 01:59:29',NULL,NULL),(39,'','Backend','Product','saveProduct',1,0,8,'2021-06-24 02:00:50',NULL,NULL),(40,'','Backend','Product','saveProduct',1,0,7,'2021-06-24 02:02:35',NULL,NULL),(41,'','Backend','Product','saveProduct',1,0,11,'2021-06-25 03:05:33',NULL,NULL),(42,'','Backend','Product','saveProduct',1,0,10,'2021-06-25 03:06:11',NULL,NULL),(43,'','Backend','Product','saveProduct',1,0,10,'2021-06-25 18:25:17',NULL,NULL),(44,'','Backend','Product','ajaxProductDelete',1,0,12,'2021-07-30 13:47:19',NULL,NULL),(45,'','Backend','Product','saveProduct',1,0,0,'2021-07-30 15:03:44',NULL,NULL),(46,'','Backend','Product','saveProduct',1,0,14,'2023-01-10 15:54:56',NULL,NULL),(47,'','Backend','Product','saveProduct',1,0,14,'2023-01-10 15:55:17',NULL,NULL),(48,'','Backend','Product','saveProduct',1,0,0,'2023-01-10 16:17:43',NULL,NULL),(49,'','Backend','Product','saveProduct',1,0,0,'2023-01-11 09:55:39',NULL,NULL),(50,'','Backend','Product','saveProduct',1,0,0,'2023-01-11 10:07:27',NULL,NULL),(51,'','Backend','Product','saveProduct',1,0,0,'2023-01-11 12:26:31',NULL,NULL),(52,'','Backend','Product','saveProduct',1,0,0,'2023-01-11 12:27:42',NULL,NULL),(53,'','Backend','Product','saveProduct',1,0,19,'2023-01-11 13:02:42',NULL,NULL),(54,'','Backend','Product','saveProduct',1,0,19,'2023-01-11 13:10:38',NULL,NULL),(55,'','Backend','Product','saveProduct',1,0,19,'2023-01-11 13:53:32',NULL,NULL),(56,'','Backend','Product','saveProduct',1,0,19,'2023-01-11 13:54:20',NULL,NULL),(57,'','Backend','Product','ajaxProductDelete',1,0,18,'2023-01-11 13:54:28',NULL,NULL),(58,'','Backend','Product','ajaxProductDelete',1,0,17,'2023-01-11 13:54:47',NULL,NULL),(59,'','Backend','Product','ajaxProductDelete',1,0,16,'2023-01-11 13:56:31',NULL,NULL),(60,'','Backend','Product','saveProduct',1,0,19,'2023-01-11 14:03:35',NULL,NULL),(61,'','Backend','Product','saveProduct',1,0,19,'2023-01-11 14:13:12',NULL,NULL),(62,'','Backend','Product','saveProduct',1,0,19,'2023-01-11 14:14:05',NULL,NULL),(63,'','Backend','Product','saveProduct',1,0,19,'2023-01-11 14:29:45',NULL,NULL),(64,'','Backend','Product','saveProduct',1,0,15,'2023-01-11 14:32:27',NULL,NULL),(65,'','Backend','Product','saveProduct',1,0,15,'2023-01-11 14:34:22',NULL,NULL),(66,'','Backend','Product','saveProduct',1,0,15,'2023-01-11 14:36:00',NULL,NULL),(67,'','Backend','Product','saveProduct',1,0,15,'2023-01-11 14:36:16',NULL,NULL),(68,'','Backend','Product','saveProduct',1,0,15,'2023-01-11 14:36:36',NULL,NULL),(69,'','Backend','Product','saveProduct',1,0,15,'2023-01-11 14:37:41',NULL,NULL),(70,'','Backend','Product','saveProduct',1,0,15,'2023-01-11 14:44:00',NULL,NULL),(71,'','Backend','Product','saveProduct',1,0,15,'2023-01-11 14:50:29',NULL,NULL),(72,'','Backend','Product','saveProduct',1,0,14,'2023-01-11 14:52:59',NULL,NULL),(73,'','Backend','Product','saveProduct',1,0,10,'2023-01-11 14:53:34',NULL,NULL),(74,'','Backend','Product','saveProduct',1,0,8,'2023-01-11 14:54:16',NULL,NULL),(75,'','Backend','Product','saveProduct',1,0,15,'2023-01-11 14:55:42',NULL,NULL),(76,'','Backend','Product','saveProduct',1,0,0,'2023-01-11 15:14:56',NULL,NULL),(77,'','Backend','Product','saveProduct',1,0,20,'2023-01-11 15:16:32',NULL,NULL),(78,'','Backend','Product','saveProduct',1,0,15,'2023-01-11 15:20:27',NULL,NULL),(79,'','Backend','Product','saveProduct',1,0,20,'2023-01-11 16:04:09',NULL,NULL),(80,'','Backend','Product','saveProduct',1,0,20,'2023-01-12 08:42:18',NULL,NULL),(81,'','Backend','Product','saveProduct',1,0,20,'2023-01-12 08:55:45',NULL,NULL),(82,'','Backend','Product','saveProduct',1,0,20,'2023-01-12 09:21:02',NULL,NULL),(83,'','Backend','Product','saveProduct',0,0,20,'2023-01-12 15:33:23',NULL,NULL),(84,'','Backend','Product','saveProduct',1,0,20,'2023-01-12 15:33:35',NULL,NULL),(85,'','Backend','Product','saveProduct',1,0,20,'2023-01-12 15:36:52',NULL,NULL),(86,'','Backend','Product','saveProduct',1,0,20,'2023-01-12 15:37:53',NULL,NULL),(87,'','Backend','Product','saveProduct',1,0,20,'2023-01-12 15:39:55',NULL,NULL),(88,'','Backend','Product','saveProduct',1,0,20,'2023-01-12 15:40:46',NULL,NULL),(89,'','Backend','Product','saveProduct',1,0,20,'2023-01-12 15:53:46',NULL,NULL),(90,'','Backend','Product','saveProduct',1,0,20,'2023-01-12 16:10:39',NULL,NULL),(91,'','Backend','Product','saveProduct',1,0,20,'2023-01-12 16:14:01',NULL,NULL),(92,'','Backend','Product','saveProduct',1,0,15,'2023-01-12 16:14:28',NULL,NULL),(93,'','Backend','Product','saveProduct',1,0,15,'2023-01-12 16:16:30',NULL,NULL),(94,'','Backend','Product','saveProduct',1,0,15,'2023-01-13 08:20:31',NULL,NULL),(95,'','Backend','Product','saveProduct',1,0,15,'2023-01-13 08:21:17',NULL,NULL),(96,'','Backend','Product','saveProduct',1,0,15,'2023-01-13 08:22:08',NULL,NULL),(97,'','Backend','Product','saveProduct',1,0,15,'2023-01-13 08:23:56',NULL,NULL),(98,'','Backend','Product','saveProduct',1,0,15,'2023-01-13 08:27:54',NULL,NULL),(99,'','Backend','Product','saveProduct',1,0,20,'2023-01-13 11:55:22',NULL,NULL),(100,'','Backend','Product','saveProduct',1,0,20,'2023-01-13 11:57:23',NULL,NULL),(101,'','Backend','Product','saveProduct',1,0,20,'2023-01-13 11:58:37',NULL,NULL),(102,'','Backend','Product','saveProduct',1,0,20,'2023-01-13 11:59:42',NULL,NULL),(103,'','Backend','Product','saveProduct',1,0,20,'2023-01-13 12:01:41',NULL,NULL),(104,'','Backend','Product','saveProduct',1,0,20,'2023-01-18 09:39:16',NULL,NULL),(105,'','Backend','Product','saveProduct',1,0,0,'2023-01-18 11:05:49',NULL,NULL),(106,'','Backend','Product','saveProduct',1,0,0,'2023-01-18 11:57:10',NULL,NULL),(107,'','Backend','Product','saveProduct',1,0,0,'2023-01-19 13:30:56',NULL,NULL),(108,'','Backend','Product','saveProduct',1,0,23,'2023-01-19 13:31:17',NULL,NULL),(109,'','Backend','Product','saveProduct',1,0,23,'2023-01-19 13:31:47',NULL,NULL),(110,'','Backend','Product','saveProduct',1,0,0,'2023-01-19 13:51:46',NULL,NULL),(111,'','Backend','Product','saveProduct',1,0,24,'2023-01-19 13:52:10',NULL,NULL),(112,'','Backend','Product','saveProduct',1,0,23,'2023-01-19 13:52:24',NULL,NULL),(113,'','Backend','Product','saveProduct',1,0,24,'2023-01-19 13:54:16',NULL,NULL),(114,'','Backend','Product','saveProduct',1,0,24,'2023-01-19 13:55:25',NULL,NULL),(115,'','Backend','Product','saveProduct',1,0,24,'2023-01-19 13:57:04',NULL,NULL),(116,'','Backend','Product','saveProduct',1,0,24,'2023-01-19 13:57:41',NULL,NULL),(117,'','Backend','Product','saveProduct',1,0,24,'2023-01-19 13:58:04',NULL,NULL),(118,'','Backend','Product','saveProduct',1,0,24,'2023-01-19 13:59:30',NULL,NULL),(119,'','Backend','Product','ajaxProductDelete',1,0,21,'2023-01-19 14:27:18',NULL,NULL),(120,'','Backend','Product','saveProduct',1,0,23,'2023-02-06 10:26:11',NULL,NULL),(121,'','Backend','Product','ajaxProductDelete',1,0,25,'2023-02-10 11:05:24',NULL,NULL),(122,'','Backend','Product','ajaxProductDelete',1,0,26,'2023-02-10 11:05:40',NULL,NULL),(123,'','Backend','Product','ajaxProductDelete',1,0,27,'2023-02-10 11:06:00',NULL,NULL),(124,'','Backend','Product','saveProduct',1,0,24,'2023-02-10 16:56:34',NULL,NULL),(125,'','Backend','Product','saveProduct',1,0,24,'2023-02-10 16:56:48',NULL,NULL),(126,'','Backend','Product','saveProduct',1,0,24,'2023-02-10 16:56:49',NULL,NULL),(127,'','Backend','Product','saveProduct',1,0,24,'2023-02-10 16:56:59',NULL,NULL),(128,'','Backend','domainhost','createComponentHostForm',1,0,NULL,'2024-06-17 08:14:22',4,NULL),(129,'','Backend','domainhost','createComponentHostForm',1,0,NULL,'2024-06-17 08:51:21',4,'<b>Sineklik</b> isimli hosting eklendi.'),(130,'','Backend','domainhost','createComponentHostForm',1,0,NULL,'2024-06-17 10:31:01',4,'<b>Sineklik</b> isimli hosting eklendi.'),(131,'','Backend','domainhost','createComponentDomainForm',1,0,NULL,'2024-06-17 11:35:46',3,'<b>Günlük Bakım</b> isimli domain eklendi.'),(132,'','Backend','domainhost','createComponentDomainForm',1,0,NULL,'2024-06-17 12:18:14',3,'<b>Mesut Bakioğlu</b> isimli domain eklendi.'),(133,'','Backend','domainhost','createComponentDomainForm',1,0,NULL,'2024-06-17 12:43:20',3,'<b>namesunucu.com</b> isimli domain eklendi.'),(134,'','Backend','domainhost','editComponentDomainForm',1,0,7,'2024-06-17 14:30:46',5,'<b>namesunucu.com</b> isimli domain düzenlendi.'),(135,'','Backend','domainhost','editComponentDomainForm',1,0,7,'2024-06-17 14:30:56',5,'<b>namesunucu.com</b> isimli domain düzenlendi.'),(136,'','Backend','domainhost','editComponentDomainForm',1,0,7,'2024-06-17 14:31:43',5,'<b>namesunucu.com</b> isimli domain düzenlendi.'),(137,'','Backend','domainhost','editComponentDomainForm',1,0,7,'2024-06-17 14:33:14',5,'<b>namesunucu.com</b> isimli domain düzenlendi.'),(138,'','Backend','domainhost','editComponentDomainForm',1,0,7,'2024-06-17 14:33:22',5,'<b>namesunucu.com</b> isimli domain düzenlendi.'),(139,'','Backend','domainhost','editComponentDomainForm',1,0,7,'2024-06-17 14:33:44',5,'<b>namesunucu.com</b> isimli domain düzenlendi.'),(140,'','Backend','domainhost','createComponentHostForm',1,0,1,'2024-06-17 16:29:11',4,'<b>Günlük Bakım</b> isimli hosting düzenlendi.'),(141,'','Backend','domainhost','ajaxHostingDelete',1,0,3,'2024-06-18 10:02:44',6,NULL),(142,'','Backend','domainhost','editComponentHostForm',1,0,4,'2024-06-18 10:06:02',7,'<b>Sineklik</b> isimli hosting düzenlendi.'),(143,'','Backend','domainhost','createComponentDomainForm',1,0,NULL,'2024-06-18 10:11:05',3,'<b>ardavillas.com</b> isimli domain eklendi.'),(144,'','Backend','domainhost','createComponentDomainForm',1,0,NULL,'2024-06-18 10:13:43',3,'<b>evimev.com</b> isimli domain eklendi.'),(145,'','Backend','domainhost','editComponentDomainForm',1,0,7,'2024-06-18 11:04:45',5,'<b>namesunucu.com</b> isimli domain düzenlendi.'),(146,'','Backend','domainhost','editComponentDomainForm',1,0,11,'2024-06-18 11:06:27',5,'<b>ardavillas.com</b> isimli domain düzenlendi.'),(147,'','Backend','domainhost','editComponentDomainForm',1,0,12,'2024-06-18 11:06:38',5,'<b>evimev.com</b> isimli domain düzenlendi.'),(148,'','Backend','domainhost','createComponentDomainForm',1,0,NULL,'2024-06-18 11:10:24',3,'<b>opencart-destek.com</b> isimli domain eklendi.'),(149,'','Backend','domainhost','editComponentDomainForm',1,0,7,'2024-06-18 11:26:35',5,'<b>namesunucu.com</b> isimli domain düzenlendi.'),(150,'','Backend','domainhost','editComponentDomainForm',1,0,7,'2024-06-18 11:26:43',5,'<b>namesunucu.com</b> isimli domain düzenlendi.'),(151,'','Backend','domainhost','editComponentDomainForm',1,0,11,'2024-06-18 11:26:51',5,'<b>ardavillas.com</b> isimli domain düzenlendi.'),(152,'','Backend','domainhost','editComponentDomainForm',1,0,12,'2024-06-18 11:27:04',5,'<b>evimev.com</b> isimli domain düzenlendi.'),(153,'','Backend','domainhost','editComponentDomainForm',1,0,13,'2024-06-18 11:27:16',5,'<b>opencart-destek.com</b> isimli domain düzenlendi.'),(154,'','Backend','domainhost','editComponentHostForm',1,0,4,'2024-06-18 11:30:31',7,'<b>Sineklik</b> isimli hosting düzenlendi.'),(155,'','Backend','domainhost','editComponentHostForm',1,0,5,'2024-06-18 11:30:43',7,'<b>Sineklik</b> isimli hosting düzenlendi.'),(156,'','Backend','domainhost','editComponentHostForm',1,0,4,'2024-06-18 13:22:23',7,'<b>Yazıcıyedekparça</b> isimli hosting düzenlendi.'),(157,'','Backend','domainhost','editComponentHostForm',1,0,5,'2024-06-18 13:23:38',7,'<b>Rafkestir</b> isimli hosting düzenlendi.'),(158,'','Backend','domainhost','createComponentDomainForm',1,0,NULL,'2024-07-02 08:16:27',3,'<b>ardavillas.com</b> isimli domain eklendi.'),(159,'','Backend','domainhost','createComponentHostForm',1,0,NULL,'2024-07-02 08:19:08',4,'<b>ardavillas.com</b> isimli hosting eklendi.'),(160,'','Backend','domainhost','createComponentHostForm',1,0,NULL,'2024-08-17 22:09:52',4,'<b>cmorganizasyon.com</b> isimli hosting eklendi.'),(161,'','Backend','domainhost','createComponentHostForm',1,0,NULL,'2024-08-17 22:11:56',4,'<b>alipasazadebazaar.com</b> isimli hosting eklendi.'),(162,'','Backend','domainhost','createComponentHostForm',1,0,NULL,'2024-08-17 22:14:14',4,'<b>arkgrupotomotiv.com</b> isimli hosting eklendi.'),(163,'','Backend','domainhost','createComponentHostForm',1,0,NULL,'2024-08-17 22:17:21',4,'<b>bmotoyedekparca.com</b> isimli hosting eklendi.'),(164,'','Backend','domainhost','editComponentHostForm',1,0,11,'2024-08-17 22:18:08',7,'<b>bmotoyedekparca.com</b> isimli hosting düzenlendi.'),(165,'','Backend','domainhost','editComponentHostForm',1,0,10,'2024-08-17 22:18:42',7,'<b>arkgrupotomotiv.com</b> isimli hosting düzenlendi.'),(166,'','Backend','domainhost','createComponentHostForm',1,0,NULL,'2024-08-17 22:20:44',4,'<b>arpestilaclama.com.tr</b> isimli hosting eklendi.'),(167,'','Backend','domainhost','createComponentHostForm',1,0,NULL,'2024-08-17 22:22:46',4,'<b>bursaaksesuar.com</b> isimli hosting eklendi.'),(168,'','Backend','domainhost','createComponentHostForm',1,0,NULL,'2024-08-17 22:23:55',4,'<b>busonyangin.com</b> isimli hosting eklendi.'),(169,'','Backend','domainhost','createComponentDomainForm',1,0,NULL,'2024-09-01 10:32:39',3,'<b>finde360.at</b> isimli domain eklendi.'),(170,'','Backend','domainhost','createComponentHostForm',1,0,NULL,'2024-09-01 10:36:01',4,'<b>gmr.com.tr</b> isimli hosting eklendi.'),(171,'','Backend','domainhost','editComponentHostForm',1,0,4,'2024-09-01 10:37:05',7,'<b>Yazıcıyedekparça</b> isimli hosting düzenlendi.'),(172,'','Backend','domainhost','editComponentHostForm',1,0,5,'2024-09-01 10:39:17',7,'<b>Rafkestir</b> isimli hosting düzenlendi.'),(173,'','Backend','domainhost','editComponentHostForm',1,0,5,'2024-09-24 20:50:22',7,'<b>Rafkestir</b> isimli hosting düzenlendi.'),(174,'','Backend','domainhost','createComponentHostForm',1,0,NULL,'2024-09-24 20:51:42',4,'<b>cusko.net</b> isimli hosting eklendi.'),(175,'','Backend','domainhost','createComponentHostForm',1,0,NULL,'2024-09-25 13:08:26',4,'<b>seasuninvestment.com</b> isimli hosting eklendi.'),(176,'','Backend','domainhost','createComponentHostForm',1,0,NULL,'2024-10-14 10:38:04',4,'<b>becmas windows server</b> isimli hosting eklendi.'),(177,'','Backend','domainhost','editComponentHostForm',1,0,18,'2024-10-14 10:38:50',7,'<b>becmas windows server</b> isimli hosting düzenlendi.'),(178,'','Backend','domainhost','createComponentHostForm',1,0,NULL,'2024-10-14 11:06:05',4,'<b>postermanya.com</b> isimli hosting eklendi.'),(179,'','Backend','domainhost','createComponentHostForm',1,0,NULL,'2025-01-20 11:46:17',4,'<b>bacchusistanbul.com</b> isimli hosting eklendi.'),(180,'','Backend','domainhost','createComponentHostForm',1,0,NULL,'2025-01-20 11:47:46',4,'<b>arpestilaclama.com</b> isimli hosting eklendi.'),(181,'','Backend','domainhost','createComponentHostForm',1,0,NULL,'2025-01-21 22:00:36',4,'<b>erdogankaplan.com</b> isimli hosting eklendi.'),(182,'','Backend','domainhost','createComponentHostForm',1,0,NULL,'2025-01-21 22:03:21',4,'<b>sanperry.com</b> isimli hosting eklendi.'),(183,'','Backend','domainhost','createComponentHostForm',1,0,NULL,'2025-01-21 22:06:15',4,'<b>kospet.com.tr</b> isimli hosting eklendi.'),(184,'','Backend','domainhost','createComponentHostForm',1,0,NULL,'2025-01-22 01:17:08',4,'<b>hattatcerceve.com</b> isimli hosting eklendi.'),(185,'','Backend','domainhost','createComponentHostForm',1,0,NULL,'2025-01-22 01:20:55',4,'<b>dekorbak.com</b> isimli hosting eklendi.'),(186,'','Backend','domainhost','createComponentHostForm',1,0,NULL,'2025-01-22 01:24:58',4,'<b>phmekanik.com</b> isimli hosting eklendi.'),(187,'','Backend','domainhost','createComponentHostForm',1,0,NULL,'2025-01-22 01:26:39',4,'<b>gokdemirgrupantalya.com</b> isimli hosting eklendi.'),(188,'','Backend','domainhost','createComponentHostForm',1,0,NULL,'2025-01-22 01:30:43',4,'<b>flydes.com.tr</b> isimli hosting eklendi.'),(189,'','Backend','domainhost','createComponentDomainForm',1,0,NULL,'2025-02-08 19:06:15',3,'<b>ddeeeeeee</b> isimli domain eklendi.'),(190,'','Backend','domainhost','editComponentDomainForm',1,0,16,'2025-02-08 19:14:52',5,'<b>ddeeeeeee</b> isimli domain düzenlendi.'),(191,'','Backend','domainhost','editComponentDomainForm',1,0,16,'2025-02-08 22:58:37',5,'<b>ddeeeeeee</b> isimli domain düzenlendi.'),(192,'','Backend','domainhost','editComponentDomainForm',1,0,16,'2025-02-08 23:00:16',5,'<b>ddeeeeeee</b> isimli domain düzenlendi.'),(193,'','Backend','domainhost','editComponentDomainForm',1,0,16,'2025-02-08 23:00:29',5,'<b>ddeeeeeee</b> isimli domain düzenlendi.'),(194,'','Backend','domainhost','createComponentHostForm',1,0,NULL,'2025-02-08 23:06:09',4,'<b>deneme</b> isimli hosting eklendi.'),(195,'','Backend','domainhost','ajaxHostingDelete',1,0,30,'2025-02-08 23:16:42',6,NULL),(196,'','Backend','domainhost','createComponentDomainForm',1,0,NULL,'2025-02-08 23:30:40',3,'<b>Amos Bryan</b> isimli domain eklendi.');

--
-- Table structure for table `exeption_log`
--

CREATE TABLE `exeption_log` (
  `id` int NOT NULL AUTO_INCREMENT,
  `ip` varchar(20) NOT NULL,
  `file` varchar(150) NOT NULL,
  `user_id` int NOT NULL,
  `date_added` datetime NOT NULL,
  `shop_id` int DEFAULT NULL,
  PRIMARY KEY (`id`)
) ENGINE=InnoDB DEFAULT CHARSET=utf8mb3;

--
-- Dumping data for table `exeption_log`
--


--
-- Table structure for table `expense`
--

CREATE TABLE `expense` (
  `id` int NOT NULL AUTO_INCREMENT,
  `expense_item_id` int NOT NULL,
  `document_date` datetime NOT NULL,
  `document_number` varchar(50) NOT NULL,
  `description` text NOT NULL,
  `document_image` varchar(150) NOT NULL,
  `payment_status` tinyint(1) NOT NULL,
  `payment_date` datetime NOT NULL,
  `payment_amount` decimal(15,6) NOT NULL,
  `payment_safes` int NOT NULL,
  `image` varchar(155) NOT NULL,
  `tax_id` int NOT NULL,
  `user_id` int NOT NULL,
  `shop_id` int NOT NULL,
  `cron_status` tinyint(1) NOT NULL DEFAULT '0',
  PRIMARY KEY (`id`)
) ENGINE=InnoDB AUTO_INCREMENT=5 DEFAULT CHARSET=utf8mb3;

--
-- Dumping data for table `expense`
--

INSERT INTO `expense` VALUES (1,4,'0000-00-00 00:00:00','345345345345','sfsfsdfsdfsdfs','',1,'0000-00-00 00:00:00',0.000000,8,'',0,1,0,0),(2,1,'2030-07-20 21:00:00','asdasdas','asdasdasdas','',1,'0000-00-00 00:00:00',123.000000,0,'asdasdasdas',0,1,0,0),(3,3,'2021-08-13 00:00:00','33333','sdfsdfsdfsfs','',1,'2021-08-20 00:00:00',500.000000,8,'aaaa',0,1,0,0),(4,4,'2022-04-10 00:00:00','34534543','sdfsfs','',1,'2022-04-16 00:00:00',1000.000000,9,'',0,1,0,0);

--
-- Table structure for table `expense_group`
--

CREATE TABLE `expense_group` (
  `id` int NOT NULL AUTO_INCREMENT,
  `shop_id` int NOT NULL,
  `name` varchar(100) NOT NULL,
  `color` varchar(50) NOT NULL,
  `user_id` int NOT NULL,
  UNIQUE KEY `id` (`id`)
) ENGINE=InnoDB AUTO_INCREMENT=8 DEFAULT CHARSET=utf8mb3;

--
-- Dumping data for table `expense_group`
--

INSERT INTO `expense_group` VALUES (4,0,'YEMEK','',1),(5,0,'ULAŞIM','',1),(7,0,'ARAÇ','',1);

--
-- Table structure for table `expense_item`
--

CREATE TABLE `expense_item` (
  `id` int NOT NULL AUTO_INCREMENT,
  `group_id` int NOT NULL,
  `name` varchar(100) NOT NULL,
  `color` varchar(50) NOT NULL,
  `shop_id` int NOT NULL,
  `user_id` int NOT NULL,
  PRIMARY KEY (`id`)
) ENGINE=InnoDB AUTO_INCREMENT=5 DEFAULT CHARSET=utf8mb3;

--
-- Dumping data for table `expense_item`
--

INSERT INTO `expense_item` VALUES (1,4,'deneme','',0,1),(2,7,'Muayene','',0,1),(3,7,'Yakıt','',0,0),(4,4,'kira','',0,1);

--
-- Table structure for table `extras`
--

CREATE TABLE `extras` (
  `id` int NOT NULL AUTO_INCREMENT,
  `presenter` varchar(50) NOT NULL,
  `type` varchar(50) NOT NULL,
  `title` text NOT NULL,
  `name` varchar(100) NOT NULL,
  `is_image` tinyint(1) NOT NULL DEFAULT '0',
  `is_icon` tinyint(1) NOT NULL DEFAULT '0',
  `is_lang` tinyint(1) NOT NULL DEFAULT '0',
  `sort` int NOT NULL,
  `required` tinyint(1) NOT NULL DEFAULT '0',
  `standart` text NOT NULL,
  `standart_multi` text NOT NULL,
  `tab_code` varchar(20) NOT NULL,
  `status` tinyint(1) NOT NULL DEFAULT '1',
  `insert_date` datetime NOT NULL,
  PRIMARY KEY (`id`)
) ENGINE=InnoDB DEFAULT CHARSET=utf8mb3;

--
-- Dumping data for table `extras`
--


--
-- Table structure for table `extras_desc`
--

CREATE TABLE `extras_desc` (
  `extras_id` int NOT NULL,
  `language_id` int NOT NULL,
  `title` varchar(150) NOT NULL
) ENGINE=InnoDB DEFAULT CHARSET=latin1;

--
-- Dumping data for table `extras_desc`
--


--
-- Table structure for table `extras_value`
--

CREATE TABLE `extras_value` (
  `extras_id` int NOT NULL,
  `name` text NOT NULL,
  `value` varchar(100) NOT NULL
) ENGINE=InnoDB DEFAULT CHARSET=utf8mb3;

--
-- Dumping data for table `extras_value`
--


--
-- Table structure for table `extras_value_desc`
--

CREATE TABLE `extras_value_desc` (
  `extras_id` int NOT NULL,
  `extras_value_id` int NOT NULL,
  `language_id` int NOT NULL,
  `title` varchar(100) NOT NULL
) ENGINE=InnoDB DEFAULT CHARSET=latin1;

--
-- Dumping data for table `extras_value_desc`
--


--
-- Table structure for table `feedback`
--

CREATE TABLE `feedback` (
  `id` int NOT NULL AUTO_INCREMENT,
  `title` varchar(250) CHARACTER SET utf8mb3 COLLATE utf8_general_ci NOT NULL,
  `message` text CHARACTER SET utf8mb3 COLLATE utf8_general_ci NOT NULL,
  `user` varchar(100) CHARACTER SET utf8mb3 COLLATE utf8_general_ci NOT NULL,
  `point` float NOT NULL,
  `image` varchar(200) CHARACTER SET utf8mb3 COLLATE utf8_general_ci NOT NULL,
  `user_id` int NOT NULL,
  `shop_id` int NOT NULL,
  `status` tinyint(1) NOT NULL DEFAULT '1',
  `insert_date` datetime NOT NULL,
  PRIMARY KEY (`id`)
) ENGINE=InnoDB AUTO_INCREMENT=6 DEFAULT CHARSET=utf8mb4 COLLATE=utf8mb4_general_ci;

--
-- Dumping data for table `feedback`
--

INSERT INTO `feedback` VALUES (1,'Deneme','Lorem ipsum dolor sit amet, consectetur adipiscing elit, sed do eiusmod tempor incididunt ut labore et dolore magna aliqua','ahmet',5,'null',1,1,1,'2024-12-26 20:50:32'),(2,'test','Lorem ipsum dolor sit amet, consectetur adipiscing elit, sed do eiusmod tempor incididunt ut labore et dolore magna aliqua','veyse',5,'null',1,1,1,'2024-12-26 20:50:32'),(3,'Deneme','Lorem ipsum dolor sit amet, consectetur adipiscing elit, sed do eiusmod tempor incididunt ut labore et dolore magna aliqua','ahmet',5,'null',1,1,1,'2024-12-26 20:50:32'),(4,'Deneme','Lorem ipsum dolor sit amet, consectetur adipiscing elit, sed do eiusmod tempor incididunt ut labore et dolore magna aliqua','ahmet',5,'null',1,1,1,'2024-12-26 20:50:32'),(5,'Deneme','Lorem ipsum dolor sit amet, consectetur adipiscing elit, sed do eiusmod tempor incididunt ut labore et dolore magna aliqua','ahmet',5,'null',1,1,1,'2024-12-26 20:50:32');

--
-- Table structure for table `filter`
--

CREATE TABLE `filter` (
  `id` int NOT NULL AUTO_INCREMENT,
  `parent_id` int NOT NULL,
  `sort` int NOT NULL,
  `image` varchar(150) NOT NULL,
  `name` text NOT NULL,
  `icon` varchar(155) NOT NULL,
  `status` tinyint(1) NOT NULL DEFAULT '1',
  `shop_id` int NOT NULL DEFAULT '1',
  UNIQUE KEY `id` (`id`)
) ENGINE=InnoDB DEFAULT CHARSET=utf8mb3;

--
-- Dumping data for table `filter`
--


--
-- Table structure for table `filter_searches`
--

CREATE TABLE `filter_searches` (
  `id` int NOT NULL AUTO_INCREMENT,
  `name` varchar(50) NOT NULL,
  `search_filter_name` varchar(50) NOT NULL,
  `price_start` decimal(10,0) NOT NULL,
  `price_end` decimal(10,0) NOT NULL,
  `count` int NOT NULL,
  `status` tinyint(1) NOT NULL,
  `brand_id` int NOT NULL,
  `category_id` int NOT NULL,
  `code` varchar(30) NOT NULL,
  `values` text NOT NULL,
  `type` varchar(20) NOT NULL,
  `user_id` int NOT NULL,
  `shop_id` int NOT NULL,
  PRIMARY KEY (`id`)
) ENGINE=InnoDB DEFAULT CHARSET=utf8mb3;

--
-- Dumping data for table `filter_searches`
--


--
-- Table structure for table `filter_values`
--

CREATE TABLE `filter_values` (
  `id` int NOT NULL AUTO_INCREMENT,
  `filter_id` int NOT NULL,
  `name` text NOT NULL,
  `image` varchar(150) NOT NULL,
  `icon` varchar(150) NOT NULL,
  `sort` int NOT NULL,
  `xml_id` varchar(20) NOT NULL,
  UNIQUE KEY `id` (`id`)
) ENGINE=InnoDB DEFAULT CHARSET=utf8mb3;

--
-- Dumping data for table `filter_values`
--


--
-- Table structure for table `fixture`
--

CREATE TABLE `fixture` (
  `id` int NOT NULL AUTO_INCREMENT,
  `user_id` int NOT NULL,
  `shop_id` int NOT NULL,
  `name` varchar(150) NOT NULL,
  `serial_no` varchar(50) NOT NULL,
  `sale_date` datetime DEFAULT NULL,
  `insert_dadte` datetime NOT NULL DEFAULT CURRENT_TIMESTAMP,
  `price` decimal(15,6) NOT NULL,
  `note` text NOT NULL,
  PRIMARY KEY (`id`)
) ENGINE=InnoDB AUTO_INCREMENT=10 DEFAULT CHARSET=utf8mb3;

--
-- Dumping data for table `fixture`
--

INSERT INTO `fixture` VALUES (8,1,0,'Araba','2313','2021-06-03 00:00:00','2021-06-04 18:08:21',1700000.000000,'Araba'),(9,1,0,'','','0000-00-00 00:00:00','2023-01-10 12:07:18',0.000000,'');

--
-- Table structure for table `gallery_category`
--

CREATE TABLE `gallery_category` (
  `id` int NOT NULL AUTO_INCREMENT,
  `parent_id` int NOT NULL,
  `image_id` int NOT NULL,
  `desc` text NOT NULL,
  `status` tinyint(1) NOT NULL,
  `level` int DEFAULT NULL,
  `date_add` datetime NOT NULL,
  `date_edit` datetime DEFAULT NULL,
  `image` varchar(250) DEFAULT NULL,
  `icon` varchar(250) NOT NULL,
  `viewed` int NOT NULL,
  `shop_id` int NOT NULL,
  PRIMARY KEY (`id`)
) ENGINE=InnoDB AUTO_INCREMENT=3 DEFAULT CHARSET=utf8mb3;

--
-- Dumping data for table `gallery_category`
--

INSERT INTO `gallery_category` VALUES (1,0,0,'',1,NULL,'2024-12-16 07:21:48',NULL,NULL,'',0,3),(2,0,0,'',1,NULL,'2024-12-16 07:22:22','2024-12-16 07:26:03',NULL,'',0,3);

--
-- Table structure for table `gallery_category_desc`
--

CREATE TABLE `gallery_category_desc` (
  `id` int NOT NULL AUTO_INCREMENT,
  `gallery_category_id` int NOT NULL,
  `name` varchar(155) NOT NULL,
  `language_id` int NOT NULL,
  `meta_title` varchar(155) NOT NULL,
  `meta_desc` varchar(155) NOT NULL,
  `meta_keyword` varchar(155) NOT NULL,
  `description` text NOT NULL,
  `seo_url` varchar(150) NOT NULL,
  PRIMARY KEY (`id`),
  KEY `fk_gallery_category_desc_id` (`gallery_category_id`)
) ENGINE=InnoDB AUTO_INCREMENT=3 DEFAULT CHARSET=utf8mb3;

--
-- Dumping data for table `gallery_category_desc`
--

INSERT INTO `gallery_category_desc` VALUES (2,2,'Referans',1,'Referanslar','Referanslar','Referanslar','','referans');

--
-- Table structure for table `gallery_category_images`
--

CREATE TABLE `gallery_category_images` (
  `id` int NOT NULL AUTO_INCREMENT,
  `gallery_category_id` int NOT NULL,
  `image` varchar(255) NOT NULL,
  `api_image` varchar(255) DEFAULT NULL,
  `title` varchar(250) NOT NULL,
  `alt` varchar(250) NOT NULL,
  PRIMARY KEY (`id`),
  KEY `fk_gallery_category_images_id` (`gallery_category_id`)
) ENGINE=InnoDB AUTO_INCREMENT=3 DEFAULT CHARSET=utf8mb3;

--
-- Dumping data for table `gallery_category_images`
--

INSERT INTO `gallery_category_images` VALUES (2,2,'',NULL,'','');

--
-- Table structure for table `gallery_list`
--

CREATE TABLE `gallery_list` (
  `id` int NOT NULL AUTO_INCREMENT,
  `title` text NOT NULL,
  `category_id` int NOT NULL,
  `image_id` int DEFAULT NULL,
  `desc` text NOT NULL,
  `image` varchar(150) DEFAULT NULL,
  `api_image` varchar(150) DEFAULT NULL,
  `status` tinyint(1) NOT NULL,
  `sort` int NOT NULL,
  `viewed` int NOT NULL,
  `date_added` datetime NOT NULL,
  `date_edit` datetime DEFAULT NULL,
  `shop_id` int NOT NULL DEFAULT '1',
  PRIMARY KEY (`id`)
) ENGINE=InnoDB AUTO_INCREMENT=2 DEFAULT CHARSET=utf8mb3;

--
-- Dumping data for table `gallery_list`
--

INSERT INTO `gallery_list` VALUES (1,'',2,NULL,'','/rova.png',NULL,1,0,0,'2024-12-16 07:24:26','2024-12-16 07:26:27',3);

--
-- Table structure for table `gallery_list_desc`
--

CREATE TABLE `gallery_list_desc` (
  `id` int NOT NULL AUTO_INCREMENT,
  `gallery_list_id` int NOT NULL,
  `language_id` int NOT NULL,
  `title` varchar(255) NOT NULL,
  `description` text NOT NULL,
  `meta_title` varchar(255) NOT NULL,
  `meta_description` varchar(255) NOT NULL,
  `meta_keyword` varchar(255) NOT NULL,
  `tags` varchar(255) NOT NULL,
  `seo_url` varchar(255) NOT NULL,
  PRIMARY KEY (`id`)
) ENGINE=InnoDB AUTO_INCREMENT=4 DEFAULT CHARSET=utf8mb3;

--
-- Dumping data for table `gallery_list_desc`
--

INSERT INTO `gallery_list_desc` VALUES (3,1,1,'Referanslar','','Referanslar','Referanslar','Referanslar','Referanslar','referanslar');

--
-- Table structure for table `gallery_list_images`
--

CREATE TABLE `gallery_list_images` (
  `id` int NOT NULL AUTO_INCREMENT,
  `gallery_id` int NOT NULL,
  `image` varchar(255) NOT NULL,
  `api_image` varchar(255) DEFAULT NULL,
  `title` varchar(250) NOT NULL,
  `alt` varchar(250) NOT NULL,
  `cover` tinyint(1) DEFAULT NULL,
  `sort` int NOT NULL,
  PRIMARY KEY (`id`)
) ENGINE=InnoDB AUTO_INCREMENT=5 DEFAULT CHARSET=utf8mb3;

--
-- Dumping data for table `gallery_list_images`
--

INSERT INTO `gallery_list_images` VALUES (3,1,'/rova.png',NULL,'','',1,0),(4,1,'/rova.png',NULL,'','',0,1);

--
-- Table structure for table `images`
--

CREATE TABLE `images` (
  `id` int NOT NULL AUTO_INCREMENT,
  `group` varchar(150) NOT NULL,
  `image` varchar(255) NOT NULL,
  `api_image` varchar(255) DEFAULT NULL,
  `title` varchar(250) NOT NULL,
  `alt` varchar(250) NOT NULL,
  `date_add` datetime NOT NULL,
  `shop_id` int NOT NULL DEFAULT '1',
  PRIMARY KEY (`id`)
) ENGINE=InnoDB DEFAULT CHARSET=utf8mb3;

--
-- Dumping data for table `images`
--


--
-- Table structure for table `invoice_items`
--

CREATE TABLE `invoice_items` (
  `id` int NOT NULL AUTO_INCREMENT,
  `name` varchar(150) NOT NULL,
  `barcode` varchar(15) NOT NULL,
  `safe_id` int NOT NULL,
  `new_price` decimal(15,6) NOT NULL,
  `price` decimal(15,6) NOT NULL,
  `product_list_id` int NOT NULL,
  `quantity` int NOT NULL,
  `rate` float NOT NULL,
  `total` decimal(15,6) NOT NULL,
  `invoice_id` int NOT NULL,
  PRIMARY KEY (`id`)
) ENGINE=InnoDB AUTO_INCREMENT=19 DEFAULT CHARSET=utf8mb3;

--
-- Dumping data for table `invoice_items`
--

INSERT INTO `invoice_items` VALUES (1,'Matematik Sahnesi','9786257832496',2,0.000000,0.000000,7,1,0,59.000000,1),(2,'Matematik Sahnesi','9786257832496',3,0.000000,0.000000,7,1,0,59.000000,2),(3,'Matematik Sahnesi','9786257832496',4,0.000000,0.000000,7,1,0,59.000000,3),(4,'6. Sınıf Matematik Sahnesi','9786257832497',5,0.000000,0.000000,8,1,32,40.120000,4),(5,'6. Sınıf Matematik Sahnesi','9786257832497',6,40.120000,59.000000,8,2,32,80.240000,5),(6,'6. Sınıf Matematik Sahnesi','9786257832497',29,40.120000,59.000000,8,1,32,40.120000,6),(7,'Matematik Sahnesi','9786257832496',29,59.000000,59.000000,7,1,0,59.000000,6),(8,'Matematik Sahnesi','9786257832496',30,59.000000,59.000000,7,10,0,590.000000,7),(9,'6. Sınıf Matematik Sahnesi','9786257832497',31,40.120000,59.000000,8,1,32,40.120000,8),(10,'6. Sınıf Matematik Sahnesi','9786257832497',32,40.120000,59.000000,8,1,32,40.120000,9),(11,'6. Sınıf Matematik Sahnesi','9786257832497',33,40.120000,59.000000,8,1,32,40.120000,10),(12,'6. Sınıf Matematik Sahnesi','9786257832497',34,40.120000,59.000000,8,1,32,40.120000,11),(13,'Matematik Sahnesi','9786257832496',34,59.000000,59.000000,7,1,0,59.000000,11),(14,'6. Sınıf Matematik Sahnesi','9786257832497',35,40.120000,59.000000,8,1,32,40.120000,12),(15,'Matematik Sahnesi','9786257832496',35,59.000000,59.000000,7,1,0,59.000000,12),(16,'Matematik Sahnesi','9786257832496',36,59.000000,59.000000,7,2,0,118.000000,13),(17,'6. Sınıf Matematik Sahnesi','9786257832497',37,59.000000,59.000000,8,1,0,59.000000,14),(18,'Matematik Sahnesi','9786257832496',37,59.000000,59.000000,7,1,0,59.000000,14);

--
-- Table structure for table `invoice_numbers`
--

CREATE TABLE `invoice_numbers` (
  `id` int NOT NULL,
  `seri` varchar(3) NOT NULL,
  `year` varchar(4) NOT NULL,
  `number` int NOT NULL,
  `number_text` varchar(9) NOT NULL,
  `insert_date` datetime NOT NULL DEFAULT CURRENT_TIMESTAMP
) ENGINE=InnoDB DEFAULT CHARSET=utf8mb3;

--
-- Dumping data for table `invoice_numbers`
--


--
-- Table structure for table `invoice_totals`
--

CREATE TABLE `invoice_totals` (
  `id` int NOT NULL AUTO_INCREMENT,
  `invoice_id` int NOT NULL,
  `safe_id` int NOT NULL,
  `title` varchar(150) NOT NULL,
  `value` decimal(15,6) NOT NULL,
  `value_text` varchar(50) NOT NULL,
  PRIMARY KEY (`id`)
) ENGINE=InnoDB AUTO_INCREMENT=57 DEFAULT CHARSET=utf8mb3;

--
-- Dumping data for table `invoice_totals`
--

INSERT INTO `invoice_totals` VALUES (1,3,4,'Ara Toplam',59.000000,'59,00₺'),(2,3,4,'%0 KDV',0.000000,'0,00₺'),(3,3,4,'Ücretsiz Kargo',0.000000,'0,00₺'),(4,3,4,'Toplam',59.000000,'59,00₺'),(5,4,5,'Ara Toplam',59.000000,'59,00₺'),(6,4,5,'Ücretsiz Kargo',0.000000,'0,00₺'),(7,4,5,'%0 KDV',0.000000,'0,00₺'),(8,4,5,'İskonto',18.880000,'-18,88₺'),(9,4,5,'Toplam',40.120000,'40,12₺'),(10,5,6,'Ara Toplam',118.000000,'118,00₺'),(11,5,6,'Ücretsiz Kargo',0.000000,'0,00₺'),(12,5,6,'%0 KDV',0.000000,'0,00₺'),(13,5,6,'İskonto',37.760000,'-37,76₺'),(14,5,6,'Toplam',80.240000,'80,24₺'),(15,6,29,'Ara Toplam',118.000000,'118,00₺'),(16,6,29,'Ücretsiz Kargo',0.000000,'0,00₺'),(17,6,29,'%0 KDV',0.000000,'0,00₺'),(18,6,29,'İskonto',18.880000,'-18,88₺'),(19,6,29,'Toplam',99.120000,'99,12₺'),(20,7,30,'Ara Toplam',590.000000,'590,00₺'),(21,7,30,'Ücretsiz Kargo',0.000000,'0,00₺'),(22,7,30,'%0 KDV',0.000000,'0,00₺'),(23,7,30,'Toplam',590.000000,'590,00₺'),(24,8,31,'Ara Toplam',59.000000,'59,00₺'),(25,8,31,'Ücretsiz Kargo',0.000000,'0,00₺'),(26,8,31,'%0 KDV',0.000000,'0,00₺'),(27,8,31,'İskonto',18.880000,'-18,88₺'),(28,8,31,'Toplam',40.120000,'40,12₺'),(29,9,32,'Ara Toplam',59.000000,'59,00₺'),(30,9,32,'Ücretsiz Kargo',0.000000,'0,00₺'),(31,9,32,'%0 KDV',0.000000,'0,00₺'),(32,9,32,'İskonto',18.880000,'-18,88₺'),(33,9,32,'Toplam',40.120000,'40,12₺'),(34,10,33,'Ara Toplam',59.000000,'59,00₺'),(35,10,33,'Ücretsiz Kargo',0.000000,'0,00₺'),(36,10,33,'%0 KDV',0.000000,'0,00₺'),(37,10,33,'İskonto',18.880000,'-18,88₺'),(38,10,33,'Toplam',40.120000,'40,12₺'),(39,11,34,'Ara Toplam',118.000000,'118,00₺'),(40,11,34,'Ücretsiz Kargo',0.000000,'0,00₺'),(41,11,34,'%0 KDV',0.000000,'0,00₺'),(42,11,34,'İskonto',18.880000,'-18,88₺'),(43,11,34,'Toplam',99.120000,'99,12₺'),(44,12,35,'Ara Toplam',118.000000,'118,00₺'),(45,12,35,'Ücretsiz Kargo',0.000000,'0,00₺'),(46,12,35,'%0 KDV',0.000000,'0,00₺'),(47,12,35,'İskonto',18.880000,'-18,88₺'),(48,12,35,'Toplam',99.120000,'99,12₺'),(49,13,36,'Ara Toplam',118.000000,'118,00₺'),(50,13,36,'Ücretsiz Kargo',0.000000,'0,00₺'),(51,13,36,'%0 KDV',0.000000,'0,00₺'),(52,13,36,'Toplam',118.000000,'118,00₺'),(53,14,37,'Ara Toplam',118.000000,'118,00₺'),(54,14,37,'Ücretsiz Kargo',0.000000,'0,00₺'),(55,14,37,'%0 KDV',0.000000,'0,00₺'),(56,14,37,'Toplam',118.000000,'118,00₺');

--
-- Table structure for table `invoices`
--

CREATE TABLE `invoices` (
  `id` int NOT NULL AUTO_INCREMENT,
  `invoice_id` varchar(100) NOT NULL,
  `uuid` varchar(150) NOT NULL,
  `invoice_no` varchar(100) NOT NULL,
  `invoice_seri` varchar(10) NOT NULL,
  `invoice_create_date` datetime NOT NULL,
  `invoice_date` datetime NOT NULL,
  `invoice` varchar(10) NOT NULL COMMENT 'fatura,fis,irsaliye',
  `sender` varchar(100) NOT NULL,
  `amount` decimal(15,6) NOT NULL,
  `tax` varchar(50) NOT NULL,
  `invoice_status` varchar(50) NOT NULL,
  `invoice_type` varchar(20) NOT NULL,
  `safe_id` int NOT NULL,
  `customer_id` int NOT NULL,
  `is_archived` tinyint NOT NULL DEFAULT '0',
  `tip_type` varchar(50) NOT NULL,
  `insert_date` datetime NOT NULL DEFAULT CURRENT_TIMESTAMP,
  `invoice_type_code` varchar(15) NOT NULL,
  `invoice_tip_type` varchar(50) NOT NULL,
  `invoice_tip_type_code` varchar(15) NOT NULL,
  `status` varchar(50) NOT NULL,
  `currency` varchar(10) NOT NULL,
  `tax_id` varchar(30) NOT NULL,
  `vat_1` decimal(15,6) NOT NULL,
  `vat_8` decimal(15,6) NOT NULL,
  `vat_18` decimal(15,6) NOT NULL,
  `pdf_file` varchar(200) NOT NULL,
  `html_file` varchar(200) NOT NULL,
  `is_type` varchar(10) NOT NULL COMMENT 'income,outcome',
  `is_readed` tinyint(1) NOT NULL DEFAULT '0',
  PRIMARY KEY (`id`)
) ENGINE=InnoDB AUTO_INCREMENT=68 DEFAULT CHARSET=utf8mb3;

--
-- Dumping data for table `invoices`
--

INSERT INTO `invoices` VALUES (1,'','','6','DDA','0000-00-00 00:00:00','2021-04-24 09:03:01','fatura','',0.000000,'','','',2,2,0,'','2021-04-24 12:03:01','','','','','','',0.000000,0.000000,0.000000,'','','',0),(2,'','','6','','0000-00-00 00:00:00','2021-04-24 09:03:33','fatura','',0.000000,'','','',3,0,0,'','2021-04-24 12:03:33','','','','','','',0.000000,0.000000,0.000000,'','','',0),(3,'','','6','','0000-00-00 00:00:00','2021-04-24 09:04:31','fatura','',0.000000,'','','',4,0,0,'','2021-04-24 12:04:31','','','','','','',0.000000,0.000000,0.000000,'','','',0),(4,'','','7','','0000-00-00 00:00:00','2021-04-24 09:30:12','fatura','',0.000000,'','','',5,0,0,'','2021-04-24 12:30:12','','','','','','',0.000000,0.000000,0.000000,'','','',0),(5,'','','8','','0000-00-00 00:00:00','2021-04-24 09:39:55','fatura','',0.000000,'','','',6,0,0,'','2021-04-24 12:39:55','','','','','','',0.000000,0.000000,0.000000,'','','',0),(6,'','','21','','0000-00-00 00:00:00','2021-05-31 08:58:44','fatura','',0.000000,'','','',29,0,0,'','2021-05-31 11:58:44','','','','','','',0.000000,0.000000,0.000000,'','','',0),(7,'','','22','','0000-00-00 00:00:00','2021-06-09 09:12:41','fatura','',0.000000,'','','',30,0,0,'','2021-06-09 12:12:41','','','','','','',0.000000,0.000000,0.000000,'','','',0),(8,'','','55','','0000-00-00 00:00:00','2021-06-15 05:12:00','fatura','',0.000000,'','','',31,0,0,'','2021-06-15 08:12:00','','','','','','',0.000000,0.000000,0.000000,'','','',0),(9,'','','63','','0000-00-00 00:00:00','2021-06-15 08:08:26','fatura','',0.000000,'','','',32,0,0,'','2021-06-15 11:08:26','','','','','','',0.000000,0.000000,0.000000,'','','',0),(10,'','','64','','0000-00-00 00:00:00','2021-06-15 08:29:23','fatura','',0.000000,'','','',33,0,0,'','2021-06-15 11:29:23','','','','','','',0.000000,0.000000,0.000000,'','','',0),(11,'','','62','','0000-00-00 00:00:00','2021-06-15 08:31:21','fatura','',0.000000,'','','',34,0,0,'','2021-06-15 11:31:21','','','','','','',0.000000,0.000000,0.000000,'','','',0),(12,'','','69','','0000-00-00 00:00:00','2021-06-15 09:59:43','fatura','',0.000000,'','','',35,0,0,'','2021-06-15 12:59:43','','','','','','',0.000000,0.000000,0.000000,'','','',0),(13,'','','73','','0000-00-00 00:00:00','2021-06-16 05:05:00','fatura','',0.000000,'','','',36,0,0,'','2021-06-16 20:05:00','','','','','','',0.000000,0.000000,0.000000,'','','',0),(14,'','','74','','0000-00-00 00:00:00','2021-06-16 09:36:08','fatura','',0.000000,'','','',37,0,0,'','2021-06-17 00:36:08','','','','','','',0.000000,0.000000,0.000000,'','','',0),(15,'HPT2022000000020','1f2ca9be-808d-4a00-86bc-5b46ada8d228','','','2022-12-22 08:07:30','2022-12-22 11:05:50','fatura','TEST2',1.180000,'0.18','','ComercialInvoice',0,0,0,'Sales','2023-01-30 15:02:11','1','Sales','0','WaitingForAprovement','TRY','2150240232',0.000000,0.000000,0.180000,'income/2022/12/HPT2022000000020.pdf','income/2022/12/HPT2022000000020.html','income',0),(16,'HPT2022000000020','1f2ca9be-808d-4a00-86bc-5b46ada8d228','','','2022-12-22 08:07:30','2022-12-22 11:05:50','fatura','TEST2',1.180000,'0.18','','ComercialInvoice',0,0,0,'Sales','2023-01-30 17:32:57','1','Sales','0','WaitingForAprovement','TRY','2150240232',0.000000,0.000000,0.180000,'income/2022/12/HPT2022000000020.pdf','income/2022/12/HPT2022000000020.html','income',0),(17,'V012022000026283','31c6cdb0-cb01-46a2-a713-368a4e653a27','','','2022-12-22 08:40:19','2022-12-22 11:40:03','fatura','www.example.com',10.000000,'1.53','','ComercialInvoice',0,0,0,'Sales','2023-01-30 17:32:57','1','Sales','0','WaitingForAprovement','TRY','9000068418',0.000000,0.000000,1.530000,'income/2022/12/V012022000026283.pdf','income/2022/12/V012022000026283.html','income',0),(18,'V012022000026286','99284c73-287a-40da-a86a-9ba8ef49d44f','','','2022-12-22 08:46:17','2022-12-22 11:46:04','fatura','www.example.com',10.000000,'1.53','','ComercialInvoice',0,0,0,'Sales','2023-01-30 17:32:58','1','Sales','0','WaitingForAprovement','TRY','9000068418',0.000000,0.000000,1.530000,'income/2022/12/V012022000026286.pdf','income/2022/12/V012022000026286.html','income',0),(19,'V012022000026288','aa7e4dfa-a57d-459b-a80e-a29bd9c73c96','','','2022-12-22 08:51:35','2022-12-22 11:51:28','fatura','www.example.com',10.000000,'1.53','','ComercialInvoice',0,0,0,'Sales','2023-01-30 17:32:59','1','Sales','0','WaitingForAprovement','TRY','9000068418',0.000000,0.000000,1.530000,'income/2022/12/V012022000026288.pdf','income/2022/12/V012022000026288.html','income',0),(20,'V012022000026292','f678b5cd-dd90-4f76-8a2e-83bce4c98b7d','','','2022-12-22 09:16:22','2022-12-22 12:14:26','fatura','www.example.com',10.000000,'1.53','','ComercialInvoice',0,0,0,'Sales','2023-01-30 17:33:00','1','Sales','0','WaitingForAprovement','TRY','9000068418',0.000000,0.000000,1.530000,'income/2022/12/V012022000026292.pdf','income/2022/12/V012022000026292.html','income',0),(21,'V012022000026293','eacb36d4-8f35-4c63-bf8a-0d54c5bafa2e','','','2022-12-22 09:22:13','2022-12-22 12:22:00','fatura','www.example.com',10.000000,'1.53','','ComercialInvoice',0,0,0,'Sales','2023-01-30 17:33:01','1','Sales','0','WaitingForAprovement','TRY','9000068418',0.000000,0.000000,1.530000,'income/2022/12/V012022000026293.pdf','income/2022/12/V012022000026293.html','income',0),(22,'V012022000026295','86b58c7c-f8a4-4e16-aed6-0fc4ccd1e3aa','','','2022-12-22 09:32:46','2022-12-22 12:32:33','fatura','www.example.com',10.000000,'1.53','','ComercialInvoice',0,0,0,'Sales','2023-01-30 17:33:01','1','Sales','0','WaitingForAprovement','TRY','9000068418',0.000000,0.000000,1.530000,'income/2022/12/V012022000026295.pdf','income/2022/12/V012022000026295.html','income',0),(23,'V012022000026296','f851338a-aa95-41c2-8910-7265e544f605','','','2022-12-22 09:42:40','2022-12-22 12:42:17','fatura','www.example.com',10.000000,'1.53','','ComercialInvoice',0,0,0,'Sales','2023-01-30 17:33:02','1','Sales','0','WaitingForAprovement','TRY','9000068418',0.000000,0.000000,1.530000,'income/2022/12/V012022000026296.pdf','income/2022/12/V012022000026296.html','income',0),(24,'V012022000026297','dbc05d59-77df-452a-8081-375d4145c89d','','','2022-12-22 09:57:42','2022-12-22 12:57:26','fatura','www.example.com',10.000000,'1.53','','ComercialInvoice',0,0,0,'Sales','2023-01-30 17:33:03','1','Sales','0','WaitingForAprovement','TRY','9000068418',0.000000,0.000000,1.530000,'income/2022/12/V012022000026297.pdf','income/2022/12/V012022000026297.html','income',0),(25,'V012022000026298','a8de5b1c-9d8c-4fce-bd8d-5d0db451d9df','','','2022-12-22 10:07:57','2022-12-22 13:07:40','fatura','www.example.com',10.000000,'1.53','','ComercialInvoice',0,0,1,'Sales','2023-01-30 17:33:04','1','Sales','0','WaitingForAprovement','TRY','9000068418',0.000000,0.000000,1.530000,'income/2022/12/V012022000026298.pdf','income/2022/12/V012022000026298.html','income',0),(26,'V012022000026299','835b25fc-83c6-4d1c-aad6-c1006fd4b253','','','2022-12-22 10:27:36','2022-12-22 13:27:17','fatura','www.example.com',10.000000,'1.53','','ComercialInvoice',0,0,0,'Sales','2023-01-30 17:33:05','1','Sales','0','WaitingForAprovement','TRY','9000068418',0.000000,0.000000,1.530000,'income/2022/12/V012022000026299.pdf','income/2022/12/V012022000026299.html','income',0),(27,'V012022000026300','5d1991e6-5358-40c3-b99c-2f1e7ec1424d','','','2022-12-22 10:34:06','2022-12-22 13:33:51','fatura','www.example.com',10.000000,'1.53','','ComercialInvoice',0,0,0,'Sales','2023-01-30 17:33:05','1','Sales','0','WaitingForAprovement','TRY','9000068418',0.000000,0.000000,1.530000,'income/2022/12/V012022000026300.pdf','income/2022/12/V012022000026300.html','income',0),(28,'V012022000026301','406cffa2-7706-49a4-ac28-9a951c2bf369','','','2022-12-22 10:38:44','2022-12-22 13:38:21','fatura','www.example.com',10.000000,'1.53','','ComercialInvoice',0,0,0,'Sales','2023-01-30 17:33:06','1','Sales','0','WaitingForAprovement','TRY','9000068418',0.000000,0.000000,1.530000,'income/2022/12/V012022000026301.pdf','income/2022/12/V012022000026301.html','income',0),(29,'4C8C8C6D-B7C3-4FAD-AB0B-BCD7D1A59A26','228c0fe8-5da9-4d86-8dd8-ecef6e47fdbe','','','2022-12-22 09:32:23','2022-12-22 12:32:23','fatura','Mobirax Test Tedarikçisi',0.000000,'0.00','','ComercialInvoice',0,0,0,'Sales','2023-01-31 10:34:33','1','Sales','0','Draft','TRY','2150240232',0.000000,0.000000,0.000000,'outcome/2022/12/4C8C8C6D-B7C3-4FAD-AB0B-BCD7D1A59A26.pdf','outcome/2022/12/4C8C8C6D-B7C3-4FAD-AB0B-BCD7D1A59A26.html','outcome',0),(30,'4C8C8C6D-B7C3-4FAD-AB0B-BCD7D1A59A26','a0ce3d8f-3141-424f-91ed-365c5f4fdbea','','','2022-12-22 09:32:34','2022-12-22 12:32:34','fatura','Mobirax Test Tedarikçisi',0.000000,'0.00','','ComercialInvoice',0,0,0,'Sales','2023-01-31 10:34:33','1','Sales','0','Draft','TRY','2150240232',0.000000,0.000000,0.000000,'outcome/2022/12/4C8C8C6D-B7C3-4FAD-AB0B-BCD7D1A59A26.pdf','outcome/2022/12/4C8C8C6D-B7C3-4FAD-AB0B-BCD7D1A59A26.html','outcome',0),(31,'4C8C8C6D-B7C3-4FAD-AB0B-BCD7D1A59A26','056e276f-4d82-4bee-a615-67474affe1ef','','','2022-12-22 09:33:16','2022-12-22 12:33:00','fatura','Mobirax Test Tedarikçisi',0.000000,'0.00','','ComercialInvoice',0,0,0,'Sales','2023-01-31 10:34:34','1','Sales','0','Draft','TRY','2150240232',0.000000,0.000000,0.000000,'outcome/2022/12/4C8C8C6D-B7C3-4FAD-AB0B-BCD7D1A59A26.pdf','outcome/2022/12/4C8C8C6D-B7C3-4FAD-AB0B-BCD7D1A59A26.html','outcome',0),(32,'4C8C8C6D-B7C3-4FAD-AB0B-BCD7D1A59A26','63471964-47ca-414b-830c-c4d911a2da73','','','2022-12-22 12:34:26','2022-12-22 15:23:00','fatura','deneme test aş',91.800000,'6.80','','ComercialInvoice',0,0,0,'Sales','2023-01-31 10:34:34','1','Sales','0','Draft','TRY','0987654321',0.000000,6.800000,0.000000,'outcome/2022/12/4C8C8C6D-B7C3-4FAD-AB0B-BCD7D1A59A26.pdf','outcome/2022/12/4C8C8C6D-B7C3-4FAD-AB0B-BCD7D1A59A26.html','outcome',0),(33,'4C8C8C6D-B7C3-4FAD-AB0B-BCD7D1A59A26','f7377898-bcaa-48f1-bd3b-c52d59cea876','','','2022-12-22 13:21:29','2022-12-22 16:19:00','fatura','deneme  deneme',0.000000,'0.00','','eArchive',0,0,0,'Sales','2023-01-31 10:34:35','4','Sales','0','Draft','TRY','11111111111',0.000000,0.000000,0.000000,'outcome/2022/12/4C8C8C6D-B7C3-4FAD-AB0B-BCD7D1A59A26.pdf','outcome/2022/12/4C8C8C6D-B7C3-4FAD-AB0B-BCD7D1A59A26.html','outcome',0),(34,'4C8C8C6D-B7C3-4FAD-AB0B-BCD7D1A59A26','fe7b02d9-bbc8-4b0d-9115-d37145f63561','','','2022-12-22 14:31:15','2022-12-22 17:30:00','fatura','CCC',3.240000,'0.24','','eArchive',0,0,0,'Return','2023-01-31 10:34:35','4','Return','1','Draft','TRY','1345677567',0.000000,0.240000,0.000000,'outcome/2022/12/4C8C8C6D-B7C3-4FAD-AB0B-BCD7D1A59A26.pdf','outcome/2022/12/4C8C8C6D-B7C3-4FAD-AB0B-BCD7D1A59A26.html','outcome',0),(35,'CP22022000000002','D5246750-816A-4FB1-91A0-A7EA236AF1EE','','','2022-12-23 08:02:18','2022-12-22 16:02:00','fatura','CROSSING SARL',131.040000,'0.00','','Export',0,0,0,'Exception','2023-01-31 10:34:36','3','Exception','3','Draft','EUR','0050008904',0.000000,0.000000,0.000000,'outcome/2022/12/CP22022000000002.pdf','outcome/2022/12/CP22022000000002.html','outcome',0),(36,'HPT2022000000021','5526afec-be01-4878-8e2e-69f0b7c0675d','','','2022-12-26 12:04:28','2022-12-26 15:04:27','fatura','Azure Interior',173.460000,'26.46','','BaseInvoice',0,0,0,'Sales','2023-01-31 10:34:37','0','Sales','0','Draft','TRY','0050008904',0.000000,0.000000,26.460000,'outcome/2022/12/HPT2022000000021.pdf','outcome/2022/12/HPT2022000000021.html','outcome',0),(37,'SEA2022000001853','8039310e-f602-4f96-874c-2bc49da801e0','','','2022-12-26 17:10:46','2022-12-26 00:00:00','fatura','--',5508.000000,'400.00','','eArchive',0,0,0,'Sales','2023-01-31 10:34:37','4','Sales','0','Draft','TRY','1111111111',0.000000,400.000000,0.000000,'outcome/2022/12/SEA2022000001853.pdf','outcome/2022/12/SEA2022000001853.html','outcome',0),(38,'SEA2022000001854','ee3a4107-e3c5-405f-a99c-2e5498dec7c0','','','2022-12-26 17:28:38','2022-12-26 00:00:00','fatura','--',5500.000000,'400.00','','eArchive',0,0,0,'Sales','2023-01-31 10:34:37','4','Sales','0','Draft','TRY','1111111111',0.000000,400.000000,0.000000,'outcome/2022/12/SEA2022000001854.pdf','outcome/2022/12/SEA2022000001854.html','outcome',0),(39,'SEA2022000001855','0cf8d492-458f-4712-adff-b605cf9d5258','','','2022-12-26 17:33:28','2022-12-26 00:00:00','fatura','--',6500.000000,'1300.00','','eArchive',0,0,0,'Sales','2023-01-31 10:34:38','4','Sales','0','Draft','TRY','1111111111',0.000000,400.000000,900.000000,'outcome/2022/12/SEA2022000001855.pdf','outcome/2022/12/SEA2022000001855.html','outcome',0),(40,'SEA2022000001856','df35fb47-0ecb-4fb3-afb7-dbe4c468b8b6','','','2022-12-26 17:42:45','2022-12-26 00:00:00','fatura','--',6508.000000,'1300.00','','eArchive',0,0,0,'Sales','2023-01-31 10:34:38','4','Sales','0','Draft','TRY','1111111111',0.000000,400.000000,900.000000,'outcome/2022/12/SEA2022000001856.pdf','outcome/2022/12/SEA2022000001856.html','outcome',0),(41,'SEA2022000001857','9e0d376a-946b-488c-b3c0-719a58abdeb7','','','2022-12-26 18:03:06','2022-12-25 11:43:59','fatura','ALANAR MEYVE VE GIDA ÜRET.PAZ.SAN.TÝC.AÞ. (120-16-01002)',11.800000,'1.80','','eArchive',0,0,0,'Sales','2023-01-31 10:34:40','4','Sales','0','Draft','TRY','6080519848',0.000000,0.000000,1.800000,'outcome/2022/12/SEA2022000001857.pdf','outcome/2022/12/SEA2022000001857.html','outcome',0),(42,'SEA2022000001858','5ca98e7b-e509-42de-81c5-dcab6bf404d2','','','2022-12-27 06:35:43','2022-12-27 00:00:00','fatura','--',5500.000000,'400.00','','eArchive',0,0,0,'Sales','2023-01-31 10:34:40','4','Sales','0','Draft','TRY','1111111111',0.000000,400.000000,0.000000,'outcome/2022/12/SEA2022000001858.pdf','outcome/2022/12/SEA2022000001858.html','outcome',0),(43,'CP22022000000003','A68C02AE-5BA0-4CC0-B924-F18999DC6F75','','','2022-12-27 08:19:48','2022-12-22 16:02:00','fatura','CROSSING SARL',162.240000,'0.00','','Export',0,0,0,'Exception','2023-01-31 10:34:41','3','Exception','3','Error','EUR','0050008904',0.000000,0.000000,0.000000,'outcome/2022/12/CP22022000000003.pdf','outcome/2022/12/CP22022000000003.html','outcome',0),(44,'CP22022000000004','5424A5E7-8639-4609-94A5-EED31F119690','','','2022-12-27 08:19:55','2022-12-22 16:04:00','fatura','TEXTILE SOURCING COMPANY',2801.440000,'0.00','','Export',0,0,0,'Exception','2023-01-31 10:34:42','3','Exception','3','Error','EUR','0050008904',0.000000,0.000000,0.000000,'outcome/2022/12/CP22022000000004.pdf','outcome/2022/12/CP22022000000004.html','outcome',0),(45,'SEA2022000001859','c470fb43-cf76-4640-bc64-bc66225ec9e5','','','2022-12-27 10:28:13','2022-12-27 00:00:00','fatura','--111 11',5500.000000,'400.00','','eArchive',0,0,0,'Sales','2023-01-31 10:34:42','4','Sales','0','Draft','TRY','11111111111',0.000000,400.000000,0.000000,'outcome/2022/12/SEA2022000001859.pdf','outcome/2022/12/SEA2022000001859.html','outcome',0),(46,'BL52022000005283','ea5fdd17-af57-442b-819e-367c82d01857','','','2022-12-27 11:42:36','2022-12-23 00:00:00','fatura','EGGER DEKOR A.Ş',1600.000000,'0.00','','ComercialInvoice',0,0,0,'Sales','2023-01-31 10:34:43','1','Sales','0','SentToGib','TRY','7350404573',0.000000,0.000000,0.000000,'outcome/2022/12/BL52022000005283.pdf','outcome/2022/12/BL52022000005283.html','outcome',0),(47,'BL62022000004676','d7a87764-f7ea-4c9a-9c92-7a1430521ebd','','','2022-12-28 08:37:09','2022-12-23 00:00:00','fatura','KUKA CEE GMBH MERKEZİ AVUSTURYA İSTANBUL MERKEZ ŞUBESİ',687.350000,'104.85','','eArchive',0,0,0,'Sales','2023-01-31 10:34:44','4','Sales','0','Approved','TRY','5900514044',0.000000,0.000000,104.850000,'outcome/2022/12/BL62022000004676.pdf','outcome/2022/12/BL62022000004676.html','outcome',0),(48,'XSD2023000000080','428C9032-552C-4936-955A-55027CDC46FC','','','2023-02-09 16:31:15','2023-02-09 16:31:15','fatura','dda',302.920000,'7.56','','eInvoice',0,0,0,'TICARIFATURA','2023-02-09 16:31:16','','TICARIFATURA','','WaitingForAprovement','TRY','2150240232',0.000000,7.560000,0.000000,'outcome/2023/02/XSD2023000000080.pdf','outcome/2023/02/XSD2023000000080.html','outcome',0),(49,'XSD2023000000081','4E3F75F4-E1F7-4716-9313-769EEB47490D','','','2023-02-09 16:33:04','2023-02-09 16:33:04','fatura','dda',302.920000,'7.56','','eInvoice',0,0,0,'TICARIFATURA','2023-02-09 16:33:04','','TICARIFATURA','','WaitingForAprovement','TRY','2150240232',0.000000,7.560000,0.000000,'outcome/2023/02/XSD2023000000081.pdf','outcome/2023/02/XSD2023000000081.html','outcome',0),(50,'XSD2023000000082','F1A51D9E-3961-41FF-9950-DE0EBD2F218E','','','2023-02-09 16:33:36','2023-02-09 16:33:36','fatura','dda',302.920000,'7.56','','eInvoice',0,0,0,'TICARIFATURA','2023-02-09 16:33:37','','TICARIFATURA','','WaitingForAprovement','TRY','2150240232',0.000000,7.560000,0.000000,'outcome/2023/02/XSD2023000000082.pdf','outcome/2023/02/XSD2023000000082.html','outcome',0),(51,'XSD2023000000083','EBC17A3D-7C99-4F11-9970-766DAEA4F0D9','','','2023-02-09 16:59:50','2023-02-09 16:59:50','fatura','dda',372.700000,'7.56','','eInvoice',0,0,0,'TICARIFATURA','2023-02-09 16:59:51','','TICARIFATURA','','WaitingForAprovement','TRY','2150240232',0.000000,7.560000,0.000000,'outcome/2023/02/XSD2023000000083.pdf','outcome/2023/02/XSD2023000000083.html','outcome',0),(52,'XSD2023000000084','8B01EC11-F0C5-4CB9-8412-050183264F7C','','','2023-02-09 17:02:10','2023-02-09 17:02:10','fatura','dda',173.700000,'7.56','','eInvoice',0,0,0,'TICARIFATURA','2023-02-09 17:02:11','','TICARIFATURA','','WaitingForAprovement','TRY','2150240232',0.000000,7.560000,0.000000,'outcome/2023/02/XSD2023000000084.pdf','outcome/2023/02/XSD2023000000084.html','outcome',0),(53,'XSD2023000000085','FC53296B-F4ED-406F-99A2-1DEEADAE550E','','','2023-02-10 16:02:30','2023-02-10 16:02:30','fatura','dda',102.060000,'7.56','','eInvoice',0,0,0,'TICARIFATURA','2023-02-10 16:02:33','','TICARIFATURA','','WaitingForAprovement','TRY','2150240232',0.000000,7.560000,0.000000,'outcome/2023/02/XSD2023000000085.pdf','outcome/2023/02/XSD2023000000085.html','outcome',0),(54,'XSD2023000000086','1F639903-2C32-4870-BC9C-02E1EBF27AE4','','','2023-02-13 09:50:49','2023-02-13 09:50:49','fatura','dda',102.060000,'7.56','','eInvoice',0,0,0,'TICARIFATURA','2023-02-13 09:50:50','','TICARIFATURA','','WaitingForAprovement','TRY','2150240232',0.000000,7.560000,0.000000,'outcome/2023/02/XSD2023000000086.pdf','outcome/2023/02/XSD2023000000086.html','outcome',0),(55,'XSD2023000000087','CAFF02FC-C452-4F4B-BF23-F9658957A387','','','2023-02-13 09:52:02','2023-02-13 09:52:02','fatura','dda',102.060000,'7.56','','eInvoice',0,0,0,'TICARIFATURA','2023-02-13 09:52:03','','TICARIFATURA','','WaitingForAprovement','TRY','2150240232',0.000000,7.560000,0.000000,'outcome/2023/02/XSD2023000000087.pdf','outcome/2023/02/XSD2023000000087.html','outcome',0),(56,'XSD2023000000088','C368A3F3-8223-425D-B7B7-D44CD8C77D01','','','2023-02-13 09:52:20','2023-02-13 09:52:20','fatura','dda',102.060000,'7.56','','eInvoice',0,0,0,'TICARIFATURA','2023-02-13 09:52:21','','TICARIFATURA','','WaitingForAprovement','TRY','2150240232',0.000000,7.560000,0.000000,'outcome/2023/02/XSD2023000000088.pdf','outcome/2023/02/XSD2023000000088.html','outcome',0),(57,'XSD2023000000089','2E76B943-D939-4C85-98C5-59672BF1A45A','','','2023-02-13 09:56:21','2023-02-13 09:56:21','fatura','dda',102.060000,'7.56','','eInvoice',0,0,0,'TICARIFATURA','2023-02-13 09:56:21','','TICARIFATURA','','WaitingForAprovement','TRY','2150240232',0.000000,7.560000,0.000000,'outcome/2023/02/XSD2023000000089.pdf','outcome/2023/02/XSD2023000000089.html','outcome',0),(58,'XSD2023000000090','02513B3D-42D7-41F4-B5D5-8133176B0E9C','','','2023-02-13 09:56:51','2023-02-13 09:56:51','fatura','dda',102.060000,'7.56','','eInvoice',0,0,0,'TICARIFATURA','2023-02-13 09:56:52','','TICARIFATURA','','WaitingForAprovement','TRY','2150240232',0.000000,7.560000,0.000000,'outcome/2023/02/XSD2023000000090.pdf','outcome/2023/02/XSD2023000000090.html','outcome',0),(59,'XSD2023000000091','2D4B78D1-FD5B-4BDC-B380-D6BF2E4460AE','','','2023-02-13 10:15:43','2023-02-13 10:15:43','fatura','dda',102.060000,'7.56','','eInvoice',0,0,0,'TICARIFATURA','2023-02-13 10:15:43','','TICARIFATURA','','WaitingForAprovement','TRY','2150240232',0.000000,7.560000,0.000000,'outcome/2023/02/XSD2023000000091.pdf','outcome/2023/02/XSD2023000000091.html','outcome',0),(60,'XSD2023000000092','8C123C40-AED7-46BB-9DFB-679DFBAD43FD','','','2023-02-13 10:18:25','2023-02-13 10:18:25','fatura','dda',102.060000,'7.56','','eInvoice',0,0,0,'TICARIFATURA','2023-02-13 10:18:25','','TICARIFATURA','','WaitingForAprovement','TRY','2150240232',0.000000,7.560000,0.000000,'outcome/2023/02/XSD2023000000092.pdf','outcome/2023/02/XSD2023000000092.html','outcome',0),(61,'XSD2023000000093','B8F8B9AE-7D6C-43FB-8521-3BBEE7E952B9','','','2023-02-13 13:56:44','2023-02-13 13:56:44','fatura','dda',102.060000,'7.56','','eInvoice',0,0,0,'TICARIFATURA','2023-02-13 13:56:45','','TICARIFATURA','','WaitingForAprovement','TRY','2150240232',0.000000,7.560000,0.000000,'outcome/2023/02/XSD2023000000093.pdf','outcome/2023/02/XSD2023000000093.html','outcome',0),(62,'XSD2023000000094','8D06F29A-0589-40B6-BE26-A93FDDEDFE34','','','2023-02-13 13:57:38','2023-02-13 13:57:38','fatura','dda',102.060000,'7.56','','eInvoice',0,0,0,'TICARIFATURA','2023-02-13 13:57:39','','TICARIFATURA','','WaitingForAprovement','TRY','2150240232',0.000000,7.560000,0.000000,'outcome/2023/02/XSD2023000000094.pdf','outcome/2023/02/XSD2023000000094.html','outcome',0),(63,'XSD2023000000095','7C752BE5-DB52-4A0D-B095-99CB3BE9313E','','','2023-02-14 14:01:18','2023-02-14 14:01:18','fatura','dda',102.060000,'7.56','','eInvoice',0,0,0,'TICARIFATURA','2023-02-14 14:01:19','','TICARIFATURA','','WaitingForAprovement','TRY','2150240232',0.000000,7.560000,0.000000,'outcome/2023/02/XSD2023000000095.pdf','outcome/2023/02/XSD2023000000095.html','outcome',0),(64,'XSD2023000000096','4B8248EE-2AAC-44FC-9D46-507F77E786B7','','','2023-02-14 14:03:34','2023-02-14 14:03:34','fatura','dda',102.060000,'7.56','','eInvoice',0,0,0,'TICARIFATURA','2023-02-14 14:03:34','','TICARIFATURA','','WaitingForAprovement','TRY','2150240232',0.000000,7.560000,0.000000,'outcome/2023/02/XSD2023000000096.pdf','outcome/2023/02/XSD2023000000096.html','outcome',0),(65,'XSD2023000000097','912CD28F-0693-4FAA-88CF-FC0795D0320C','','','2023-02-14 14:04:23','2023-02-14 14:04:23','fatura','dda',102.060000,'7.56','','eInvoice',0,0,0,'TICARIFATURA','2023-02-14 14:04:24','','TICARIFATURA','','WaitingForAprovement','TRY','2150240232',0.000000,7.560000,0.000000,'outcome/2023/02/XSD2023000000097.pdf','outcome/2023/02/XSD2023000000097.html','outcome',0),(66,'XSD2023000000098','58B796F0-DD77-43D4-A9BF-43B8E39A26D8','','','2023-02-14 15:08:55','2023-02-14 15:08:55','fatura','dda',102.060000,'7.56','','eInvoice',0,0,0,'TICARIFATURA','2023-02-14 15:08:56','','TICARIFATURA','','WaitingForAprovement','TRY','2150240232',0.000000,7.560000,0.000000,'outcome/2023/02/XSD2023000000098.pdf','outcome/2023/02/XSD2023000000098.html','outcome',0),(67,'XSD2023000000099','D4279D91-06CC-4878-A9A0-21F8FF8FB8E1','','','2023-02-14 15:25:29','2023-02-14 15:25:29','fatura','dda',102.060000,'7.56','','eInvoice',0,0,0,'TICARIFATURA','2023-02-14 15:25:30','','TICARIFATURA','','WaitingForAprovement','TRY','2150240232',0.000000,7.560000,0.000000,'outcome/2023/02/XSD2023000000099.pdf','outcome/2023/02/XSD2023000000099.html','outcome',0);

--
-- Table structure for table `iyzico_response`
--

CREATE TABLE `iyzico_response` (
  `id` int NOT NULL AUTO_INCREMENT,
  `status` varchar(20) NOT NULL,
  `conversationId` int NOT NULL,
  `price` decimal(15,6) NOT NULL,
  `paidPrice` decimal(15,6) NOT NULL,
  `installment` int NOT NULL,
  `paymentId` int NOT NULL,
  `iyziCommissionRateAmount` decimal(15,6) NOT NULL,
  `iyziCommissionFee` decimal(15,6) NOT NULL,
  `cardFamily` varchar(10) NOT NULL,
  `binNumber` varchar(6) NOT NULL,
  `lastFourDigits` varchar(4) NOT NULL,
  `systemTime` timestamp NOT NULL DEFAULT CURRENT_TIMESTAMP ON UPDATE CURRENT_TIMESTAMP,
  `currency` varchar(5) NOT NULL,
  PRIMARY KEY (`id`)
) ENGINE=MyISAM DEFAULT CHARSET=utf8mb3;

--
-- Dumping data for table `iyzico_response`
--


--
-- Table structure for table `iyzico_response_item`
--

CREATE TABLE `iyzico_response_item` (
  `id` int NOT NULL AUTO_INCREMENT,
  `response_id` int NOT NULL,
  `product_id` int NOT NULL,
  `paymentTransactionId` int NOT NULL,
  `blockageResolvedDate` datetime NOT NULL,
  `subMerchantKey` varchar(150) NOT NULL,
  `paidPrice` decimal(15,6) NOT NULL,
  `iyziCommissionRateAmount` decimal(15,6) NOT NULL,
  `iyziCommissionFee` decimal(15,6) NOT NULL,
  `blockageRateAmountMerchant` decimal(15,6) NOT NULL,
  `blockageRateAmountSubMerchant` decimal(15,6) NOT NULL,
  `subMerchantPayoutAmount` decimal(15,6) NOT NULL,
  `merchantPayoutAmount` decimal(15,6) NOT NULL,
  `iyziConversionRate` decimal(15,6) NOT NULL,
  `iyziConversionRateAmount` decimal(15,6) NOT NULL,
  `transactionStatus` tinyint(1) NOT NULL,
  `sale_id` int NOT NULL,
  `status` tinyint(1) NOT NULL DEFAULT '0',
  PRIMARY KEY (`id`)
) ENGINE=MyISAM DEFAULT CHARSET=utf8mb3;

--
-- Dumping data for table `iyzico_response_item`
--


--
-- Table structure for table `language`
--

CREATE TABLE `language` (
  `id` int NOT NULL AUTO_INCREMENT,
  `title` varchar(155) NOT NULL,
  `flag` varchar(255) NOT NULL DEFAULT 'no.png',
  `code` varchar(10) NOT NULL,
  `status` tinyint(1) NOT NULL DEFAULT '1',
  `date_added` datetime NOT NULL,
  `shop_id` int NOT NULL DEFAULT '1',
  PRIMARY KEY (`id`)
) ENGINE=InnoDB AUTO_INCREMENT=2 DEFAULT CHARSET=utf8mb3;

--
-- Dumping data for table `language`
--

INSERT INTO `language` VALUES (1,'Türkçe','Turkey.png','tr',1,'2018-12-26 07:49:17',2);

--
-- Table structure for table `lessons`
--

CREATE TABLE `lessons` (
  `id` int NOT NULL AUTO_INCREMENT,
  `name` varchar(150) NOT NULL,
  `desc` mediumtext NOT NULL,
  `status` tinyint(1) NOT NULL DEFAULT '1',
  PRIMARY KEY (`id`)
) ENGINE=MyISAM AUTO_INCREMENT=22 DEFAULT CHARSET=utf8mb3;

--
-- Dumping data for table `lessons`
--

INSERT INTO `lessons` VALUES (16,'Türkçe','',1),(2,'Matematik','',1),(3,'Biyoloji','',1),(17,'Resim','',1),(5,'Coğrafya','',1),(6,'Tarih','',1),(7,'Kimya','',1),(8,'Hayat Bilgisi','',1),(9,'Edebiyat','',1),(10,'Fizik','',1),(11,'İngilizce','',1),(12,'Almanca','',1),(13,'Geometri','',1),(18,'Fen Bilimleri','',1),(19,'Sosyal Bilgiler','',1),(20,'Sınıf Öğretmeni','',1),(21,'Din Kültürü','',1);

--
-- Table structure for table `mailing`
--

CREATE TABLE `mailing` (
  `id` int NOT NULL,
  `sender` varchar(250) NOT NULL,
  `content` varchar(150) NOT NULL,
  `subject` varchar(150) NOT NULL,
  `status` tinyint(1) NOT NULL,
  `readed` tinyint(1) NOT NULL DEFAULT '0',
  `delivery_date` datetime NOT NULL,
  `read_date` datetime NOT NULL,
  `shop_id` int NOT NULL DEFAULT '1'
) ENGINE=InnoDB DEFAULT CHARSET=utf8mb3;

--
-- Dumping data for table `mailing`
--


--
-- Table structure for table `media`
--

CREATE TABLE `media` (
  `id` int NOT NULL AUTO_INCREMENT,
  `title` varchar(250) NOT NULL,
  `site_template` varchar(150) NOT NULL,
  `sort` int NOT NULL,
  `type` varchar(155) NOT NULL,
  `status` tinyint(1) NOT NULL,
  `shop_id` int NOT NULL DEFAULT '1',
  `class_name` varchar(100) DEFAULT NULL,
  PRIMARY KEY (`id`)
) ENGINE=InnoDB AUTO_INCREMENT=4 DEFAULT CHARSET=utf8mb3;

--
-- Dumping data for table `media`
--

INSERT INTO `media` VALUES (1,'a:1:{i:1;s:8:\"AnaSayfa\";}','kitap',0,'slide',1,2,NULL),(2,'a:1:{i:1;s:25:\"Anasayfa Masaüstü Slide\";}','enzo',0,'slide',1,3,'');

--
-- Table structure for table `media_data`
--

CREATE TABLE `media_data` (
  `id` int NOT NULL AUTO_INCREMENT,
  `media_id` int NOT NULL,
  `link` varchar(200) NOT NULL,
  `image` varchar(255) NOT NULL,
  `desc` text NOT NULL,
  `title` varchar(255) NOT NULL,
  `sub_title` varchar(255) NOT NULL,
  `type` varchar(11) NOT NULL,
  `sort` int NOT NULL,
  `language_id` int NOT NULL,
  `status` tinyint NOT NULL,
  `description` text,
  UNIQUE KEY `id` (`id`),
  KEY `fk_media_data_id` (`media_id`),
  CONSTRAINT `fk_media_data_id` FOREIGN KEY (`media_id`) REFERENCES `media` (`id`) ON DELETE CASCADE
) ENGINE=InnoDB AUTO_INCREMENT=5 DEFAULT CHARSET=utf8mb3;

--
-- Dumping data for table `media_data`
--

INSERT INTO `media_data` VALUES (1,1,'','gallery/son-10-yil-dekstop-1618825562.png','','','','slide',0,1,1,NULL),(2,1,'','gallery/matematik-sahnesi-1618825566.png','','','','slide',0,1,1,NULL),(4,2,'','/slide/slide-1.png','','','','slide',1,1,1,NULL);

--
-- Table structure for table `media_data_desc`
--

CREATE TABLE `media_data_desc` (
  `id` int NOT NULL AUTO_INCREMENT,
  `media_id` int NOT NULL,
  `media_data_id` int NOT NULL,
  `title` varchar(200) NOT NULL,
  `sub_title` varchar(200) NOT NULL,
  `language_id` int NOT NULL,
  `description` text,
  UNIQUE KEY `id` (`id`),
  KEY `fk_media_data_desc_id` (`media_id`),
  KEY `fk_media_data_desc_id_id` (`media_data_id`),
  CONSTRAINT `fk_media_data_desc_id` FOREIGN KEY (`media_id`) REFERENCES `media` (`id`) ON DELETE CASCADE,
  CONSTRAINT `fk_media_data_desc_id_id` FOREIGN KEY (`media_data_id`) REFERENCES `media_data` (`id`) ON DELETE CASCADE
) ENGINE=InnoDB DEFAULT CHARSET=utf8mb3;

--
-- Dumping data for table `media_data_desc`
--


--
-- Table structure for table `menu`
--

CREATE TABLE `menu` (
  `id` int NOT NULL AUTO_INCREMENT,
  `menu_group_id` int NOT NULL,
  `desc` text NOT NULL,
  `icon` text NOT NULL,
  `image` varchar(200) DEFAULT '',
  `menu_type` varchar(10) NOT NULL DEFAULT 'backend',
  `parent_id` int NOT NULL,
  `status` tinyint(1) NOT NULL DEFAULT '1',
  `presenter` varchar(55) NOT NULL,
  `sort` int DEFAULT '0',
  `shop_id` int NOT NULL DEFAULT '0',
  `date_added` datetime NOT NULL DEFAULT CURRENT_TIMESTAMP,
  `class` varchar(100) DEFAULT NULL,
  PRIMARY KEY (`id`),
  KEY `menu_menu_type_index` (`menu_type`),
  KEY `menu_parent_id_index` (`parent_id`)
) ENGINE=InnoDB AUTO_INCREMENT=266 DEFAULT CHARSET=utf8mb3;

--
-- Dumping data for table `menu`
--

INSERT INTO `menu` VALUES (2,2,'a:1:{i:1;a:2:{s:5:\"title\";s:5:\"Menü\";s:11:\"description\";s:21:\"Bu bir ana menüdür.\";}}','<i class=\"ki-duotone ki-burger-menu-2 fs-2\"><span class=\"path1\"></span><span class=\"path2\"></span><span class=\"path3\"></span><span class=\"path4\"></span><span class=\"path5\"></span><span class=\"path6\"></span><span class=\"path7\"></span><span class=\"path8\"></span><span class=\"path9\"></span><span class=\"path10\"></span></i>','','backend',0,0,'Menu:default',0,0,'2018-04-15 00:00:00',NULL),(5,2,'a:1:{i:1;a:2:{s:5:\"title\";s:10:\"Bölgeler \";s:11:\"description\";s:21:\"Bu bir ana menüdür.\";}}','<i class=\"ki-duotone ki-geolocation-home fs-2\"><span class=\"path1\"></span><span class=\"path2\"></span></i>','','backend',28,1,'Location:default',12,0,'2021-01-15 15:00:30',NULL),(6,2,'a:1:{i:1;a:2:{s:5:\"title\";s:9:\"Ülkeler \";s:11:\"description\";s:21:\"Bu bir alt menüdür.\";}}','<i class=\"ki-duotone ki-flag fs-2\"><span class=\"path1\"></span><span class=\"path2\"></span></i>','','backend',5,1,'Location:country',0,0,'2021-01-15 15:00:30',NULL),(7,2,'a:1:{i:1;a:2:{s:5:\"title\";s:10:\"Şehirler \";s:11:\"description\";s:21:\"Bu bir alt menüdür.\";}}','<i class=\"ki-duotone ki-geolocation-home fs-2\"><span class=\"path1\"></span><span class=\"path2\"></span></i>','','backend',5,1,'Location:zone',0,0,'2021-01-15 15:00:30',NULL),(8,2,'a:1:{i:1;a:2:{s:5:\"title\";s:10:\"İlçeler \";s:11:\"description\";s:21:\"Bu bir alt menüdür.\";}}','<i class=\"ki-duotone ki-geolocation fs-2\"><span class=\"path1\"></span><span class=\"path2\"></span></i>','','backend',5,1,'Location:district',0,0,'2021-01-15 15:00:30',NULL),(9,2,'a:1:{i:1;a:2:{s:5:\"title\";s:11:\"Mahalleler \";s:11:\"description\";s:21:\"Bu bir alt menüdür.\";}}','<i class=\"ki-duotone ki-pointers fs-2\"><span class=\"path1\"></span><span class=\"path2\"></span><span class=\"path3\"></span></i>','','backend',5,1,'Location:quarter',0,0,'2021-01-15 15:00:30',NULL),(13,1,'a:2:{i:3;a:2:{s:5:\"title\";s:4:\"Ads \";s:11:\"description\";s:22:\"This is a parent menu.\";}i:1;a:2:{s:5:\"title\";s:9:\"İlanlar \";s:11:\"description\";s:21:\"Bu bir ana menüdür.\";}}','','','backend',12,1,'Ads:default',0,0,'2021-01-15 15:00:30',NULL),(14,1,'a:2:{i:3;a:2:{s:5:\"title\";s:14:\"Ad Categories \";s:11:\"description\";s:21:\"This is a child menu.\";}i:1;a:2:{s:5:\"title\";s:18:\"İlan Kategorileri\";s:11:\"description\";s:21:\"Bu bir alt menüdür.\";}}','','','backend',12,1,'Ads:categories',0,0,'2021-01-15 15:00:30',NULL),(15,1,'a:2:{i:3;a:2:{s:5:\"title\";s:10:\"Ad Options\";s:11:\"description\";s:21:\"This is a child menu.\";}i:1;a:2:{s:5:\"title\";s:18:\"İlan Özellikleri\";s:11:\"description\";s:21:\"Bu bir alt menüdür.\";}}','','','backend',12,1,'Ads:options',0,0,'2021-01-15 15:00:30',NULL),(16,1,'a:2:{i:3;a:2:{s:5:\"title\";s:17:\"Ad Option Groups \";s:11:\"description\";s:21:\"This is a child menu.\";}i:1;a:2:{s:5:\"title\";s:24:\"İlan Özellik Grupları\";s:11:\"description\";s:21:\"Bu bir alt menüdür.\";}}','','','backend',12,1,'Ads:optionGroups',0,0,'2021-01-15 15:00:30',NULL),(17,1,'a:2:{i:3;a:2:{s:5:\"title\";s:11:\"Ad details \";s:11:\"description\";s:21:\"This is a child menu.\";}i:1;a:2:{s:5:\"title\";s:17:\"İlan Detayları \";s:11:\"description\";s:21:\"Bu bir alt menüdür.\";}}','','','backend',12,1,'Ads:details',0,0,'2021-01-15 15:00:30',NULL),(18,1,'a:1:{i:1;a:2:{s:5:\"title\";s:9:\"Raporlar \";s:11:\"description\";s:21:\"Bu bir ana menüdür.\";}}','<i class=\"ki-duotone ki-chart-simple-3 fs-2\"><span class=\"path1\"></span><span class=\"path2\"></span><span class=\"path3\"></span><span class=\"path4\"></span></i>','','backend',0,0,'Report:default',15,0,'2021-01-15 15:00:30',NULL),(20,1,'a:1:{i:1;a:2:{s:5:\"title\";s:18:\"Satış Raporları\";s:11:\"description\";s:21:\"Bu bir alt menüdür.\";}}','','','backend',18,0,'Report:sales',0,0,'2021-01-15 15:00:30',NULL),(21,1,'a:1:{i:1;a:2:{s:5:\"title\";s:13:\"Müşteriler \";s:11:\"description\";s:21:\"Bu bir ana menüdür.\";}}','<i class=\"ki-duotone ki-profile-user fs-2\"><span class=\"path1\"></span><span class=\"path2\"></span><span class=\"path3\"></span><span class=\"path4\"></span></i>','','backend',0,0,'User:default',10,0,'2021-01-15 15:00:30',NULL),(22,1,'a:1:{i:1;a:2:{s:5:\"title\";s:20:\"Müşteri Grupları \";s:11:\"description\";s:21:\"Bu bir alt menüdür.\";}}','','','backend',21,1,'User:groups',0,0,'2021-01-15 15:00:30',NULL),(23,1,'a:2:{i:3;a:2:{s:5:\"title\";s:6:\"Users \";s:11:\"description\";s:21:\"This is a child menu.\";}i:1;a:2:{s:5:\"title\";s:14:\"Kullanıcılar\";s:11:\"description\";s:21:\"Bu bir alt menüdür.\";}}','','','backend',21,1,'User:default',0,0,'2021-01-15 15:00:30',NULL),(25,1,'a:2:{i:3;a:2:{s:5:\"title\";s:12:\"Open Demands\";s:11:\"description\";s:21:\"This is a child menu.\";}i:1;a:2:{s:5:\"title\";s:16:\"Açık Talepler \";s:11:\"description\";s:21:\"Bu bir alt menüdür.\";}}','','','backend',24,1,'Sale:openSale',0,0,'2021-01-15 15:00:30',NULL),(26,1,'a:2:{i:3;a:2:{s:5:\"title\";s:14:\"Closed Request\";s:11:\"description\";s:21:\"This is a child menu.\";}i:1;a:2:{s:5:\"title\";s:24:\"Sonuçlanmış Talepler \";s:11:\"description\";s:21:\"Bu bir alt menüdür.\";}}','','','backend',24,1,'Sale:closed',0,0,'2021-01-15 15:00:30',NULL),(27,1,'a:2:{i:3;a:2:{s:5:\"title\";s:11:\"Open demand\";s:11:\"description\";s:21:\"This is a child menu.\";}i:1;a:2:{s:5:\"title\";s:10:\"Talep Aç \";s:11:\"description\";s:21:\"Bu bir alt menüdür.\";}}','','','backend',24,1,'Sale:new',0,0,'2021-01-15 15:00:30',NULL),(28,1,'a:1:{i:1;a:2:{s:5:\"title\";s:8:\"Ayarlar \";s:11:\"description\";s:21:\"Bu bir ana menüdür.\";}}','<i class=\"ki-duotone ki-setting-4 fs-2\"></i>','','backend',0,0,'Setting:default',14,0,'2021-01-15 15:00:30',NULL),(29,1,'a:1:{i:1;a:2:{s:5:\"title\";s:14:\"Genel Ayarlar \";s:11:\"description\";s:21:\"Bu bir alt menüdür.\";}}','<i class=\"ki-duotone ki-category fs-2\"><span class=\"path1\"></span><span class=\"path2\"></span><span class=\"path3\"></span><span class=\"path4\"></span></i>','','backend',28,1,'Setting:general',0,0,'2021-01-15 15:00:30',NULL),(35,1,'a:1:{i:1;a:2:{s:5:\"title\";s:12:\"İçerikler \";s:11:\"description\";s:44:\"İçerik ve içerik kategorisi giriş alanı\";}}','<i class=\"ki-duotone ki-abstract-26 fs-2\"><span class=\"path1\"></span><span class=\"path2\"></span></i>','','backend',241,1,'Content:default',0,0,'2018-10-26 00:00:00',NULL),(36,1,'a:2:{i:3;a:2:{s:5:\"title\";s:9:\"Contents \";s:11:\"description\";s:22:\"This is a parent menu.\";}i:1;a:2:{s:5:\"title\";s:12:\"İçerikler \";s:11:\"description\";s:21:\"Bu bir ana menüdür.\";}}','','','backend',35,1,'Content:default',0,0,'2018-10-26 00:00:00',NULL),(37,1,'a:1:{i:1;a:2:{s:5:\"title\";s:21:\"İçerik Kategorileri\";s:11:\"description\";s:21:\"Bu bir alt menüdür.\";}}','','','backend',35,0,'Content:contentCategories',0,0,'2018-10-26 00:00:00',NULL),(38,1,'a:1:{i:1;a:2:{s:5:\"title\";s:5:\"Medya\";s:11:\"description\";s:30:\"Slide, banner vs tanım alanı\";}}','<i class=\"ki-duotone ki-brush fs-2\"><span class=\"path1\"></span><span class=\"path2\"></span></i>','','backend',241,1,'Media:default',3,0,'2018-11-02 00:00:00',NULL),(40,1,'a:2:{i:3;a:2:{s:5:\"title\";s:5:\"Slide\";s:11:\"description\";s:22:\"This is a parent menu.\";}i:1;a:2:{s:5:\"title\";s:5:\"Slayt\";s:11:\"description\";s:21:\"Bu bir ana menüdür.\";}}','','','backend',38,1,'Media:default',0,0,'2018-11-02 00:00:00',NULL),(41,1,'a:1:{i:1;a:2:{s:5:\"title\";s:22:\"Para Birimi Tanımlama\";s:11:\"description\";s:43:\"USD,EURO,TRY gibi para birimi tanımlanır.\";}}','<i class=\"ki-duotone ki-dollar fs-2\"><span class=\"path1\"></span><span class=\"path2\"></span><span class=\"path3\"></span></i>','','backend',29,1,'Setting:currency',1,0,'2018-11-08 00:00:00',NULL),(45,1,'a:1:{i:1;a:2:{s:5:\"title\";s:10:\"Ürünler \";s:11:\"description\";s:21:\"Bu bir ana menüdür.\";}}','<i class=\"ki-duotone ki-tag fs-2\"><span class=\"path1\"></span><span class=\"path2\"></span><span class=\"path3\"></span></i>','','backend',0,0,'Product:default',1,0,'2021-01-15 15:00:30',NULL),(46,1,'a:1:{i:1;a:2:{s:5:\"title\";s:10:\"Ürünler \";s:11:\"description\";s:16:\"Ürün tanımı.\";}}','<i class=\"ki-duotone ki-milk fs-2\"><span class=\"path1\"></span><span class=\"path2\"></span><span class=\"path3\"></span></i>','','backend',45,1,'Product:default',0,0,'2021-01-15 15:00:30',NULL),(47,1,'a:1:{i:1;a:2:{s:5:\"title\";s:19:\"Ürün Kategorileri\";s:11:\"description\";s:32:\"Ürünlere ait kategori tanımı\";}}','<i class=\"ki-duotone ki-data fs-2\"><span class=\"path1\"></span><span class=\"path2\"></span><span class=\"path3\"></span><span class=\"path4\"></span><span class=\"path5\"></span></i>','','backend',45,1,'Product:categories',0,0,'2021-01-15 15:00:30',NULL),(53,1,'a:1:{i:1;a:2:{s:5:\"title\";s:18:\"Ödeme Yöntemleri\";s:11:\"description\";s:29:\"Kullanılacak pos tanımları\";}}','<i class=\"ki-duotone ki-two-credit-cart fs-2\"><span class=\"path1\"></span><span class=\"path2\"></span><span class=\"path3\"></span><span class=\"path4\"></span><span class=\"path5\"></span></i>','','backend',29,1,'Payment:default',2,0,'2021-01-15 15:00:30',NULL),(55,1,'a:1:{i:1;a:2:{s:5:\"title\";s:12:\"Siparişler \";s:11:\"description\";s:21:\"Bu bir alt menüdür.\";}}','<i class=\"ki-duotone ki-handcart fs-2\"></i>','','backend',0,0,'Order:Default',2,0,'2021-01-15 15:00:30',NULL),(56,1,'a:1:{i:1;a:2:{s:5:\"title\";s:7:\"Diller \";s:11:\"description\";s:21:\"Bu bir alt menüdür.\";}}','<i class=\"ki-duotone ki-teacher fs-2\"><span class=\"path1\"></span><span class=\"path2\"></span></i>','','backend',29,1,'Setting:languages',5,0,'2021-01-15 15:00:30',NULL),(57,1,'a:1:{i:1;a:2:{s:5:\"title\";s:15:\"KDV Tanımları\";s:11:\"description\";s:38:\"%10, %20 gibi farklı KDV tanımları.\";}}','<i class=\"ki-duotone ki-discount fs-2\"><span class=\"path1\"></span><span class=\"path2\"></span></i>','','backend',29,1,'Setting:taxes',5,0,'2021-01-15 15:00:30',NULL),(61,1,'a:1:{i:1;a:2:{s:5:\"title\";s:10:\"Bölgeler \";s:11:\"description\";s:21:\"Bu bir alt menüdür.\";}}','<i class=\"ki-duotone ki-focus fs-2\"><span class=\"path1\"></span><span class=\"path2\"></span></i>','','backend',5,1,'Setting:regions',0,0,'2021-01-15 15:00:30',NULL),(62,1,'a:1:{i:1;a:2:{s:5:\"title\";s:19:\"Sipariş Durumları\";s:11:\"description\";s:21:\"Bu bir alt menüdür.\";}}','<i class=\"ki-duotone ki-tablet-book fs-2\"><span class=\"path1\"></span><span class=\"path2\"></span></i>','','backend',29,1,'Setting:statuses',6,0,'2021-01-15 15:00:30',NULL),(66,1,'a:2:{i:3;a:2:{s:5:\"title\";s:6:\"Orders\";s:11:\"description\";s:21:\"This is a child menu.\";}i:1;a:2:{s:5:\"title\";s:12:\"Siparişler \";s:11:\"description\";s:21:\"Bu bir alt menüdür.\";}}','','','backend',55,1,'Order:orders',0,0,'2018-12-27 08:17:46',NULL),(67,1,'a:2:{i:3;a:2:{s:5:\"title\";s:3:\"SMS\";s:11:\"description\";s:21:\"Burada sms atılacak.\";}i:1;a:2:{s:5:\"title\";s:3:\"SMS\";s:11:\"description\";s:16:\"sms to be thrown\";}}','','','backend',28,1,'Setting:sms',0,0,'2019-01-05 08:30:26',NULL),(71,1,'a:1:{i:1;a:2:{s:5:\"title\";s:10:\"Mağazalar\";s:11:\"description\";s:65:\"Yeni site tanımlayıp farklı mağazaları da yönetebilirsiniz.\";}}','<i class=\"ki-duotone ki-safe-home fs-2\"><span class=\"path1\"></span><span class=\"path2\"></span></i>','','backend',29,1,'Setting:Shops',4,0,'2019-02-09 08:50:48',NULL),(72,2,'a:2:{i:3;a:2:{s:5:\"title\";s:12:\"Price Update\";s:11:\"description\";s:23:\"this is  a price update\";}i:1;a:2:{s:5:\"title\";s:23:\"Toplu Fiyat Güncelleme\";s:11:\"description\";s:48:\"Burada toplu fiyat güncellemesi yapılacaktır.\";}}','','','backend',45,1,'Product:priceUpdate',0,0,'2019-01-26 11:44:44',NULL),(73,1,'a:2:{i:3;a:2:{s:5:\"title\";s:9:\"Marketing\";s:11:\"description\";s:22:\"This is a parent menu.\";}i:1;a:2:{s:5:\"title\";s:9:\"Pazarlama\";s:11:\"description\";s:16:\"bu bir ana menü\";}}','fa fa-credit-card','','backend',0,1,'Marketing:default',17,0,'2019-01-30 07:36:06',NULL),(74,2,'a:2:{i:3;a:2:{s:5:\"title\";s:12:\"gift voucher\";s:11:\"description\";s:21:\"This is a child menu.\";}i:1;a:2:{s:5:\"title\";s:12:\"Hediye Çeki\";s:11:\"description\";s:21:\"Bu bir alt menüdür.\";}}','','','backend',73,1,'Marketing:Presents',0,0,'2019-01-30 07:48:25',NULL),(75,1,'a:2:{i:3;a:2:{s:5:\"title\";s:4:\"Tags\";s:11:\"description\";s:20:\"This is a child menu\";}i:1;a:2:{s:5:\"title\";s:9:\"Etiketler\";s:11:\"description\";s:21:\"Bu bir alt menüdür.\";}}','','','backend',45,1,'Product:tags',0,0,'2019-01-31 06:57:53',NULL),(76,1,'a:2:{i:3;a:2:{s:5:\"title\";s:11:\"news letter\";s:11:\"description\";s:20:\"This is a child menu\";}i:1;a:2:{s:5:\"title\";s:14:\"Haber Bülteni\";s:11:\"description\";s:20:\"Bu bir alt menüdür\";}}','','','backend',73,1,'Marketing:newsLetters',0,0,'2019-01-31 08:42:30',NULL),(77,1,'a:2:{i:3;a:2:{s:5:\"title\";s:8:\"Comments\";s:11:\"description\";s:21:\"This is a child menu.\";}i:1;a:2:{s:5:\"title\";s:8:\"Yorumlar\";s:11:\"description\";s:21:\"Bu bir alt menüdür.\";}}','','','backend',45,1,'Product:Comments',0,0,'2019-01-31 09:13:15',NULL),(78,1,'a:2:{i:3;a:2:{s:5:\"title\";s:9:\"Suppliers\";s:11:\"description\";s:20:\"this is a child menu\";}i:1;a:2:{s:5:\"title\";s:10:\"Tedarikçi\";s:11:\"description\";s:21:\"Bu bir alt menüdür.\";}}','','','backend',45,1,'Product:suppliers',0,0,'2019-02-02 06:58:37',NULL),(79,2,'a:2:{i:3;a:2:{s:5:\"title\";s:5:\"Shops\";s:11:\"description\";s:25:\"this is a child category.\";}i:1;a:2:{s:5:\"title\";s:10:\"Mağazalar\";s:11:\"description\";s:23:\"Bu bir alt kategoridir.\";}}','','','backend',28,1,'Setting:Shops',0,0,'2019-02-04 09:29:12',NULL),(80,2,'a:2:{i:3;a:2:{s:5:\"title\";s:15:\"Discount Coupon\";s:11:\"description\";s:21:\"This is a child menu.\";}i:1;a:2:{s:5:\"title\";s:15:\"İndirim Kuponu\";s:11:\"description\";s:21:\"Bu bir alt menüdür.\";}}','','','backend',73,1,'Marketing:coupons',0,0,'2019-02-05 13:18:37',NULL),(81,2,'a:2:{i:3;a:2:{s:5:\"title\";s:18:\"Mail Notifications\";s:11:\"description\";s:21:\"This is a child menu.\";}i:1;a:2:{s:5:\"title\";s:17:\"Mail Bildirimleri\";s:11:\"description\";s:21:\"Bu bir alt menüdür.\";}}','','','backend',73,1,'Marketing:notifications',0,0,'2019-02-05 13:20:23',NULL),(82,2,'a:2:{i:3;a:2:{s:5:\"title\";s:19:\"Gift voucher themes\";s:11:\"description\";s:21:\"This is a child menu.\";}i:1;a:2:{s:5:\"title\";s:22:\"Hediye Çeki Temaları\";s:11:\"description\";s:21:\"Bu bir alt menüdür.\";}}','','','backend',73,1,'Marketing:PresentThemes',0,0,'2019-02-06 08:20:02',NULL),(91,1,'a:1:{i:1;a:2:{s:5:\"title\";s:15:\"Yönlendirmeler\";s:11:\"description\";s:57:\"301,303 gibi redirect işlemleri için kullanılmaktadır\";}}','','','backend',28,0,'Setting:redirects',5,0,'2019-03-08 08:16:43',NULL),(92,1,'a:1:{i:1;a:2:{s:5:\"title\";s:17:\"Ürün Raporları\";s:11:\"description\";s:0:\"\";}}','','','backend',18,0,'Report:products',0,0,'2019-04-04 07:16:36',NULL),(94,1,'a:2:{i:2;a:2:{s:5:\"title\";s:17:\"Gelince Haber Ver\";s:11:\"description\";s:0:\"\";}i:1;a:2:{s:5:\"title\";s:17:\"Gelince Haber Ver\";s:11:\"description\";s:0:\"\";}}','','','backend',55,1,'Order:letMeKnow',21,0,'2019-04-04 07:42:28',NULL),(101,1,'a:4:{i:3;a:2:{s:5:\"title\";s:8:\"E-Fatura\";s:11:\"description\";s:8:\"E-Fatura\";}i:4;a:2:{s:5:\"title\";s:8:\"E-Fatura\";s:11:\"description\";s:8:\"E-Fatura\";}i:2;a:2:{s:5:\"title\";s:8:\"E-Fatura\";s:11:\"description\";s:8:\"E-Fatura\";}i:1;a:2:{s:5:\"title\";s:8:\"E-Fatura\";s:11:\"description\";s:8:\"E-Fatura\";}}','','','backend',28,0,'Setting:Invoice',9,0,'2019-05-04 21:51:22',NULL),(102,1,'a:1:{i:1;a:2:{s:5:\"title\";s:15:\"Hata Raporları\";s:11:\"description\";s:15:\"Hata Raporları\";}}','','','backend',18,0,'Report:bugs',3,0,'2019-06-09 23:51:49',NULL),(103,1,'a:1:{i:1;a:2:{s:5:\"title\";s:6:\"Banner\";s:11:\"description\";s:6:\"Banner\";}}','','','backend',38,0,'Media:banner',0,0,'2019-06-09 23:54:35',NULL),(107,1,'a:2:{i:2;a:2:{s:5:\"title\";s:8:\"Slug Url\";s:11:\"description\";s:0:\"\";}i:1;a:2:{s:5:\"title\";s:7:\"Seo Url\";s:11:\"description\";s:0:\"\";}}','','','backend',28,1,'Setting:slugs',0,0,'2019-12-01 07:39:11',NULL),(108,1,'a:1:{i:1;a:2:{s:5:\"title\";s:12:\"Yayınevleri\";s:11:\"description\";s:33:\"Kitap yayınevi firma tanımları\";}}','<i class=\"ki-duotone ki-abstract-25 fs-2\"><span class=\"path1\"></span><span class=\"path2\"></span></i>','','backend',238,1,'Publisher:default',9,0,'2020-04-13 04:26:09',NULL),(109,1,'a:1:{i:1;a:2:{s:5:\"title\";s:8:\"Yazarlar\";s:11:\"description\";s:20:\"Kitap yazar tanımı\";}}','<i class=\"ki-duotone ki-feather fs-2\"><span class=\"path1\"></span><span class=\"path2\"></span></i>','','backend',238,1,'Author:default',6,0,'2020-04-13 04:27:32',NULL),(110,1,'a:1:{i:1;a:2:{s:5:\"title\";s:17:\"Kargo Yöntemleri\";s:11:\"description\";s:41:\"Aras, Sürat, Yurtiçi, MNG ve diğerleri\";}}','<i class=\"ki-duotone ki-delivery fs-2\"><span class=\"path1\"></span><span class=\"path2\"></span><span class=\"path3\"></span><span class=\"path4\"></span><span class=\"path5\"></span></i>','','backend',29,1,'Shipping:default',3,0,'2020-04-13 16:51:25',NULL),(111,1,'a:1:{i:1;a:2:{s:5:\"title\";s:10:\"Sınıflar\";s:11:\"description\";s:19:\"Sınıf tanımları\";}}','<i class=\"ki-duotone ki-abstract-13 fs-2\"><span class=\"path1\"></span><span class=\"path2\"></span></i>','','backend',238,1,'Class:default',6,0,'2020-05-29 18:54:38',NULL),(112,1,'a:1:{i:1;a:2:{s:5:\"title\";s:7:\"Dersler\";s:11:\"description\";s:7:\"Dersler\";}}','<i class=\"ki-duotone ki-book fs-2\"><span class=\"path1\"></span><span class=\"path2\"></span><span class=\"path3\"></span><span class=\"path4\"></span></i>','','backend',238,1,'Lesson:default',0,0,'2020-05-29 20:39:09',NULL),(113,1,'a:1:{i:1;a:2:{s:5:\"title\";s:8:\"Şubeler\";s:11:\"description\";s:0:\"\";}}','<i class=\"ki-duotone ki-brifecase-tick fs-2\"><span class=\"path1\"></span><span class=\"path2\"></span><span class=\"path3\"></span></i>','','backend',238,1,'Class:classDepartmant',0,0,'2020-05-30 12:01:07',NULL),(114,1,'a:1:{i:1;a:2:{s:5:\"title\";s:21:\"Yönetim Paneli Menü\";s:11:\"description\";s:0:\"\";}}','','','backend',2,1,'Menu:default',0,0,'2020-07-12 15:36:44',NULL),(115,1,'a:1:{i:1;a:2:{s:5:\"title\";s:24:\"Kullanıcı Paneli Menü\";s:11:\"description\";s:0:\"\";}}','','','backend',2,1,'Menu:frontend',0,0,'2020-07-12 15:37:25',NULL),(172,1,'a:1:{i:1;a:2:{s:5:\"title\";s:12:\"Müşteriler\";s:11:\"description\";s:0:\"\";}}','','','backend',21,1,'User:customers',0,0,'2021-02-14 02:38:01',NULL),(173,1,'a:1:{i:1;a:2:{s:5:\"title\";s:7:\"Bayiler\";s:11:\"description\";s:0:\"\";}}','','','backend',21,1,'User:resellers',0,0,'2021-02-14 02:40:38',NULL),(174,0,'a:1:{i:1;a:2:{s:5:\"title\";s:6:\"Takvim\";s:11:\"description\";s:0:\"\";}}','<i class=\"ki-duotone ki-calendar-8 fs-2\"><span class=\"path1\"></span><span class=\"path2\"></span><span class=\"path3\"></span><span class=\"path4\"></span><span class=\"path5\"></span><span class=\"path6\"></span></i>','','backend',28,1,'Calendar:default',4,0,'2021-02-14 03:55:21',NULL),(175,0,'a:1:{i:1;a:2:{s:5:\"title\";s:12:\"Kitap Türü\";s:11:\"description\";s:12:\"Kitap Türü\";}}','<i class=\"ki-duotone ki-note-2 fs-2\"><span class=\"path1\"></span><span class=\"path2\"></span><span class=\"path3\"></span><span class=\"path4\"></span></i>','','backend',238,1,'Booktypes:default',10,0,'2021-04-16 21:41:22',NULL),(176,0,'a:1:{i:1;a:2:{s:5:\"title\";s:12:\"Sayfa Türü\";s:11:\"description\";s:30:\"Kitabın sayfa türü tanımı\";}}','<i class=\"ki-duotone ki-notepad-bookmark fs-2\"><span class=\"path1\"></span><span class=\"path2\"></span><span class=\"path3\"></span><span class=\"path4\"></span><span class=\"path5\"></span><span class=\"path6\"></span></i>','','backend',238,1,'Pagetype:default',11,0,'2021-04-16 21:42:21',NULL),(177,0,'a:1:{i:1;a:2:{s:5:\"title\";s:14:\"Sayfa Kapağı\";s:11:\"description\";s:26:\"Kitap sayfa kapak tanımı\";}}','<i class=\"ki-duotone ki-book-square fs-2\"><span class=\"path1\"></span><span class=\"path2\"></span><span class=\"path3\"></span></i>','','backend',238,1,'Pagecover:default',12,0,'2021-04-16 21:43:05',NULL),(178,0,'a:1:{i:1;a:2:{s:5:\"title\";s:13:\"Depo Yönetim\";s:11:\"description\";s:0:\"\";}}','<i class=\"ki-duotone ki-delivery-2 fs-2\"><span class=\"path1\"></span><span class=\"path2\"></span><span class=\"path3\"></span><span class=\"path4\"></span><span class=\"path5\"></span><span class=\"path6\"></span><span class=\"path7\"></span><span class=\"path8\"></span><span class=\"path9\"></span></i>','','backend',0,0,'Warehouse:default',5,0,'2021-04-19 09:26:07',NULL),(180,0,'a:1:{i:1;a:2:{s:5:\"title\";s:35:\"İnidirim Ve Kampanyaları Düzenle\";s:11:\"description\";s:0:\"\";}}','<i class=\"ki-duotone ki-tag fs-2\"><span class=\"path1\"></span><span class=\"path2\"></span><span class=\"path3\"></span></i>','','backend',193,1,'Campaign:default',5,0,'2021-04-19 10:01:28',NULL),(181,0,'a:1:{i:1;a:2:{s:5:\"title\";s:12:\"Yeni Satış\";s:11:\"description\";s:0:\"\";}}','','','backend',178,1,'Warehouse:sale',0,0,'2021-04-19 11:58:35',NULL),(182,0,'a:1:{i:1;a:2:{s:5:\"title\";s:23:\"Satın Alma İrsaliyesi\";s:11:\"description\";s:0:\"\";}}','','','backend',178,1,'Warehouse:saleIrsaliye',0,0,'2021-04-19 12:28:22',NULL),(183,0,'a:1:{i:1;a:2:{s:5:\"title\";s:9:\"Mal Alım\";s:11:\"description\";s:0:\"\";}}','','','backend',178,1,'Warehouse:saleProduct',3,0,'2021-04-19 12:29:12',NULL),(184,0,'a:1:{i:1;a:2:{s:5:\"title\";s:5:\"İade\";s:11:\"description\";s:0:\"\";}}','','','backend',178,1,'Warehouse:return',4,0,'2021-04-19 12:29:42',NULL),(185,0,'a:1:{i:1;a:2:{s:5:\"title\";s:11:\"Mal Toplama\";s:11:\"description\";s:0:\"\";}}','','','backend',178,1,'Warehouse:harvesting',5,0,'2021-04-19 12:32:48',NULL),(186,0,'a:1:{i:1;a:2:{s:5:\"title\";s:11:\"Mal Kontrol\";s:11:\"description\";s:0:\"\";}}','','','backend',178,1,'Warehouse:productCheck',6,0,'2021-04-19 12:33:26',NULL),(187,0,'a:1:{i:1;a:2:{s:5:\"title\";s:6:\"Sayım\";s:11:\"description\";s:0:\"\";}}','','','backend',178,1,'Warehouse:count',7,0,'2021-04-19 13:03:15',NULL),(188,0,'a:1:{i:1;a:2:{s:5:\"title\";s:14:\"Sayım Kontrol\";s:11:\"description\";s:14:\"Sayım Kontrol\";}}','','','backend',178,1,'Warehouse:countCheck',8,0,'2021-04-19 13:06:25',NULL),(189,0,'a:1:{i:1;a:2:{s:5:\"title\";s:14:\"Bandrol Giriş\";s:11:\"description\";s:0:\"\";}}','','','backend',178,1,'Warehouse:addBandrol',9,0,'2021-04-19 13:07:00',NULL),(190,0,'a:1:{i:1;a:2:{s:5:\"title\";s:14:\"Excel Aktarım\";s:11:\"description\";s:0:\"\";}}','<i class=\"ki-duotone ki-file-sheet fs-2\"><span class=\"path1\"></span><span class=\"path2\"></span></i>','','backend',28,1,'Excel:default',14,0,'2021-04-19 14:34:19',NULL),(191,0,'a:1:{i:1;a:2:{s:5:\"title\";s:21:\"Excel ile Veri Yükle\";s:11:\"description\";s:0:\"\";}}','','','backend',190,1,'Excel:import',0,0,'2021-04-19 14:35:00',NULL),(192,0,'a:1:{i:1;a:2:{s:5:\"title\";s:17:\"Excel ile Veri Al\";s:11:\"description\";s:0:\"\";}}','','','backend',190,1,'Excel:export',0,0,'2021-04-19 14:35:39',NULL),(193,0,'a:1:{i:1;a:2:{s:5:\"title\";s:9:\"Pazarlama\";s:11:\"description\";s:0:\"\";}}','<i class=\"ki-duotone ki-price-tag fs-2\"><span class=\"path1\"></span><span class=\"path2\"></span><span class=\"path3\"></span></i>','','backend',0,0,'Marketing:default',13,0,'2021-04-19 14:38:36',NULL),(194,0,'a:1:{i:1;a:2:{s:5:\"title\";s:22:\"Hediye Çeki Temaları\";s:11:\"description\";s:0:\"\";}}','','','backend',193,1,'Marketing:PresentThemes',0,0,'2021-04-19 14:39:23',NULL),(195,0,'a:1:{i:1;a:2:{s:5:\"title\";s:19:\"İndirim Kuponları\";s:11:\"description\";s:0:\"\";}}','<i class=\"ki-duotone ki-price-tag fs-2\"><span class=\"path1\"></span><span class=\"path2\"></span><span class=\"path3\"></span></i>','','backend',193,1,'Marketing:coupons',0,0,'2021-04-19 14:39:56',NULL),(196,0,'a:1:{i:1;a:2:{s:5:\"title\";s:17:\"Mail Bildirimleri\";s:11:\"description\";s:0:\"\";}}','','','backend',193,1,'Marketing:notifications',0,0,'2021-04-19 14:40:28',NULL),(197,0,'a:1:{i:1;a:2:{s:5:\"title\";s:12:\"Hediye Çeki\";s:11:\"description\";s:0:\"\";}}','','','backend',193,1,'Marketing:Presents',0,0,'2021-04-19 14:40:54',NULL),(198,0,'a:1:{i:1;a:2:{s:5:\"title\";s:17:\"Haber Bültenleri\";s:11:\"description\";s:0:\"\";}}','','','backend',193,1,'Marketing:newsLetters',0,0,'2021-04-19 14:41:23',NULL),(199,0,'a:1:{i:1;a:2:{s:5:\"title\";s:13:\"Bandrol Arama\";s:11:\"description\";s:36:\"Kitapları bandrol ile aramaya yarar\";}}','<i class=\"ki-duotone ki-tag fs-2\"><span class=\"path1\"></span><span class=\"path2\"></span><span class=\"path3\"></span></i>','','backend',238,1,'Barcode:search',8,0,'2021-04-20 08:33:48',NULL),(200,0,'a:1:{i:1;a:2:{s:5:\"title\";s:6:\"Matbaa\";s:11:\"description\";s:0:\"\";}}','<i class=\"ki-duotone ki-printer fs-2\"><span class=\"path1\"></span><span class=\"path2\"></span><span class=\"path3\"></span><span class=\"path4\"></span><span class=\"path5\"></span></i>','','backend',0,0,'Printing:default',5,0,'2021-04-23 16:00:17',NULL),(201,0,'a:1:{i:1;a:2:{s:5:\"title\";s:23:\"Matbaa & Ambar Tanımı\";s:11:\"description\";s:0:\"\";}}','','','backend',200,1,'Printing:default',0,0,'2021-04-23 18:06:38',NULL),(202,0,'a:1:{i:1;a:2:{s:5:\"title\";s:17:\"Kitap Tanımları\";s:11:\"description\";s:0:\"\";}}','','','backend',200,1,'Printing:book',0,0,'2021-04-23 18:07:11',NULL),(203,0,'a:1:{i:1;a:2:{s:5:\"title\";s:24:\"İç Kağıt Tanımları\";s:11:\"description\";s:0:\"\";}}','','','backend',200,1,'Printing:paper',0,0,'2021-04-23 18:08:09',NULL),(204,0,'a:1:{i:1;a:2:{s:5:\"title\";s:27:\"Kapak Kağıdı Tanımları\";s:11:\"description\";s:0:\"\";}}','','','backend',200,1,'Printing:coverPaper',0,0,'2021-04-23 18:08:50',NULL),(205,0,'a:1:{i:1;a:2:{s:5:\"title\";s:16:\"Ürün Yetkileri\";s:11:\"description\";s:0:\"\";}}','<i class=\"ki-duotone ki-joystick fs-2\"><span class=\"path1\"></span><span class=\"path2\"></span><span class=\"path3\"></span><span class=\"path4\"></span></i>','','backend',193,1,'Campaign:authorization',6,0,'2021-05-03 12:46:11',NULL),(206,0,'a:1:{i:1;a:2:{s:5:\"title\";s:7:\"Depolar\";s:11:\"description\";s:0:\"\";}}','','','backend',178,1,'Warehouse:default',0,0,'2021-05-09 10:49:09',NULL),(207,0,'a:1:{i:1;a:2:{s:5:\"title\";s:6:\"Raflar\";s:11:\"description\";s:0:\"\";}}','','','backend',178,1,'Warehouse:shelf',5,0,'2021-05-09 12:16:27',NULL),(208,0,'a:1:{i:1;a:2:{s:5:\"title\";s:8:\"Muhasebe\";s:11:\"description\";s:0:\"\";}}','<i class=\"ki-duotone ki-finance-calculator fs-2\"><span class=\"path1\"></span><span class=\"path2\"></span><span class=\"path3\"></span><span class=\"path4\"></span><span class=\"path5\"></span><span class=\"path6\"></span><span class=\"path7\"></span></i>','','backend',0,1,'Cash:default',0,0,'2021-05-15 12:17:02',NULL),(209,0,'a:1:{i:1;a:2:{s:5:\"title\";s:11:\"Hesaplarım\";s:11:\"description\";s:0:\"\";}}','','','backend',208,1,'Cash:accounts',0,0,'2021-05-15 12:30:14',NULL),(210,0,'a:1:{i:1;a:2:{s:5:\"title\";s:13:\"Çalışanlar\";s:11:\"description\";s:0:\"\";}}','','','backend',208,1,'Cash:person',0,0,'2021-05-17 15:25:11',NULL),(211,0,'a:1:{i:1;a:2:{s:5:\"title\";s:9:\"Masraflar\";s:11:\"description\";s:0:\"\";}}','','','backend',208,1,'Cash:expense',0,0,'2021-05-17 15:26:26',NULL),(212,0,'a:1:{i:1;a:2:{s:5:\"title\";s:11:\"E-Faturalar\";s:11:\"description\";s:0:\"\";}}','<i class=\"ki-duotone ki-cheque fs-2\"><span class=\"path1\"></span><span class=\"path2\"></span><span class=\"path3\"></span><span class=\"path4\"></span><span class=\"path5\"></span><span class=\"path6\"></span><span class=\"path7\"></span></i>','','backend',208,1,'Einvoice:default',0,0,'2021-05-17 15:27:28',NULL),(213,0,'a:1:{i:1;a:2:{s:5:\"title\";s:12:\"Demirbaşlar\";s:11:\"description\";s:0:\"\";}}','','','backend',208,1,'Cash:fixture',0,0,'2021-05-17 15:28:44',NULL),(214,0,'a:1:{i:1;a:2:{s:5:\"title\";s:15:\"Çek Portföyü\";s:11:\"description\";s:0:\"\";}}','','','backend',208,1,'Cash:cheques',0,0,'2021-05-17 15:29:50',NULL),(215,0,'a:1:{i:1;a:2:{s:5:\"title\";s:16:\"Senet Portföyü\";s:11:\"description\";s:0:\"\";}}','','','backend',208,1,'Cash:bills',0,0,'2021-05-17 15:30:29',NULL),(216,0,'a:1:{i:1;a:2:{s:5:\"title\";s:23:\"Beklemedeki Siparişler\";s:11:\"description\";s:23:\"Beklemedeki Siparişler\";}}','','','backend',178,1,'Order:pending',11,0,'2021-06-23 07:01:19',NULL),(217,0,'a:1:{i:1;a:2:{s:5:\"title\";s:13:\"Sevk Edilecek\";s:11:\"description\";s:13:\"Sevk Edilecek\";}}','','','backend',178,1,'Order:shipping',12,0,'2021-06-23 07:03:57',NULL),(218,0,'a:1:{i:1;a:2:{s:5:\"title\";s:20:\"Onaydaki Siparişler\";s:11:\"description\";s:0:\"\";}}','','','backend',178,1,'Order:confirm',10,0,'2021-06-23 07:05:28',NULL),(219,0,'a:1:{i:1;a:2:{s:5:\"title\";s:23:\"Toplamadaki Siparişler\";s:11:\"description\";s:0:\"\";}}','','','backend',178,1,'Order:harvesting',13,0,'2021-06-23 07:08:02',NULL),(220,0,'a:1:{i:1;a:2:{s:5:\"title\";s:23:\"Kontroldeki Siparişler\";s:11:\"description\";s:0:\"\";}}','','','backend',178,1,'Order:control',13,0,'2021-06-23 07:08:52',NULL),(221,0,'a:1:{i:1;a:2:{s:5:\"title\";s:22:\"Tamamlanan Siparişler\";s:11:\"description\";s:0:\"\";}}','','','backend',178,1,'Order:complate',14,0,'2021-06-23 07:10:36',NULL),(222,0,'a:1:{i:1;a:2:{s:5:\"title\";s:14:\"Gelen E-Fatura\";s:11:\"description\";s:14:\"Gelen E-Fatura\";}}','<i class=\"ki-duotone ki-file-down fs-2\"><span class=\"path1\"></span><span class=\"path2\"></span></i>','','backend',212,1,'Einvoice:income',0,0,'2023-01-29 11:16:18',NULL),(223,0,'a:1:{i:1;a:2:{s:5:\"title\";s:14:\"Giden E-Fatura\";s:11:\"description\";s:14:\"Giden E-Fatura\";}}','<i class=\"ki-duotone ki-file-up fs-2\"><span class=\"path1\"></span><span class=\"path2\"></span></i>','','backend',212,1,'Einvoice:outcome',1,0,'2023-01-29 11:16:51',NULL),(226,0,'a:1:{i:1;a:2:{s:5:\"title\";s:11:\"Seçenekler\";s:11:\"description\";s:31:\"Ürüne ait varyant tanımları\";}}','<i class=\"ki-duotone ki-toggle-off-circle fs-2\"><span class=\"path1\"></span><span class=\"path2\"></span></i>','','backend',45,1,'Product:options',0,0,'2024-01-30 09:57:20',NULL),(227,0,'a:1:{i:1;a:2:{s:5:\"title\";s:8:\"Projeler\";s:11:\"description\";s:8:\"Projeler\";}}','<i class=\"ki-duotone ki-rocket fs-2\"> 																			<span class=\"path1\"></span> 																			<span class=\"path2\"></span></i>','','backend',0,0,'Project:project',0,0,'2024-02-18 00:41:56',NULL),(228,0,'a:1:{i:1;a:2:{s:5:\"title\";s:8:\"Projeler\";s:11:\"description\";s:8:\"Projeler\";}}','','','backend',227,1,'Project:projects',0,0,'2024-02-18 00:43:43',NULL),(229,0,'a:1:{i:1;a:2:{s:5:\"title\";s:12:\"Müşteriler\";s:11:\"description\";s:12:\"Müşteriler\";}}','','','backend',227,1,'Project:customers',0,0,'2024-02-18 00:45:36',NULL),(230,0,'a:1:{i:1;a:2:{s:5:\"title\";s:9:\"Görevler\";s:11:\"description\";s:9:\"Görevler\";}}','','','backend',227,1,'Project:tasks',0,0,'2024-02-18 00:47:06',NULL),(231,0,'a:1:{i:1;a:2:{s:5:\"title\";s:8:\"Gelirler\";s:11:\"description\";s:8:\"Gelirler\";}}','','','backend',208,1,'Cash:earning',0,0,'2024-02-19 01:24:07',NULL),(232,0,'a:1:{i:1;a:2:{s:5:\"title\";s:8:\"Chat GPT\";s:11:\"description\";s:8:\"Chat GPT\";}}','<i class=\"ki-duotone ki-illustrator fs-2\"><span class=\"path1\"></span><span class=\"path2\"></span><span class=\"path3\"></span><span class=\"path4\"></span></i>','','backend',227,0,'Chatgpt:default',0,0,'2024-05-22 22:12:35',NULL),(233,0,'a:1:{i:1;a:2:{s:5:\"title\";s:22:\"Domain & Host Yönetim\";s:11:\"description\";s:22:\"Domain & Host Yönetim\";}}','','','backend',227,0,'DomainHost:default',5,0,'2024-06-15 10:22:57',NULL),(234,0,'a:1:{i:1;a:2:{s:5:\"title\";s:15:\"Dosya Yönetici\";s:11:\"description\";s:0:\"\";}}','<i class=\"ki-duotone ki-size fs-2\"><span class=\"path1\"></span><span class=\"path2\"></span></i>','','backend',227,0,'Filemanager:default',6,0,'2024-08-21 15:07:00',NULL),(235,0,'a:1:{i:1;a:2:{s:5:\"title\";s:13:\"Genel Ayarlar\";s:11:\"description\";s:0:\"\";}}','<i class=\"ki-duotone ki-setting-3 fs-2\"><span class=\"path1\"></span><span class=\"path2\"></span><span class=\"path3\"></span><span class=\"path4\"></span><span class=\"path5\"></span></i>','','backend',29,1,'Setting:general',0,0,'2024-12-01 12:24:48',NULL),(236,0,'a:1:{i:1;a:2:{s:5:\"title\";s:20:\"Ekstra Alan Tanımı\";s:11:\"description\";s:55:\"Ürün, blog, içerik gibi alanlara ekstra tanım yapar\";}}','<i class=\"ki-duotone ki-copy-success fs-2\"><span class=\"path1\"></span><span class=\"path2\"></span></i>','','backend',29,1,'Setting:extras',8,0,'2024-12-01 22:37:09',NULL),(237,0,'a:1:{i:1;a:2:{s:5:\"title\";s:11:\"Özellikler\";s:11:\"description\";s:27:\"Ürün özellik tanımları\";}}','<i class=\"ki-duotone ki-lots-shopping fs-2\"><span class=\"path1\"></span><span class=\"path2\"></span><span class=\"path3\"></span><span class=\"path4\"></span><span class=\"path5\"></span><span class=\"path6\"></span><span class=\"path7\"></span><span class=\"path8\"></span></i>','','backend',45,1,'Attribute:default',3,0,'2024-12-02 10:31:53',NULL),(238,0,'a:1:{i:1;a:2:{s:5:\"title\";s:17:\"Kitap Tanımları\";s:11:\"description\";s:39:\"Kitap ve yayınevlerine özel tanımlar\";}}','<i class=\"ki-duotone ki-book-open fs-2\"><span class=\"path1\"></span><span class=\"path2\"></span><span class=\"path3\"></span><span class=\"path4\"></span></i>','','backend',45,1,'Product:default',10,0,'2024-12-02 10:33:29',NULL),(239,0,'a:1:{i:1;a:2:{s:5:\"title\";s:9:\"Filtreler\";s:11:\"description\";s:22:\"Ürün filtre tanımı\";}}','<i class=\"ki-duotone ki-filter fs-2\"><span class=\"path1\"></span><span class=\"path2\"></span></i>','','backend',45,1,'Filter:default',5,0,'2024-12-02 11:34:43',NULL),(240,0,'a:1:{i:1;a:2:{s:5:\"title\";s:17:\"Hızlı Filtreler\";s:11:\"description\";s:23:\"Hızlı filtre tanımı\";}}','<i class=\"ki-duotone ki-filter-square fs-2\"><span class=\"path1\"></span><span class=\"path2\"></span></i>','','backend',45,1,'Filter:fast',9,0,'2024-12-02 11:36:15',NULL),(241,0,'a:1:{i:1;a:2:{s:5:\"title\";s:18:\"İçerik Yönetimi\";s:11:\"description\";s:42:\"İçerik, medya, galeri, blog vs yönetimi\";}}','<i class=\"ki-duotone ki-color-swatch fs-2\"><span class=\"path1\"></span><span class=\"path2\"></span><span class=\"path3\"></span><span class=\"path4\"></span><span class=\"path5\"></span><span class=\"path6\"></span><span class=\"path7\"></span><span class=\"path8\"></span><span class=\"path9\"></span><span class=\"path10\"></span><span class=\"path11\"></span><span class=\"path12\"></span><span class=\"path13\"></span><span class=\"path14\"></span><span class=\"path15\"></span><span class=\"path16\"></span><span class=\"path17\"></span><span class=\"path18\"></span><span class=\"path19\"></span><span class=\"path20\"></span><span class=\"path21\"></span></i>','','backend',0,1,'Content:default',3,0,'2024-12-02 11:45:11',NULL),(242,0,'a:1:{i:1;a:2:{s:5:\"title\";s:9:\"Geleriler\";s:11:\"description\";s:14:\"Resim galerisi\";}}','<i class=\"ki-duotone ki-screen fs-2\"><span class=\"path1\"></span><span class=\"path2\"></span><span class=\"path3\"></span><span class=\"path4\"></span></i>','','backend',241,1,'Gallery:default',5,0,'2024-12-02 11:50:16',NULL),(243,0,'a:1:{i:1;a:2:{s:5:\"title\";s:9:\"Galeriler\";s:11:\"description\";s:23:\"Resim galerisi oluştur\";}}','<i class=\"ki-duotone ki-screen fs-2\"><span class=\"path1\"></span><span class=\"path2\"></span><span class=\"path3\"></span><span class=\"path4\"></span></i>','','backend',242,1,'Gallery:default',0,0,'2024-12-02 11:51:48',NULL),(244,0,'a:1:{i:1;a:2:{s:5:\"title\";s:19:\"Galeri Kategorileri\";s:11:\"description\";s:24:\"Kategori listele ve ekle\";}}','<i class=\"ki-duotone ki-element-plus fs-2\"><span class=\"path1\"></span><span class=\"path2\"></span><span class=\"path3\"></span><span class=\"path4\"></span><span class=\"path5\"></span></i>','','backend',242,1,'Gallery:galleryCategories',3,0,'2024-12-02 11:53:56',NULL),(245,0,'a:1:{i:1;a:2:{s:5:\"title\";s:12:\"Blog / Haber\";s:11:\"description\";s:25:\"Blog veya haber yönetimi\";}}','<i class=\"ki-duotone ki-menu fs-2\"><span class=\"path1\"></span><span class=\"path2\"></span><span class=\"path3\"></span><span class=\"path4\"></span></i>','','backend',241,1,'Blog:default',2,0,'2024-12-02 11:57:10',NULL),(246,0,'a:1:{i:1;a:2:{s:5:\"title\";s:12:\"Blog / Haber\";s:11:\"description\";s:26:\"Blog/Haber listele ve ekle\";}}','<i class=\"ki-duotone ki-text-bold fs-2\"><span class=\"path1\"></span><span class=\"path2\"></span><span class=\"path3\"></span></i>','','backend',245,1,'Blog:default',0,0,'2024-12-02 11:59:09',NULL),(247,4,'a:1:{i:1;a:3:{s:5:\"title\";s:8:\"Anasayfa\";s:11:\"description\";s:0:\"\";s:3:\"url\";s:1:\"/\";}}','','','frontend',0,1,'/',0,0,'2024-12-14 16:48:29',NULL),(248,4,'a:1:{i:1;a:3:{s:5:\"title\";s:8:\"Kurumsal\";s:11:\"description\";s:0:\"\";s:3:\"url\";s:9:\"/kurumsal\";}}','','','frontend',0,1,'/kurumsal',0,0,'2024-12-14 16:48:50',NULL),(249,0,'a:1:{i:1;a:2:{s:5:\"title\";s:15:\"Menü Grupları\";s:11:\"description\";s:26:\"Kulanıcı Menü Grupları\";}}','<i class=\"ki-duotone ki-burger-menu-2 fs-2\"><span class=\"path1\"></span><span class=\"path2\"></span><span class=\"path3\"></span><span class=\"path4\"></span><span class=\"path5\"></span><span class=\"path6\"></span><span class=\"path7\"></span><span class=\"path8\"></span><span class=\"path9\"></span><span class=\"path10\"></span></i>','','backend',2,1,'Menu:groups',10,0,'2024-12-14 16:54:38',NULL),(250,0,'a:1:{i:1;a:2:{s:5:\"title\";s:20:\"Yeni Blog/Haber Ekle\";s:11:\"description\";s:23:\"Yeni haber ve blog ekle\";}}','<i class=\"ki-duotone ki-notepad-edit fs-2\"><span class=\"path1\"></span><span class=\"path2\"></span></i>','','backend',245,1,'Blog:newBlogs',2,0,'2024-12-15 01:32:09',NULL),(251,0,'a:1:{i:1;a:2:{s:5:\"title\";s:23:\"Blog/Haber Kategorileri\";s:11:\"description\";s:23:\"Blog / Kategori listesi\";}}','<i class=\"ki-duotone ki-data fs-2\"><span class=\"path1\"></span><span class=\"path2\"></span><span class=\"path3\"></span><span class=\"path4\"></span><span class=\"path5\"></span></i>','','backend',245,1,'Blog:blogCategories',3,0,'2024-12-15 01:35:29',NULL),(252,0,'a:1:{i:1;a:2:{s:5:\"title\";s:28:\"Yeni Blog / Haber Kategorisi\";s:11:\"description\";s:32:\"Yeni kategori eklemenizi sağlar\";}}','<i class=\"ki-duotone ki-add-folder fs-2\"><span class=\"path1\"></span><span class=\"path2\"></span></i>','','backend',245,1,'Blog:newBlogCategories',4,0,'2024-12-15 01:39:49',NULL),(253,4,'a:1:{i:1;a:3:{s:5:\"title\";s:13:\"Hizmetlerimiz\";s:11:\"description\";s:0:\"\";s:3:\"url\";s:14:\"/hizmetlerimiz\";}}','','','frontend',0,1,'/hizmetlerimiz',3,0,'2024-12-15 17:43:51',NULL),(255,4,'a:1:{i:1;a:3:{s:5:\"title\";s:12:\"Web Tasarım\";s:11:\"description\";s:0:\"\";s:3:\"url\";s:12:\"/web-tasarim\";}}','','','frontend',253,1,'',1,0,'2024-12-15 17:47:56',NULL),(256,4,'a:1:{i:1;a:3:{s:5:\"title\";s:11:\"Referanslar\";s:11:\"description\";s:0:\"\";s:3:\"url\";s:12:\"/referanslar\";}}','','','frontend',0,1,'',4,0,'2024-12-15 17:48:46',NULL),(257,4,'a:1:{i:1;a:3:{s:5:\"title\";s:4:\"Blog\";s:11:\"description\";s:0:\"\";s:3:\"url\";s:5:\"/blog\";}}','','','frontend',0,1,'',5,0,'2024-12-15 17:49:11',NULL),(258,4,'a:1:{i:1;a:3:{s:5:\"title\";s:10:\"İletişim\";s:11:\"description\";s:0:\"\";s:3:\"url\";s:9:\"/iletisim\";}}','','','frontend',0,1,'',9,0,'2024-12-15 21:27:57',NULL),(259,0,'a:1:{i:1;a:3:{s:5:\"title\";s:12:\"Teklif İste\";s:11:\"description\";s:0:\"\";s:3:\"url\";s:12:\"/teklif-iste\";}}','','','frontend',253,1,'',0,0,'2024-12-22 01:41:26',NULL),(260,0,'a:1:{i:1;a:2:{s:5:\"title\";s:10:\"Çeviriler\";s:11:\"description\";s:17:\"Metin çevirileri\";}}','<i class=\"ki-duotone ki-messages fs-2\"><span class=\"path1\"></span><span class=\"path2\"></span><span class=\"path3\"></span><span class=\"path4\"></span><span class=\"path5\"></span></i>','','backend',241,1,'Setting:translate',6,0,'2024-12-22 10:49:24',NULL),(261,0,'a:1:{i:1;a:3:{s:5:\"title\";s:12:\"Hakkımızda\";s:11:\"description\";s:0:\"\";s:3:\"url\";s:11:\"/hakkimizda\";}}','','','frontend',248,1,'',0,0,'2024-12-22 20:55:23',NULL),(262,0,'a:1:{i:1;a:2:{s:5:\"title\";s:16:\"Geri Bildirimler\";s:11:\"description\";s:0:\"\";}}','<i class=\"ki-duotone ki-pencil fs-2\"><span class=\"path1\"></span><span class=\"path2\"></span></i>','','backend',241,1,'Feedback:default',6,0,'2024-12-26 09:40:31',NULL),(263,0,'a:1:{i:1;a:2:{s:5:\"title\";s:18:\"Sıkça Sorulanlar\";s:11:\"description\";s:0:\"\";}}','<i class=\"ki-duotone ki-questionnaire-tablet fs-2\"><span class=\"path1\"></span><span class=\"path2\"></span></i>','','backend',241,1,'Sss:default',7,0,'2024-12-26 09:49:58',NULL),(264,0,'a:1:{i:1;a:3:{s:5:\"title\";s:3:\"Seo\";s:11:\"description\";s:0:\"\";s:3:\"url\";s:4:\"/seo\";}}','','','frontend',248,1,'',0,0,'2024-12-26 21:19:22',NULL),(265,0,'a:1:{i:1;a:2:{s:5:\"title\";s:3:\"SMS\";s:11:\"description\";s:14:\"SMS Gönderimi\";}}','<i class=\"ki-duotone ki-message-notif fs-2\"><span class=\"path1\"></span><span class=\"path2\"></span><span class=\"path3\"></span><span class=\"path4\"></span><span class=\"path5\"></span></i>','','backend',227,1,'Setting:smsNotification',6,0,'2025-01-11 01:44:09',NULL);

--
-- Table structure for table `menu_desc`
--

CREATE TABLE `menu_desc` (
  `menu_id` int NOT NULL,
  `language_id` int NOT NULL,
  `title` varchar(155) NOT NULL,
  `description` text,
  `url` varchar(150) DEFAULT NULL,
  PRIMARY KEY (`menu_id`,`language_id`),
  KEY `menu_desc_language_id_index` (`language_id`),
  KEY `menu_desc_menu_id_index` (`menu_id`)
) ENGINE=InnoDB DEFAULT CHARSET=utf8mb3;

--
-- Dumping data for table `menu_desc`
--

INSERT INTO `menu_desc` VALUES (2,1,'Menü','Bu bir ana menüdür.',NULL),(5,1,'Bölgeler ','Bu bir ana menüdür.',NULL),(6,1,'Ülkeler ','Bu bir alt menüdür.',NULL),(7,1,'Şehirler ','Bu bir alt menüdür.',NULL),(8,1,'İlçeler ','Bu bir alt menüdür.',NULL),(9,1,'Mahalleler ','Bu bir alt menüdür.',NULL),(13,1,'İlanlar ','Bu bir ana menüdür.',NULL),(13,3,'Ads ','This is a parent menu.',NULL),(14,1,'İlan Kategorileri','Bu bir alt menüdür.',NULL),(14,3,'Ad Categories ','This is a child menu.',NULL),(15,1,'İlan Özellikleri','Bu bir alt menüdür.',NULL),(15,3,'Ad Options','This is a child menu.',NULL),(16,1,'İlan Özellik Grupları','Bu bir alt menüdür.',NULL),(16,3,'Ad Option Groups ','This is a child menu.',NULL),(17,1,'İlan Detayları ','Bu bir alt menüdür.',NULL),(17,3,'Ad details ','This is a child menu.',NULL),(18,1,'Raporlar ','Bu bir ana menüdür.',NULL),(20,1,'Satış Raporları','Bu bir alt menüdür.',NULL),(21,1,'Müşteriler ','Bu bir ana menüdür.',NULL),(22,1,'Müşteri Grupları ','Bu bir alt menüdür.',NULL),(23,1,'Kullanıcılar','Bu bir alt menüdür.',NULL),(23,3,'Users ','This is a child menu.',NULL),(25,1,'Açık Talepler ','Bu bir alt menüdür.',NULL),(25,3,'Open Demands','This is a child menu.',NULL),(26,1,'Sonuçlanmış Talepler ','Bu bir alt menüdür.',NULL),(26,3,'Closed Request','This is a child menu.',NULL),(27,1,'Talep Aç ','Bu bir alt menüdür.',NULL),(27,3,'Open demand','This is a child menu.',NULL),(28,1,'Ayarlar ','Bu bir ana menüdür.',NULL),(29,1,'Genel Ayarlar ','Bu bir alt menüdür.',NULL),(35,1,'İçerikler ','İçerik ve içerik kategorisi giriş alanı',NULL),(36,1,'İçerikler ','Bu bir ana menüdür.',NULL),(36,3,'Contents ','This is a parent menu.',NULL),(37,1,'İçerik Kategorileri','Bu bir alt menüdür.',NULL),(38,1,'Medya','Slide, banner vs tanım alanı',NULL),(40,1,'Slayt','Bu bir ana menüdür.',NULL),(40,3,'Slide','This is a parent menu.',NULL),(41,1,'Para Birimi Tanımlama','USD,EURO,TRY gibi para birimi tanımlanır.',NULL),(45,1,'Ürünler ','Bu bir ana menüdür.',NULL),(46,1,'Ürünler ','Ürün tanımı.',NULL),(47,1,'Ürün Kategorileri','Ürünlere ait kategori tanımı',NULL),(53,1,'Ödeme Yöntemleri','Kullanılacak pos tanımları',NULL),(54,1,'Siparişler',NULL,NULL),(55,1,'Siparişler ','Bu bir alt menüdür.',NULL),(56,1,'Diller ','Bu bir alt menüdür.',NULL),(57,1,'KDV Tanımları','%10, %20 gibi farklı KDV tanımları.',NULL),(61,1,'Bölgeler ','Bu bir alt menüdür.',NULL),(62,1,'Sipariş Durumları','Bu bir alt menüdür.',NULL),(66,1,'Siparişler ','Bu bir alt menüdür.',NULL),(66,3,'Orders','This is a child menu.',NULL),(67,1,'SMS','sms to be thrown',NULL),(67,3,'SMS','Burada sms atılacak.',NULL),(71,1,'Mağazalar','Yeni site tanımlayıp farklı mağazaları da yönetebilirsiniz.',NULL),(91,1,'Yönlendirmeler','301,303 gibi redirect işlemleri için kullanılmaktadır',NULL),(92,1,'Ürün Raporları','',NULL),(94,1,'Gelince Haber Ver','',NULL),(94,2,'Gelince Haber Ver','',NULL),(101,1,'E-Fatura','E-Fatura',NULL),(101,2,'E-Fatura','E-Fatura',NULL),(101,3,'E-Fatura','E-Fatura',NULL),(101,4,'E-Fatura','E-Fatura',NULL),(102,1,'Hata Raporları','Hata Raporları',NULL),(103,1,'Banner','Banner',NULL),(107,1,'Seo Url','',NULL),(107,2,'Slug Url','',NULL),(108,1,'Yayınevleri','Kitap yayınevi firma tanımları',NULL),(109,1,'Yazarlar','Kitap yazar tanımı',NULL),(110,1,'Kargo Yöntemleri','Aras, Sürat, Yurtiçi, MNG ve diğerleri',NULL),(111,1,'Sınıflar','Sınıf tanımları',NULL),(112,1,'Dersler','Dersler',NULL),(113,1,'Şubeler','',NULL),(114,1,'Yönetim Paneli Menü','',NULL),(115,1,'Kullanıcı Paneli Menü','',NULL),(172,1,'Müşteriler','',NULL),(173,1,'Bayiler','',NULL),(174,1,'Takvim','',NULL),(175,1,'Kitap Türü','Kitap Türü',NULL),(176,1,'Sayfa Türü','Kitabın sayfa türü tanımı',NULL),(177,1,'Sayfa Kapağı','Kitap sayfa kapak tanımı',NULL),(178,1,'Depo Yönetim','',NULL),(180,1,'İnidirim Ve Kampanyaları Düzenle','',NULL),(181,1,'Yeni Satış','',NULL),(182,1,'Satın Alma İrsaliyesi','',NULL),(183,1,'Mal Alım','',NULL),(184,1,'İade','',NULL),(185,1,'Mal Toplama','',NULL),(186,1,'Mal Kontrol','',NULL),(187,1,'Sayım','',NULL),(188,1,'Sayım Kontrol','Sayım Kontrol',NULL),(189,1,'Bandrol Giriş','',NULL),(190,1,'Excel Aktarım','',NULL),(191,1,'Excel ile Veri Yükle','',NULL),(192,1,'Excel ile Veri Al','',NULL),(193,1,'Pazarlama','',NULL),(194,1,'Hediye Çeki Temaları','',NULL),(195,1,'İndirim Kuponları','',NULL),(196,1,'Mail Bildirimleri','',NULL),(197,1,'Hediye Çeki','',NULL),(198,1,'Haber Bültenleri','',NULL),(199,1,'Bandrol Arama','Kitapları bandrol ile aramaya yarar',NULL),(200,1,'Matbaa','',NULL),(201,1,'Matbaa & Ambar Tanımı','',NULL),(202,1,'Kitap Tanımları','',NULL),(203,1,'İç Kağıt Tanımları','',NULL),(204,1,'Kapak Kağıdı Tanımları','',NULL),(205,1,'Ürün Yetkileri','',NULL),(206,1,'Depolar','',NULL),(207,1,'Raflar','',NULL),(208,1,'Muhasebe','',NULL),(209,1,'Hesaplarım','',NULL),(210,1,'Çalışanlar','',NULL),(211,1,'Masraflar','',NULL),(212,1,'E-Faturalar','',NULL),(213,1,'Demirbaşlar','',NULL),(214,1,'Çek Portföyü','',NULL),(215,1,'Senet Portföyü','',NULL),(216,1,'Beklemedeki Siparişler','Beklemedeki Siparişler',NULL),(217,1,'Sevk Edilecek','Sevk Edilecek',NULL),(218,1,'Onaydaki Siparişler','',NULL),(219,1,'Toplamadaki Siparişler','',NULL),(220,1,'Kontroldeki Siparişler','',NULL),(221,1,'Tamamlanan Siparişler','',NULL),(222,1,'Gelen E-Fatura','Gelen E-Fatura',NULL),(223,1,'Giden E-Fatura','Giden E-Fatura',NULL),(226,1,'Seçenekler','Ürüne ait varyant tanımları',NULL),(227,1,'Projeler','Projeler',NULL),(228,1,'Projeler','Projeler',NULL),(229,1,'Müşteriler','Müşteriler',NULL),(230,1,'Görevler','Görevler',NULL),(231,1,'Gelirler','Gelirler',NULL),(232,1,'Chat GPT','Chat GPT',NULL),(233,1,'Domain & Host Yönetim','Domain & Host Yönetim',NULL),(234,1,'Dosya Yönetici','',NULL),(235,1,'Genel Ayarlar','',NULL),(236,1,'Ekstra Alan Tanımı','Ürün, blog, içerik gibi alanlara ekstra tanım yapar',NULL),(237,1,'Özellikler','Ürün özellik tanımları',NULL),(238,1,'Kitap Tanımları','Kitap ve yayınevlerine özel tanımlar',NULL),(239,1,'Filtreler','Ürün filtre tanımı',NULL),(240,1,'Hızlı Filtreler','Hızlı filtre tanımı',NULL),(241,1,'İçerik Yönetimi','İçerik, medya, galeri, blog vs yönetimi',NULL),(242,1,'Geleriler','Resim galerisi',NULL),(243,1,'Galeriler','Resim galerisi oluştur',NULL),(244,1,'Galeri Kategorileri','Kategori listele ve ekle',NULL),(245,1,'Blog / Haber','Blog veya haber yönetimi',NULL),(246,1,'Blog / Haber','Blog/Haber listele ve ekle',NULL),(247,1,'Anasayfa','','/'),(248,1,'Kurumsal','','/kurumsal'),(249,1,'Menü Grupları','Kulanıcı Menü Grupları',NULL),(250,1,'Yeni Blog/Haber Ekle','Yeni haber ve blog ekle',NULL),(251,1,'Blog/Haber Kategorileri','Blog / Kategori listesi',NULL),(252,1,'Yeni Blog / Haber Kategorisi','Yeni kategori eklemenizi sağlar',NULL),(253,1,'Hizmetlerimiz','','/hizmetlerimiz'),(255,1,'Web Tasarım','','/web-tasarim'),(256,1,'Referanslar','','/referanslar'),(257,1,'Blog','','/blog'),(258,1,'İletişim','','/iletisim'),(259,1,'Teklif İste','','/teklif-iste'),(260,1,'Çeviriler','Metin çevirileri',NULL),(261,1,'Hakkımızda','','/hakkimizda'),(262,1,'Geri Bildirimler','',NULL),(263,1,'Sıkça Sorulanlar','',NULL),(264,1,'Seo','','/seo'),(265,1,'SMS','SMS Gönderimi',NULL);

--
-- Table structure for table `menu_group`
--

CREATE TABLE `menu_group` (
  `id` int NOT NULL AUTO_INCREMENT,
  `group_name` varchar(155) NOT NULL,
  `access` text NOT NULL,
  `status` tinyint(1) NOT NULL DEFAULT '1',
  `ip_id` bigint NOT NULL,
  `date_added` datetime NOT NULL,
  `shop_id` int NOT NULL DEFAULT '1',
  PRIMARY KEY (`id`) USING BTREE
) ENGINE=InnoDB AUTO_INCREMENT=5 DEFAULT CHARSET=utf8mb3;

--
-- Dumping data for table `menu_group`
--

INSERT INTO `menu_group` VALUES (1,'Devoloper','',1,0,'2018-06-15 00:00:00',1),(2,'Yönetici','',1,0,'2018-06-15 00:00:00',1),(4,'Ana Menü','',1,0,'2024-12-14 21:12:41',3);

--
-- Table structure for table `menu_roles`
--

CREATE TABLE `menu_roles` (
  `menu_id` int NOT NULL,
  `user_group_id` int NOT NULL
) ENGINE=MyISAM DEFAULT CHARSET=utf8mb3;

--
-- Dumping data for table `menu_roles`
--

INSERT INTO `menu_roles` VALUES (116,5),(116,7),(117,11),(117,10),(117,9),(117,8),(117,7),(117,6),(117,5),(117,4),(118,4),(118,5),(118,6),(118,7),(118,8),(118,9),(118,10),(118,11),(119,11),(119,10),(119,9),(119,8),(119,7),(119,6),(119,5),(119,4),(120,11),(120,10),(120,9),(120,8),(120,7),(120,6),(120,5),(120,4),(121,4),(121,5),(121,6),(121,7),(121,8),(121,9),(121,10),(121,11),(122,8),(122,7),(122,6),(122,5),(122,4),(123,11),(123,10),(123,9),(123,8),(123,7),(123,6),(123,5),(123,4),(124,11),(124,10),(124,9),(124,8),(124,7),(124,6),(124,5),(124,4),(125,8),(125,7),(125,6),(125,5),(125,4),(126,11),(126,10),(126,9),(126,8),(126,7),(126,6),(126,5),(126,4),(127,4),(127,5),(127,6),(127,7),(127,8),(127,9),(127,10),(127,11),(128,4),(128,5),(128,6),(128,7),(128,8),(128,9),(128,10),(128,11),(129,11),(129,10),(129,9),(129,8),(129,7),(129,6),(129,5),(129,4),(130,8),(130,7),(130,6),(130,5),(130,4),(131,4),(131,5),(131,6),(131,7),(131,8),(132,4),(132,5),(132,6),(132,7),(132,8),(133,4),(133,5),(133,6),(133,7),(133,8),(134,4),(134,5),(134,6),(134,7),(134,8),(135,8),(135,7),(135,6),(135,5),(135,4),(136,8),(136,7),(136,6),(136,5),(136,4),(137,4),(137,5),(137,6),(137,7),(137,8),(138,4),(138,5),(138,6),(138,7),(138,8),(139,4),(139,5),(139,6),(139,7),(139,8),(140,4),(140,5),(140,6),(140,7),(140,8),(141,4),(141,5),(141,6),(141,7),(141,8),(142,7),(142,6),(142,5),(142,4),(143,4),(143,5),(143,6),(143,7),(144,4),(144,5),(144,6),(144,7),(145,4),(145,5),(145,6),(145,7),(146,7),(146,6),(146,5),(146,4),(147,4),(147,5),(147,6),(147,7),(147,8),(148,4),(148,5),(148,6),(148,7),(148,8),(149,4),(149,5),(149,6),(149,7),(149,8),(150,8),(150,7),(150,6),(150,5),(150,4),(151,4),(151,5),(151,6),(151,7),(151,8),(152,4),(152,5),(152,6),(152,7),(152,8),(153,11),(153,10),(153,9),(153,8),(153,7),(153,6),(153,5),(153,4),(160,4),(159,8),(159,7),(159,5),(159,4),(154,8),(154,7),(154,4),(155,4),(155,5),(155,6),(155,7),(155,8),(156,4),(156,5),(156,6),(156,7),(156,8),(157,4),(157,5),(157,6),(157,7),(157,8),(158,11),(158,10),(158,9),(158,8),(158,7),(158,6),(158,5),(158,4),(160,5),(160,6),(160,7),(160,8),(161,4),(161,5),(161,7),(161,8),(162,4),(162,5),(162,7),(162,8),(163,4),(163,5),(163,6),(163,7),(163,8),(164,4),(164,5),(164,6),(164,7),(165,4),(165,5),(165,7),(166,7),(166,5),(166,4),(167,4),(167,5),(167,7),(167,8),(168,4),(168,5),(168,7),(168,8),(169,4),(169,5),(169,7),(169,8),(170,4),(170,5),(170,7),(171,5),(171,4),(171,7),(116,5),(116,7),(117,11),(117,10),(117,9),(117,8),(117,7),(117,6),(117,5),(117,4),(118,4),(118,5),(118,6),(118,7),(118,8),(118,9),(118,10),(118,11),(119,11),(119,10),(119,9),(119,8),(119,7),(119,6),(119,5),(119,4),(120,11),(120,10),(120,9),(120,8),(120,7),(120,6),(120,5),(120,4),(121,4),(121,5),(121,6),(121,7),(121,8),(121,9),(121,10),(121,11),(122,8),(122,7),(122,6),(122,5),(122,4),(123,11),(123,10),(123,9),(123,8),(123,7),(123,6),(123,5),(123,4),(124,11),(124,10),(124,9),(124,8),(124,7),(124,6),(124,5),(124,4),(125,8),(125,7),(125,6),(125,5),(125,4),(126,11),(126,10),(126,9),(126,8),(126,7),(126,6),(126,5),(126,4),(127,4),(127,5),(127,6),(127,7),(127,8),(127,9),(127,10),(127,11),(128,4),(128,5),(128,6),(128,7),(128,8),(128,9),(128,10),(128,11),(129,11),(129,10),(129,9),(129,8),(129,7),(129,6),(129,5),(129,4),(130,8),(130,7),(130,6),(130,5),(130,4),(131,4),(131,5),(131,6),(131,7),(131,8),(132,4),(132,5),(132,6),(132,7),(132,8),(133,4),(133,5),(133,6),(133,7),(133,8),(134,4),(134,5),(134,6),(134,7),(134,8),(135,8),(135,7),(135,6),(135,5),(135,4),(136,8),(136,7),(136,6),(136,5),(136,4),(137,4),(137,5),(137,6),(137,7),(137,8),(138,4),(138,5),(138,6),(138,7),(138,8),(139,4),(139,5),(139,6),(139,7),(139,8),(140,4),(140,5),(140,6),(140,7),(140,8),(141,4),(141,5),(141,6),(141,7),(141,8),(142,7),(142,6),(142,5),(142,4),(143,4),(143,5),(143,6),(143,7),(144,4),(144,5),(144,6),(144,7),(145,4),(145,5),(145,6),(145,7),(146,7),(146,6),(146,5),(146,4),(147,4),(147,5),(147,6),(147,7),(147,8),(148,4),(148,5),(148,6),(148,7),(148,8),(149,4),(149,5),(149,6),(149,7),(149,8),(150,8),(150,7),(150,6),(150,5),(150,4),(151,4),(151,5),(151,6),(151,7),(151,8),(152,4),(152,5),(152,6),(152,7),(152,8),(153,11),(153,10),(153,9),(153,8),(153,7),(153,6),(153,5),(153,4),(160,4),(159,8),(159,7),(159,5),(159,4),(154,8),(154,7),(154,4),(155,4),(155,5),(155,6),(155,7),(155,8),(156,4),(156,5),(156,6),(156,7),(156,8),(157,4),(157,5),(157,6),(157,7),(157,8),(158,11),(158,10),(158,9),(158,8),(158,7),(158,6),(158,5),(158,4),(160,5),(160,6),(160,7),(160,8),(161,4),(161,5),(161,7),(161,8),(162,4),(162,5),(162,7),(162,8),(163,4),(163,5),(163,6),(163,7),(163,8),(164,4),(164,5),(164,6),(164,7),(165,4),(165,5),(165,7),(166,7),(166,5),(166,4),(167,4),(167,5),(167,7),(167,8),(168,4),(168,5),(168,7),(168,8),(169,4),(169,5),(169,7),(169,8),(170,4),(170,5),(170,7),(171,5),(171,4),(171,7);

--
-- Table structure for table `messages`
--

CREATE TABLE `messages` (
  `id` int NOT NULL AUTO_INCREMENT,
  `sender_user_id` int NOT NULL,
  `receiver_user_id` int NOT NULL,
  `subject` varchar(255) NOT NULL,
  `department_id` int NOT NULL,
  `status` int NOT NULL COMMENT '0-beklemede,1- okundu, 2- cevaplandı',
  `insert_date` datetime NOT NULL,
  `update_date` datetime NOT NULL,
  PRIMARY KEY (`id`)
) ENGINE=MyISAM DEFAULT CHARSET=utf8mb3;

--
-- Dumping data for table `messages`
--


--
-- Table structure for table `news`
--

CREATE TABLE `news` (
  `id` int NOT NULL AUTO_INCREMENT,
  `user_id` int NOT NULL,
  `user_group_id` int NOT NULL,
  `text` varchar(250) NOT NULL,
  `url` varchar(150) NOT NULL,
  `status` tinyint(1) NOT NULL DEFAULT '0',
  `insert_date` datetime NOT NULL,
  PRIMARY KEY (`id`)
) ENGINE=MyISAM DEFAULT CHARSET=utf8mb3;

--
-- Dumping data for table `news`
--


--
-- Table structure for table `news_letter`
--

CREATE TABLE `news_letter` (
  `id` int NOT NULL AUTO_INCREMENT,
  `telephone` varchar(15) NOT NULL,
  `email` varchar(50) NOT NULL,
  `customer_id` int NOT NULL,
  `status` tinyint(1) NOT NULL,
  `date_added` datetime NOT NULL,
  `date_edit` datetime NOT NULL,
  `shop_id` int NOT NULL DEFAULT '1',
  PRIMARY KEY (`id`)
) ENGINE=InnoDB DEFAULT CHARSET=utf8mb3;

--
-- Dumping data for table `news_letter`
--


--
-- Table structure for table `notes`
--

CREATE TABLE `notes` (
  `id` int NOT NULL AUTO_INCREMENT,
  `note` varchar(155) NOT NULL,
  `description` text NOT NULL,
  `date_added` datetime NOT NULL,
  `shop_id` int NOT NULL DEFAULT '1',
  PRIMARY KEY (`id`)
) ENGINE=InnoDB DEFAULT CHARSET=utf8mb3;

--
-- Dumping data for table `notes`
--


--
-- Table structure for table `notification`
--

CREATE TABLE `notification` (
  `id` int NOT NULL AUTO_INCREMENT,
  `notification_id` int NOT NULL,
  `code` int NOT NULL,
  `status` int NOT NULL,
  `date_added` int NOT NULL,
  `shop_id` int NOT NULL DEFAULT '1',
  PRIMARY KEY (`id`)
) ENGINE=InnoDB DEFAULT CHARSET=utf8mb3;

--
-- Dumping data for table `notification`
--


--
-- Table structure for table `order_user`
--

CREATE TABLE `order_user` (
  `staff_id` int NOT NULL,
  `order_id` int NOT NULL,
  `date_edit` datetime NOT NULL
) ENGINE=InnoDB DEFAULT CHARSET=utf8mb3;

--
-- Dumping data for table `order_user`
--


--
-- Table structure for table `page_type`
--

CREATE TABLE `page_type` (
  `id` int NOT NULL AUTO_INCREMENT,
  `name` varchar(150) NOT NULL,
  `status` tinyint(1) NOT NULL DEFAULT '0',
  PRIMARY KEY (`id`)
) ENGINE=MyISAM AUTO_INCREMENT=5 DEFAULT CHARSET=utf8mb3;

--
-- Dumping data for table `page_type`
--

INSERT INTO `page_type` VALUES (1,'1. Hamur',1);

--
-- Table structure for table `partner`
--

CREATE TABLE `partner` (
  `id` int NOT NULL AUTO_INCREMENT,
  `name` varchar(150) NOT NULL,
  `desc` mediumtext NOT NULL,
  `status` tinyint(1) NOT NULL DEFAULT '1',
  `sort_order` int NOT NULL,
  `country_id` int NOT NULL,
  `zone_id` int NOT NULL,
  `district_id` int NOT NULL,
  `address` text NOT NULL,
  `telephone` varchar(20) NOT NULL,
  `email` varchar(100) NOT NULL,
  `area` varchar(100) NOT NULL,
  PRIMARY KEY (`id`)
) ENGINE=InnoDB DEFAULT CHARSET=utf8mb3;

--
-- Dumping data for table `partner`
--


--
-- Table structure for table `partner_department`
--

CREATE TABLE `partner_department` (
  `id` int NOT NULL AUTO_INCREMENT,
  `name` varchar(150) NOT NULL,
  `description` text NOT NULL,
  `status` tinyint(1) NOT NULL DEFAULT '0',
  PRIMARY KEY (`id`)
) ENGINE=MyISAM DEFAULT CHARSET=utf8mb3;

--
-- Dumping data for table `partner_department`
--


--
-- Table structure for table `payment_history`
--

CREATE TABLE `payment_history` (
  `id` int NOT NULL AUTO_INCREMENT,
  `item_id` int DEFAULT NULL,
  `pay_order_id` varchar(150) NOT NULL,
  `item` varchar(50) NOT NULL,
  `payment_code` varchar(50) NOT NULL,
  `price` decimal(15,6) NOT NULL,
  `bank_code` varchar(50) NOT NULL,
  `user_id` int NOT NULL,
  `status` tinyint(1) NOT NULL DEFAULT '0',
  `insert_date` datetime NOT NULL DEFAULT CURRENT_TIMESTAMP,
  PRIMARY KEY (`id`)
) ENGINE=InnoDB AUTO_INCREMENT=11 DEFAULT CHARSET=utf8mb3;

--
-- Dumping data for table `payment_history`
--

INSERT INTO `payment_history` VALUES (1,NULL,'','balance','sanalpos',100.000000,'',17,0,'2021-06-19 11:40:54'),(2,NULL,'','balance','sanalpos',150.000000,'',17,0,'2021-06-19 13:23:30'),(3,NULL,'','balance','sanalpos',50.000000,'',17,0,'2021-08-24 19:23:28'),(4,NULL,'','balance','sanalpos',150.000000,'',17,0,'2022-05-06 23:49:34'),(5,NULL,'','balance','sanalpos',50.000000,'',17,0,'2022-09-11 12:41:51'),(6,NULL,'','balance','sanalpos',10.000000,'',17,0,'2022-09-16 11:29:06'),(7,NULL,'','balance','sanalpos',10.000000,'',17,0,'2022-09-16 13:37:14'),(8,NULL,'','balance','sanalpos',10.000000,'',17,0,'2022-09-22 22:18:17'),(9,NULL,'','balance','sanalpos',50.000000,'',17,0,'2022-11-25 22:39:10'),(10,NULL,'','balance','sanalpos',500.000000,'',17,0,'2023-02-14 15:26:16');

--
-- Table structure for table `product_brand`
--

CREATE TABLE `product_brand` (
  `id` int NOT NULL AUTO_INCREMENT,
  `name` varchar(100) NOT NULL,
  `desc` text NOT NULL,
  `status` tinyint(1) NOT NULL,
  `date_added` datetime NOT NULL,
  `date_edit` datetime NOT NULL,
  `shop_id` int NOT NULL DEFAULT '1',
  `xml_id` varchar(55) NOT NULL,
  PRIMARY KEY (`id`)
) ENGINE=InnoDB DEFAULT CHARSET=utf8mb3;

--
-- Dumping data for table `product_brand`
--


--
-- Table structure for table `product_brand_desc`
--

CREATE TABLE `product_brand_desc` (
  `id` int NOT NULL AUTO_INCREMENT,
  `brand_id` int NOT NULL,
  `name` varchar(155) NOT NULL,
  `language_id` int NOT NULL,
  `meta_title` varchar(155) NOT NULL,
  `meta_desc` varchar(155) NOT NULL,
  `meta_keyword` varchar(155) NOT NULL,
  `description` text NOT NULL,
  `seo_url` varchar(100) NOT NULL,
  PRIMARY KEY (`id`)
) ENGINE=InnoDB DEFAULT CHARSET=utf8mb3;

--
-- Dumping data for table `product_brand_desc`
--


--
-- Table structure for table `product_brand_images`
--

CREATE TABLE `product_brand_images` (
  `id` int NOT NULL AUTO_INCREMENT,
  `brand_id` int NOT NULL,
  `image` varchar(255) NOT NULL,
  `api_image` varchar(255) NOT NULL,
  `title` varchar(150) NOT NULL,
  `alt` varchar(150) NOT NULL,
  PRIMARY KEY (`id`)
) ENGINE=InnoDB DEFAULT CHARSET=utf8mb3;

--
-- Dumping data for table `product_brand_images`
--


--
-- Table structure for table `product_categories`
--

CREATE TABLE `product_categories` (
  `id` int NOT NULL AUTO_INCREMENT,
  `parent_id` int DEFAULT NULL,
  `depth` int NOT NULL,
  `image_id` int DEFAULT NULL,
  `sort` int NOT NULL,
  `desc` text NOT NULL,
  `status` tinyint(1) NOT NULL,
  `level` int DEFAULT NULL,
  `level_sort` int NOT NULL,
  `date_add` datetime NOT NULL,
  `date_edit` datetime DEFAULT NULL,
  `viewed` int NOT NULL,
  `image` varchar(250) DEFAULT NULL,
  `icon` varchar(250) DEFAULT NULL,
  `shop_id` int NOT NULL DEFAULT '1',
  `xml_id` varchar(55) NOT NULL,
  `trendyol` int DEFAULT NULL,
  PRIMARY KEY (`id`)
) ENGINE=InnoDB AUTO_INCREMENT=15 DEFAULT CHARSET=utf8mb3;

--
-- Dumping data for table `product_categories`
--

INSERT INTO `product_categories` VALUES (8,0,0,NULL,0,'',1,NULL,0,'2023-01-10 09:57:45','2024-01-30 15:19:04',11,NULL,'',3,'',NULL);

--
-- Table structure for table `product_category_desc`
--

CREATE TABLE `product_category_desc` (
  `id` int NOT NULL AUTO_INCREMENT,
  `category_id` int NOT NULL,
  `name` varchar(155) NOT NULL,
  `language_id` int NOT NULL,
  `meta_title` varchar(155) DEFAULT NULL,
  `meta_desc` varchar(155) DEFAULT NULL,
  `meta_keyword` varchar(155) DEFAULT NULL,
  `description` text,
  `url` varchar(100) NOT NULL,
  PRIMARY KEY (`id`),
  KEY `fk_product_category_desc_id` (`category_id`),
  CONSTRAINT `fk_product_category_desc_id` FOREIGN KEY (`category_id`) REFERENCES `product_categories` (`id`) ON DELETE CASCADE
) ENGINE=InnoDB AUTO_INCREMENT=27 DEFAULT CHARSET=utf8mb3;

--
-- Dumping data for table `product_category_desc`
--

INSERT INTO `product_category_desc` VALUES (26,8,'Kurumsal Ürünler',1,'Kurumsal Ürünler','Kurumsal Ürünler','Kurumsal, Ürünler','Kurumsal Ürünler','kurumsal-urunler.html');

--
-- Table structure for table `product_category_images`
--

CREATE TABLE `product_category_images` (
  `id` int NOT NULL AUTO_INCREMENT,
  `category_id` int NOT NULL,
  `image` varchar(255) NOT NULL,
  `api_image` varchar(255) DEFAULT NULL,
  `title` varchar(250) NOT NULL,
  `alt` varchar(250) NOT NULL,
  PRIMARY KEY (`id`),
  KEY `fk_product_category_images_id` (`category_id`)
) ENGINE=InnoDB AUTO_INCREMENT=3 DEFAULT CHARSET=utf8mb3;

--
-- Dumping data for table `product_category_images`
--

INSERT INTO `product_category_images` VALUES (2,1,'gallery/logo-1618570943.png',NULL,'','');

--
-- Table structure for table `product_comments`
--

CREATE TABLE `product_comments` (
  `id` int NOT NULL AUTO_INCREMENT,
  `product_id` int NOT NULL,
  `customer_id` int NOT NULL,
  `shipping_point` int NOT NULL,
  `product_point` int NOT NULL,
  `shop_point` int NOT NULL,
  `message` varchar(150) NOT NULL,
  `status` tinyint(1) NOT NULL,
  PRIMARY KEY (`id`)
) ENGINE=InnoDB DEFAULT CHARSET=utf8mb3;

--
-- Dumping data for table `product_comments`
--


--
-- Table structure for table `product_detail_values`
--

CREATE TABLE `product_detail_values` (
  `id` int NOT NULL AUTO_INCREMENT,
  `detail_id` int NOT NULL,
  `name` text NOT NULL,
  `image` varchar(155) NOT NULL,
  `sort` int NOT NULL,
  PRIMARY KEY (`id`),
  KEY `fk_detail_values_id` (`detail_id`),
  CONSTRAINT `fk_detail_values_id` FOREIGN KEY (`detail_id`) REFERENCES `product_details` (`id`)
) ENGINE=InnoDB DEFAULT CHARSET=utf8mb3;

--
-- Dumping data for table `product_detail_values`
--


--
-- Table structure for table `product_details`
--

CREATE TABLE `product_details` (
  `id` int NOT NULL AUTO_INCREMENT,
  `sort` int NOT NULL,
  `name` text NOT NULL,
  `icon` varchar(155) NOT NULL,
  `shop_id` int NOT NULL DEFAULT '1',
  `element_type` varchar(20) NOT NULL,
  PRIMARY KEY (`id`)
) ENGINE=InnoDB DEFAULT CHARSET=utf8mb3;

--
-- Dumping data for table `product_details`
--


--
-- Table structure for table `product_discount`
--

CREATE TABLE `product_discount` (
  `id` int NOT NULL AUTO_INCREMENT,
  `product_id` int NOT NULL,
  `user_group_id` int NOT NULL,
  `quantity` int NOT NULL DEFAULT '0',
  `priority` int NOT NULL DEFAULT '1',
  `price` decimal(15,4) NOT NULL DEFAULT '0.0000',
  `date_start` date DEFAULT NULL,
  `date_end` date DEFAULT NULL,
  PRIMARY KEY (`id`),
  KEY `fk_product_discount_id` (`product_id`),
  CONSTRAINT `fk_product_discount_id` FOREIGN KEY (`product_id`) REFERENCES `product_list` (`id`) ON DELETE CASCADE
) ENGINE=InnoDB AUTO_INCREMENT=16 DEFAULT CHARSET=utf8mb3;

--
-- Dumping data for table `product_discount`
--


--
-- Table structure for table `product_let_me_know`
--

CREATE TABLE `product_let_me_know` (
  `id` int NOT NULL AUTO_INCREMENT,
  `product_id` int NOT NULL,
  `name` varchar(50) NOT NULL,
  `surname` varchar(50) NOT NULL,
  `telephone` varchar(15) NOT NULL,
  `email` varchar(50) NOT NULL,
  `shop_id` int NOT NULL,
  PRIMARY KEY (`id`)
) ENGINE=InnoDB DEFAULT CHARSET=utf8mb3;

--
-- Dumping data for table `product_let_me_know`
--


--
-- Table structure for table `product_list`
--

CREATE TABLE `product_list` (
  `id` int NOT NULL AUTO_INCREMENT,
  `barcode` varchar(50) DEFAULT NULL,
  `barcode1` varchar(15) DEFAULT NULL,
  `barcode2` varchar(15) DEFAULT NULL,
  `barcode3` varchar(15) DEFAULT NULL,
  `barcode4` varchar(15) DEFAULT NULL,
  `sample_book_code` varchar(50) DEFAULT NULL,
  `code` varchar(30) DEFAULT NULL,
  `supplier_code` varchar(150) DEFAULT NULL,
  `category_id` int DEFAULT NULL,
  `desc` text,
  `image` varchar(150) DEFAULT NULL,
  `api_image` varchar(150) DEFAULT NULL,
  `location` varchar(150) DEFAULT NULL,
  `options` text,
  `details` text,
  `categories` text,
  `status` tinyint(1) DEFAULT NULL,
  `sort` int DEFAULT NULL,
  `date_added` datetime DEFAULT NULL,
  `date_edit` datetime DEFAULT NULL,
  `price` decimal(15,4) DEFAULT '0.0000',
  `currency_id` int DEFAULT NULL,
  `currency_code` varchar(5) DEFAULT NULL,
  `brand_id` int DEFAULT NULL,
  `supply_id` int DEFAULT NULL,
  `viewed` int DEFAULT NULL,
  `tax_id` int DEFAULT NULL,
  `buying_price` decimal(15,4) DEFAULT NULL,
  `dealer_price` decimal(15,4) DEFAULT NULL,
  `sales_price` decimal(15,4) DEFAULT NULL,
  `xml_id` varchar(155) DEFAULT NULL,
  `is_options` tinyint(1) DEFAULT '0',
  `shop_id` int DEFAULT NULL,
  `author_id` int DEFAULT NULL,
  `bookstore_id` int DEFAULT NULL,
  `product_type` varchar(50) DEFAULT NULL,
  `language` varchar(100) DEFAULT NULL,
  `page_count` int DEFAULT NULL,
  `unit` varchar(15) DEFAULT 'piece' COMMENT 'piece(Adet),pack(Paket),set,box(kutu)',
  `min_stock` int DEFAULT NULL,
  `is_new` tinyint(1) DEFAULT '0',
  `is_bestseller` tinyint(1) DEFAULT '0',
  `is_special` tinyint(1) DEFAULT '0',
  `is_print` tinyint(1) DEFAULT '0',
  `is_sales` tinyint(1) DEFAULT '0',
  `is_reseller` tinyint(1) DEFAULT '0',
  `class_id` int DEFAULT NULL,
  `lesson_id` int DEFAULT NULL,
  `type_id` int DEFAULT NULL,
  `translate` varchar(100) DEFAULT NULL,
  `redaction` varchar(100) DEFAULT NULL,
  `director` varchar(100) DEFAULT NULL,
  `editor` varchar(100) DEFAULT NULL,
  `prepared` varchar(100) DEFAULT NULL,
  `picture` varchar(100) DEFAULT NULL,
  `cover_type_id` int DEFAULT NULL,
  `page_type_id` int DEFAULT NULL,
  `child_year_id` int DEFAULT NULL,
  `print_count` int DEFAULT NULL,
  `weight` decimal(15,2) DEFAULT NULL,
  `desi` int DEFAULT NULL,
  `width` float DEFAULT NULL,
  `height` float DEFAULT NULL,
  `length` float DEFAULT NULL,
  `create_date` datetime DEFAULT NULL,
  `print_date` datetime DEFAULT NULL,
  `ship_date` datetime DEFAULT NULL,
  `pre_order_date` datetime DEFAULT NULL,
  `user_id` int DEFAULT '0',
  `package_start` date DEFAULT NULL,
  `package_end` date DEFAULT NULL,
  `min_critic_stock` int DEFAULT NULL,
  `max_critic_stock` int DEFAULT NULL,
  `trash` tinyint(1) DEFAULT '0',
  `unit_count` int DEFAULT '1',
  `blur` tinyint DEFAULT '0',
  PRIMARY KEY (`id`),
  KEY `publisher_id` (`brand_id`)
) ENGINE=InnoDB AUTO_INCREMENT=52 DEFAULT CHARSET=utf8mb3;

--
-- Dumping data for table `product_list`
--

INSERT INTO `product_list` VALUES (50,'',NULL,NULL,NULL,NULL,NULL,'HML000050',NULL,NULL,NULL,'product/cepli-dosya-bidolubaski-1-1706617245.jpg',NULL,NULL,'a:0:{}',NULL,'a:1:{i:0;s:1:\"8\";}',1,1,'2024-01-30 15:27:09',NULL,84.7458,7,NULL,0,NULL,NULL,1,84.7458,84.7458,0.0000,NULL,0,3,NULL,NULL,NULL,NULL,NULL,'piece',NULL,0,0,0,0,0,0,NULL,NULL,NULL,NULL,NULL,NULL,NULL,NULL,NULL,NULL,NULL,NULL,NULL,NULL,NULL,NULL,NULL,NULL,NULL,NULL,NULL,NULL,0,NULL,NULL,NULL,NULL,1,1,0),(51,'',NULL,NULL,NULL,NULL,NULL,'HML000051',NULL,NULL,NULL,'product/cepli-dosya-bidolubaski-1-1706617245.jpg',NULL,NULL,'a:2:{i:12;a:1:{i:3;a:6:{s:23:\"product_option_value_id\";s:1:\"3\";s:7:\"barcode\";s:8:\"53453453\";s:5:\"price\";s:2:\"50\";s:8:\"quantity\";s:2:\"20\";s:10:\"stock_down\";s:2:\"on\";s:4:\"sort\";s:0:\"\";}}i:13;a:1:{i:5;a:6:{s:23:\"product_option_value_id\";s:1:\"5\";s:7:\"barcode\";s:9:\"456456546\";s:5:\"price\";s:2:\"30\";s:8:\"quantity\";s:2:\"50\";s:10:\"stock_down\";s:2:\"on\";s:4:\"sort\";s:0:\"\";}}}',NULL,'a:1:{i:0;s:1:\"8\";}',1,1,'2024-01-30 15:28:10','2024-01-30 15:54:04',84.7458,7,NULL,0,NULL,NULL,1,84.7458,84.7458,0.0000,NULL,1,3,NULL,NULL,NULL,NULL,NULL,'piece',NULL,0,0,0,0,0,0,NULL,NULL,NULL,NULL,NULL,NULL,NULL,NULL,NULL,NULL,NULL,NULL,NULL,NULL,NULL,NULL,NULL,NULL,NULL,NULL,NULL,NULL,0,NULL,NULL,NULL,NULL,0,1,0);

--
-- Table structure for table `product_list_authors`
--

CREATE TABLE `product_list_authors` (
  `product_list_id` int DEFAULT NULL,
  `author_id` int DEFAULT NULL
) ENGINE=InnoDB DEFAULT CHARSET=latin1;

--
-- Dumping data for table `product_list_authors`
--


--
-- Table structure for table `product_list_barcodes`
--

CREATE TABLE `product_list_barcodes` (
  `product_list_id` int NOT NULL,
  `barcode` varchar(15) NOT NULL,
  `insert_date` datetime NOT NULL
) ENGINE=MyISAM DEFAULT CHARSET=utf8mb3;

--
-- Dumping data for table `product_list_barcodes`
--


--
-- Table structure for table `product_list_categories`
--

CREATE TABLE `product_list_categories` (
  `product_list_id` int NOT NULL,
  `product_category_id` int NOT NULL,
  KEY `fk_product_list_category_ids` (`product_list_id`),
  CONSTRAINT `fk_product_list_category_ids` FOREIGN KEY (`product_list_id`) REFERENCES `product_list` (`id`) ON DELETE CASCADE ON UPDATE CASCADE
) ENGINE=InnoDB DEFAULT CHARSET=utf8mb3;

--
-- Dumping data for table `product_list_categories`
--

INSERT INTO `product_list_categories` VALUES (50,8),(51,8);

--
-- Table structure for table `product_list_desc`
--

CREATE TABLE `product_list_desc` (
  `id` int NOT NULL AUTO_INCREMENT,
  `product_list_id` int NOT NULL,
  `language_id` int NOT NULL,
  `name` varchar(255) NOT NULL,
  `short_name` varchar(60) DEFAULT NULL,
  `description` text,
  `meta_title` varchar(255) NOT NULL,
  `meta_description` varchar(255) NOT NULL,
  `meta_keyword` varchar(255) NOT NULL,
  `tags` varchar(255) NOT NULL,
  `seo_url` varchar(255) NOT NULL,
  `invoice_title` varchar(250) DEFAULT NULL,
  PRIMARY KEY (`id`),
  KEY `product_desc_list_id` (`product_list_id`),
  FULLTEXT KEY `name` (`name`),
  CONSTRAINT `fk_list_desc_list_id` FOREIGN KEY (`product_list_id`) REFERENCES `product_list` (`id`) ON DELETE CASCADE ON UPDATE CASCADE
) ENGINE=InnoDB AUTO_INCREMENT=156 DEFAULT CHARSET=utf8mb3;

--
-- Dumping data for table `product_list_desc`
--

INSERT INTO `product_list_desc` VALUES (155,51,1,'Cepli Dosya',NULL,'                                                                                                                                Cepli Dosya\r\n                                                            \r\n                                                            ','Cepli Dosya','Cepli Dosya','Cepli, Dosya','Cepli, Dosya','cepli-dosya.html',NULL);

--
-- Table structure for table `product_list_details`
--

CREATE TABLE `product_list_details` (
  `product_list_id` int NOT NULL,
  `product_detail_id` int NOT NULL,
  KEY `fk_product_list_details_id` (`product_list_id`),
  CONSTRAINT `fk_product_list_details_id` FOREIGN KEY (`product_list_id`) REFERENCES `product_list` (`id`) ON DELETE CASCADE ON UPDATE CASCADE
) ENGINE=InnoDB DEFAULT CHARSET=utf8mb3;

--
-- Dumping data for table `product_list_details`
--


--
-- Table structure for table `product_list_extras`
--

CREATE TABLE `product_list_extras` (
  `product_list_id` int NOT NULL,
  `code` varchar(50) NOT NULL,
  `value` text NOT NULL,
  `is_serialize` tinyint(1) NOT NULL DEFAULT '0'
) ENGINE=InnoDB DEFAULT CHARSET=utf8mb3;

--
-- Dumping data for table `product_list_extras`
--


--
-- Table structure for table `product_list_image`
--

CREATE TABLE `product_list_image` (
  `id` int NOT NULL AUTO_INCREMENT,
  `list_id` int NOT NULL,
  `image` varchar(255) NOT NULL,
  `api_image` varchar(255) DEFAULT NULL,
  `title` varchar(250) NOT NULL,
  `alt` varchar(250) NOT NULL,
  `cover` tinyint(1) DEFAULT NULL,
  `sort` int NOT NULL,
  PRIMARY KEY (`id`),
  KEY `fk_product_list_image_id` (`list_id`),
  CONSTRAINT `fk_product_list_image_id` FOREIGN KEY (`list_id`) REFERENCES `product_list` (`id`) ON DELETE CASCADE ON UPDATE CASCADE
) ENGINE=InnoDB AUTO_INCREMENT=101 DEFAULT CHARSET=utf8mb3;

--
-- Dumping data for table `product_list_image`
--

INSERT INTO `product_list_image` VALUES (97,50,'product/cepli-dosya-bidolubaski-1-1706617245.jpg',NULL,'','',1,0),(100,51,'product/cepli-dosya-bidolubaski-1-1706617245.jpg',NULL,'','',1,0);

--
-- Table structure for table `product_list_option_values`
--

CREATE TABLE `product_list_option_values` (
  `id` int NOT NULL AUTO_INCREMENT,
  `product_list_id` int NOT NULL,
  `product_option_id` int NOT NULL,
  `product_option_value_id` int DEFAULT NULL,
  `value` varchar(155) DEFAULT NULL,
  `name` varchar(155) DEFAULT NULL,
  `image` varchar(155) DEFAULT NULL,
  `price` decimal(15,4) NOT NULL,
  `barcode` varchar(15) NOT NULL,
  `quantity` int NOT NULL,
  `sort` int DEFAULT '0',
  `stock_down` tinyint(1) NOT NULL DEFAULT '0',
  `parent_id` int DEFAULT NULL,
  `new_parent_id` int DEFAULT NULL,
  `xml_id` varchar(55) DEFAULT NULL,
  PRIMARY KEY (`id`),
  KEY `fk_product_list_option_value_id_` (`product_option_value_id`) USING BTREE,
  CONSTRAINT `product_list_option_values_product_option_values_id_fk` FOREIGN KEY (`product_option_value_id`) REFERENCES `product_option_values` (`id`) ON DELETE CASCADE
) ENGINE=InnoDB AUTO_INCREMENT=21 DEFAULT CHARSET=utf8mb3;

--
-- Dumping data for table `product_list_option_values`
--

INSERT INTO `product_list_option_values` VALUES (19,51,26,3,NULL,NULL,'',50.0000,'53453453',20,0,1,NULL,NULL,NULL),(20,51,27,5,NULL,NULL,'',30.0000,'456456546',50,0,1,NULL,NULL,NULL);

--
-- Table structure for table `product_list_options`
--

CREATE TABLE `product_list_options` (
  `id` int NOT NULL AUTO_INCREMENT,
  `product_list_id` int NOT NULL,
  `product_options_id` int NOT NULL,
  `product_sub_option_id` int NOT NULL,
  `product_main_option_id` int NOT NULL DEFAULT '0',
  `required` tinyint(1) NOT NULL DEFAULT '0',
  PRIMARY KEY (`id`),
  KEY `fk_product_list_options_id` (`product_list_id`),
  KEY `fk_ref_product_list_options_id_id` (`product_options_id`),
  CONSTRAINT `fk_product_list_options_id` FOREIGN KEY (`product_list_id`) REFERENCES `product_list` (`id`) ON DELETE CASCADE ON UPDATE CASCADE,
  CONSTRAINT `fk_product_list_options_id_id` FOREIGN KEY (`product_options_id`) REFERENCES `product_options` (`id`) ON DELETE CASCADE ON UPDATE CASCADE,
  CONSTRAINT `fk_ref_product_list_options_id_id` FOREIGN KEY (`product_options_id`) REFERENCES `product_options` (`id`) ON DELETE CASCADE ON UPDATE CASCADE
) ENGINE=InnoDB AUTO_INCREMENT=28 DEFAULT CHARSET=utf8mb3;

--
-- Dumping data for table `product_list_options`
--

INSERT INTO `product_list_options` VALUES (26,51,12,0,0,1),(27,51,13,0,0,1);

--
-- Table structure for table `product_list_set`
--

CREATE TABLE `product_list_set` (
  `product_list_id` int NOT NULL,
  `sub_product_id` int NOT NULL,
  `user_id` int NOT NULL,
  `sub_quantity` int NOT NULL
) ENGINE=MyISAM DEFAULT CHARSET=utf8mb3;

--
-- Dumping data for table `product_list_set`
--


--
-- Table structure for table `product_list_shop`
--

CREATE TABLE `product_list_shop` (
  `product_list_id` int NOT NULL,
  `shop_id` int NOT NULL
) ENGINE=InnoDB DEFAULT CHARSET=utf8mb3;

--
-- Dumping data for table `product_list_shop`
--

INSERT INTO `product_list_shop` VALUES (50,3),(51,3);

--
-- Table structure for table `product_list_users`
--

CREATE TABLE `product_list_users` (
  `product_list_id` int NOT NULL,
  `user_id` int NOT NULL,
  `price` decimal(15,6) NOT NULL,
  `buying_price` decimal(15,4) NOT NULL,
  `special_price` decimal(15,6) NOT NULL,
  `quantity` int NOT NULL,
  `min_stock` int NOT NULL,
  `status` tinyint(1) NOT NULL DEFAULT '0',
  `valid` tinyint(1) NOT NULL DEFAULT '0',
  `is_new` tinyint(1) NOT NULL DEFAULT '0',
  `is_bestseller` tinyint(1) NOT NULL DEFAULT '0',
  `is_special` tinyint(1) NOT NULL DEFAULT '0',
  `is_sales` tinyint(1) NOT NULL DEFAULT '0',
  `is_reseller` tinyint(1) NOT NULL DEFAULT '0',
  `insert_date` datetime NOT NULL,
  `edit_date` datetime NOT NULL,
  KEY `product_list_user` (`product_list_id`),
  CONSTRAINT `product_list_user` FOREIGN KEY (`product_list_id`) REFERENCES `product_list` (`id`) ON DELETE CASCADE ON UPDATE CASCADE
) ENGINE=InnoDB DEFAULT CHARSET=utf8mb3;

--
-- Dumping data for table `product_list_users`
--


--
-- Table structure for table `product_option_values`
--

CREATE TABLE `product_option_values` (
  `id` int NOT NULL AUTO_INCREMENT,
  `option_id` int NOT NULL,
  `name` text NOT NULL,
  `image` varchar(150) DEFAULT NULL,
  `sort` int NOT NULL,
  `xml_id` varchar(20) DEFAULT NULL,
  PRIMARY KEY (`id`),
  KEY `fk_product_option_group_values_id` (`option_id`)
) ENGINE=InnoDB AUTO_INCREMENT=7 DEFAULT CHARSET=utf8mb3;

--
-- Dumping data for table `product_option_values`
--

INSERT INTO `product_option_values` VALUES (2,11,'a:1:{i:1;s:4:\"10gr\";}',NULL,0,NULL),(3,12,'a:1:{i:1;s:12:\"47.6x37.4 cm\";}',NULL,0,NULL),(4,12,'a:1:{i:1;s:5:\"50X40\";}',NULL,0,NULL),(5,13,'a:1:{i:1;s:15:\"Tek Yön Baskı\";}',NULL,0,NULL),(6,13,'a:1:{i:1;s:17:\"Çift Yön Baskı\";}',NULL,0,NULL);

--
-- Table structure for table `product_options`
--

CREATE TABLE `product_options` (
  `id` int NOT NULL AUTO_INCREMENT,
  `parent_id` int NOT NULL,
  `sort` int NOT NULL,
  `element_type` varchar(100) NOT NULL,
  `name` text NOT NULL,
  `icon` varchar(155) NOT NULL,
  `shop_id` int NOT NULL DEFAULT '1',
  PRIMARY KEY (`id`)
) ENGINE=InnoDB AUTO_INCREMENT=14 DEFAULT CHARSET=utf8mb3;

--
-- Dumping data for table `product_options`
--

INSERT INTO `product_options` VALUES (2,0,0,'text','a:1:{i:1;s:12:\"Sayfa Türü\";}','',3),(11,0,0,'text','a:1:{i:1;s:6:\"Gramaj\";}','',3),(12,0,0,'select','a:1:{i:1;s:4:\"Ebat\";}','',3),(13,0,0,'select','a:1:{i:1;s:13:\"Baskı Yönü\";}','',3);

--
-- Table structure for table `product_search`
--

CREATE TABLE `product_search` (
  `id` int NOT NULL AUTO_INCREMENT,
  `name` varchar(50) NOT NULL,
  `search_filter_name` varchar(50) NOT NULL,
  `price_start` decimal(10,0) NOT NULL,
  `price_end` decimal(10,0) NOT NULL,
  `count` int NOT NULL,
  `status` tinyint(1) NOT NULL,
  `brand_id` int NOT NULL,
  `category_id` int NOT NULL,
  `code` varchar(30) NOT NULL,
  `shop_id` int NOT NULL,
  PRIMARY KEY (`id`),
  KEY `shop` (`shop_id`),
  CONSTRAINT `shop` FOREIGN KEY (`shop_id`) REFERENCES `shops` (`id`) ON DELETE CASCADE ON UPDATE CASCADE
) ENGINE=InnoDB DEFAULT CHARSET=utf8mb3;

--
-- Dumping data for table `product_search`
--


--
-- Table structure for table `product_stock_history`
--

CREATE TABLE `product_stock_history` (
  `id` int NOT NULL AUTO_INCREMENT,
  `product_list_id` int NOT NULL,
  `invoice_no` varchar(150) DEFAULT NULL,
  `customer_id` int DEFAULT NULL,
  `user_id` int DEFAULT NULL,
  `price` decimal(15,4) DEFAULT NULL,
  `quantity` int DEFAULT '0',
  `description` text,
  `warehouse_id` int DEFAULT NULL,
  `shelf_id` int DEFAULT NULL,
  `stock_type` enum('G','Ç') DEFAULT NULL COMMENT 'G-Giriş, Ç-Çıkış',
  `insert_date` datetime DEFAULT CURRENT_TIMESTAMP,
  PRIMARY KEY (`id`)
) ENGINE=InnoDB AUTO_INCREMENT=33 DEFAULT CHARSET=utf8mb3;

--
-- Dumping data for table `product_stock_history`
--

INSERT INTO `product_stock_history` VALUES (32,51,NULL,NULL,1,NULL,50,'Manuel Stok Girişi',4,0,'G','2024-01-30 12:28:10');

--
-- Table structure for table `product_suppliers`
--

CREATE TABLE `product_suppliers` (
  `id` int NOT NULL AUTO_INCREMENT,
  `status` tinyint(1) NOT NULL,
  `supplier_company_name` varchar(20) NOT NULL,
  `email_name` varchar(50) NOT NULL,
  `telephone_number` varchar(15) NOT NULL,
  `tax_office` varchar(50) NOT NULL,
  `tax_number` int NOT NULL,
  `address` text NOT NULL,
  `description` text NOT NULL,
  `date_added` datetime NOT NULL,
  `date_edit` datetime NOT NULL,
  `shop_id` int NOT NULL DEFAULT '1',
  PRIMARY KEY (`id`)
) ENGINE=InnoDB DEFAULT CHARSET=utf8mb3;

--
-- Dumping data for table `product_suppliers`
--


--
-- Table structure for table `product_supply_images`
--

CREATE TABLE `product_supply_images` (
  `id` int NOT NULL AUTO_INCREMENT,
  `supply_id` int NOT NULL,
  `image` varchar(255) NOT NULL,
  `api_image` varchar(255) NOT NULL,
  `title` varchar(150) NOT NULL,
  `alt` varchar(150) NOT NULL,
  PRIMARY KEY (`id`)
) ENGINE=InnoDB DEFAULT CHARSET=utf8mb3;

--
-- Dumping data for table `product_supply_images`
--


--
-- Table structure for table `product_warehouse`
--

CREATE TABLE `product_warehouse` (
  `product_list_id` int NOT NULL,
  `warehouse_id` int NOT NULL,
  `shelf_id` int NOT NULL,
  `quantity` int NOT NULL
) ENGINE=InnoDB DEFAULT CHARSET=utf8mb3;

--
-- Dumping data for table `product_warehouse`
--

INSERT INTO `product_warehouse` VALUES (50,4,0,50),(51,4,0,50);

--
-- Table structure for table `project_task`
--

CREATE TABLE `project_task` (
  `id` int NOT NULL AUTO_INCREMENT,
  `title` varchar(150) NOT NULL,
  `status` tinyint(1) NOT NULL,
  `insert_date` datetime NOT NULL DEFAULT CURRENT_TIMESTAMP,
  `staff` int NOT NULL,
  PRIMARY KEY (`id`)
) ENGINE=InnoDB AUTO_INCREMENT=3 DEFAULT CHARSET=utf8mb3;

--
-- Dumping data for table `project_task`
--

INSERT INTO `project_task` VALUES (2,'sdfsdfsf',1,'2023-12-16 06:13:00',0);

--
-- Table structure for table `project_task_values`
--

CREATE TABLE `project_task_values` (
  `task_id` int NOT NULL,
  `start_date` datetime NOT NULL,
  `detail` mediumtext NOT NULL,
  `deadline` datetime NOT NULL,
  `sort` int NOT NULL
) ENGINE=InnoDB DEFAULT CHARSET=utf8mb3;

--
-- Dumping data for table `project_task_values`
--

INSERT INTO `project_task_values` VALUES (2,'2023-12-10 00:00:00','adssadf','2023-12-11 00:00:00',0);

--
-- Table structure for table `project_times`
--

CREATE TABLE `project_times` (
  `id` int NOT NULL AUTO_INCREMENT,
  `project_id` int DEFAULT NULL,
  `start_date` datetime DEFAULT NULL,
  `end_date` datetime DEFAULT NULL,
  `time_seconts` int DEFAULT NULL,
  UNIQUE KEY `project_times_id_uindex` (`id`)
) ENGINE=InnoDB AUTO_INCREMENT=59 DEFAULT CHARSET=utf8mb4 COLLATE=utf8mb4_0900_ai_ci;

--
-- Dumping data for table `project_times`
--

INSERT INTO `project_times` VALUES (38,1,'2024-02-18 06:46:31','2024-02-18 06:46:37',6),(39,1,'2024-02-18 06:46:50','2024-02-18 06:46:55',5),(40,5,'2024-05-18 17:38:46','2024-05-18 17:38:54',8),(41,5,'2024-05-18 17:39:07','2024-05-18 17:39:45',38),(42,2,'2024-05-19 14:11:35','2024-05-19 14:12:01',26),(43,3,'2024-05-19 14:12:05','2024-05-19 14:14:20',135),(44,5,'2024-05-19 14:31:25',NULL,NULL),(45,5,'2024-05-19 14:32:49','2024-05-19 14:33:05',16),(46,5,'2024-05-19 14:34:59','2024-05-19 14:38:04',185),(47,5,'2024-05-19 14:38:23','2024-05-19 14:48:16',593),(48,3,'2024-05-19 14:49:26','2024-05-19 14:49:32',6),(49,5,'2024-05-19 14:50:18','2024-05-19 14:50:24',6),(50,5,'2024-05-19 14:53:43','2024-05-19 14:53:47',4),(51,5,'2024-05-19 15:21:50','2024-05-19 15:21:56',6),(52,5,'2024-05-19 15:22:02','2024-05-19 15:22:05',3),(53,5,'2024-05-19 15:22:10','2024-05-19 15:27:06',296),(54,6,'2024-06-12 15:02:32','2024-06-12 19:28:17',15945),(55,2,'2024-06-30 15:25:49','2024-06-30 15:25:57',8),(56,2,'2024-08-28 22:37:37','2024-08-28 22:37:48',11),(57,10,'2024-09-22 16:47:41','2024-09-23 22:24:51',106630),(58,3,'2024-12-01 16:56:11','2024-12-01 16:56:36',25);

--
-- Table structure for table `publishers`
--

CREATE TABLE `publishers` (
  `id` int NOT NULL AUTO_INCREMENT,
  `publisher_id` int NOT NULL,
  `name` varchar(150) NOT NULL,
  `description` text NOT NULL,
  `image` varchar(255) NOT NULL,
  `seo_url` varchar(250) NOT NULL,
  `xml_id` varchar(100) NOT NULL,
  `status` tinyint(1) NOT NULL DEFAULT '0',
  `admin_status` tinyint(1) NOT NULL DEFAULT '0',
  `delete_status` tinyint(1) NOT NULL DEFAULT '0',
  PRIMARY KEY (`id`)
) ENGINE=InnoDB AUTO_INCREMENT=6 DEFAULT CHARSET=utf8mb3;

--
-- Dumping data for table `publishers`
--


--
-- Table structure for table `quarter`
--

CREATE TABLE `quarter` (
  `id` int NOT NULL AUTO_INCREMENT,
  `district_id` int NOT NULL,
  `zone_id` int NOT NULL,
  `country_id` int NOT NULL,
  `shipping_status` tinyint(1) NOT NULL,
  `name` varchar(125) NOT NULL,
  `status` tinyint(1) NOT NULL,
  `code` int NOT NULL,
  PRIMARY KEY (`id`),
  KEY `district_id` (`district_id`),
  KEY `zone_id` (`zone_id`,`country_id`)
) ENGINE=InnoDB AUTO_INCREMENT=100183 DEFAULT CHARSET=utf8mb3;

--
-- Dumping data for table `quarter`
--

INSERT INTO `quarter` VALUES (1,1,0,215,1,'AHMET REMZİ YÜREĞİR',1,0),(2,1,0,215,1,'AKKAPI',1,0),(3,1,0,215,1,'ALİDEDE',1,0),(4,1,0,215,1,'AYDINLAR',1,0),(5,1,0,215,1,'BAHÇELİEVLER',1,0),(6,1,0,215,1,'BARBAROS',1,0),(7,1,0,215,1,'BARIŞ',1,0),(8,936,0,215,1,'BELEDİYE EVLERİ',1,0),(9,1,0,215,1,'BEŞOCAK',1,0),(10,1,0,215,1,'BEY',1,0),(11,936,0,215,1,'BEYAZEVLER',1,0),(12,1,0,215,1,'CEMALPAŞA',1,0),(13,1,0,215,1,'ÇINARLI',1,0),(14,1,0,215,1,'DAĞLIOĞLU',1,0),(15,1,0,215,1,'DEMETEVLER',1,0),(16,1,0,215,1,'DENİZLİ',1,0),(17,1,0,215,1,'DÖŞEME',1,0),(18,1,0,215,1,'DUMLUPINAR',1,0),(19,1,0,215,1,'EMEK',1,0),(20,1,0,215,1,'FATİH',1,0),(21,1,0,215,1,'FEVZİPAŞA',1,0),(22,1,0,215,1,'GAZİPAŞA',1,0),(23,1,0,215,1,'GÜLBAHÇESİ',1,0),(24,1,0,215,1,'GÜLPINAR',1,0),(25,1,0,215,1,'GÜRSELPAŞA',1,0),(26,936,0,215,1,'GÜZELYALI',1,0),(27,1,0,215,1,'HANEDAN',1,0),(28,1,0,215,1,'HAVUZLUBAHÇE',1,0),(29,1,0,215,1,'HURMALI',1,0),(30,936,0,215,1,'HUZUREVLERİ',1,0),(31,1,0,215,1,'HÜRRİYET',1,0),(32,1,0,215,1,'İSMETPAŞA',1,0),(33,1,0,215,1,'İSTİKLAL',1,0),(34,1,0,215,1,'KARASOKU',1,0),(35,1,0,215,1,'KAYALIBAĞ',1,0),(36,1,0,215,1,'KOCAVEZİR',1,0),(37,1,0,215,1,'KURTULUŞ',1,0),(38,1,0,215,1,'KURUKÖPRÜ',1,0),(39,936,0,215,1,'MAHFESIĞMAZ',1,0),(40,1,0,215,1,'MESTANZADE',1,0),(41,1,0,215,1,'MEYDAN',1,0),(42,1,0,215,1,'MIDIK',1,0),(43,1,0,215,1,'MİRZAÇELEBİ',1,0),(44,1,0,215,1,'MİTHATPAŞA',1,0),(45,1,0,215,1,'NAMIK KEMAL',1,0),(46,1,0,215,1,'NARLICA',1,0),(47,1,0,215,1,'ONUR',1,0),(48,1,0,215,1,'OVA',1,0),(49,1,0,215,1,'PINAR',1,0),(50,1,0,215,1,'REŞATBEY',1,0),(51,1,0,215,1,'SAKARYA',1,0),(52,1,0,215,1,'SARIYAKUP',1,0),(53,1,0,215,1,'SUCUZADE',1,0),(54,1,0,215,1,'SÜMER',1,0),(55,1,0,215,1,'ŞAKİRPAŞA',1,0),(56,1,0,215,1,'ŞEHİTDURAN',1,0),(57,1,0,215,1,'TEPEBAĞ',1,0),(58,936,0,215,1,'TOROS',1,0),(59,1,0,215,1,'TÜRKOCAĞI',1,0),(60,1,0,215,1,'UÇAK',1,0),(61,1,0,215,1,'ULUCAMİİ',1,0),(62,1,0,215,1,'YENİBARAJ',1,0),(63,1,0,215,1,'YENİBEY',1,0),(64,1,0,215,1,'TELLİDERE',1,0),(65,1,0,215,1,'YEŞİLEVLER',1,0),(66,1,0,215,1,'YEŞİLOBA',1,0),(67,1,0,215,1,'YEŞİLYURT',1,0),(68,1,0,215,1,'YEŞİLYUVA',1,0),(69,936,0,215,1,'YURT',1,0),(70,936,0,215,1,'YÜZÜNCÜYIL',1,0),(71,1,0,215,1,'ZİYAPAŞA',1,0),(72,1,0,215,1,'2000 EVLER',1,0),(73,1,0,215,1,'BÜYÜKÇILDIRIM',1,0),(74,1,0,215,1,'BÜYÜKDİKİLİ',1,0),(75,1,0,215,1,'CAMUZCU',1,0),(80,1,0,215,1,'GÖKÇELER',1,0),(81,1,0,215,1,'GÖLBAŞI',1,0),(82,1,0,215,1,'KARAKUYU',1,0),(83,936,0,215,1,'KARSLILAR',1,0),(86,1,0,215,1,'KOYUNCU',1,0),(88,936,0,215,1,'KURTTEPE',1,0),(89,1,0,215,1,'KUYUMCULAR',1,0),(90,1,0,215,1,'KÜÇÜKÇILDIRIM',1,0),(93,1,0,215,1,'SARIHAMZALI',1,0),(94,1,0,215,1,'SARIHUĞLAR',1,0),(95,936,0,215,1,'ŞAMBAYADI',1,0),(96,1,0,215,1,'YALMANLI',1,0),(97,1,0,215,1,'YENİDAM',1,0),(98,1,0,215,1,'YOLGEÇEN',1,0),(99,1,0,215,1,'ZEYTİNLİ',1,0),(100,1,0,215,1,'BAHÇEŞEHİR',1,0),(101,1,0,215,1,'YENİ ',1,0),(102,936,0,215,1,'ESENTEPE',1,0),(103,1,0,215,1,'HADIRLI',1,0),(104,1,0,215,1,'KARAYUSUFLU BAHÇELİEVLER',1,0),(105,1,0,215,1,'SERİNEVLER',1,0),(106,1,0,215,1,'KARAYUSUFLU KAYIŞLI',1,0),(107,1,0,215,1,'KARAYUSUFLU SALMANBEYLİ',1,0),(108,1,0,215,1,'KARAYUSUFLU DERVİŞLER',1,0),(109,1,0,215,1,'KARAYUSUFLU ÇAPUTÇU',1,0),(110,1,0,215,1,'KARAYUSUFLU KÖYLÜOĞLU',1,0),(111,1,0,215,1,'KARAYUSUFLU DÖRTAĞAÇ',1,0),(112,1,0,215,1,'KARAYUSUFLU MÜRSELOĞLU',1,0),(113,1,0,215,1,'KÜÇÜKDİKİLİ ÇINARLI',1,0),(114,1,0,215,1,'DİKİLİ',1,0),(115,1,0,215,1,'KAVAKLI',1,0),(116,1,0,215,1,'MEKAN',1,0),(117,1,0,215,1,'SÖĞÜTLÜ',1,0),(118,2,0,215,1,'AKDENİZ',1,0),(119,2,0,215,1,'AKINCILAR',1,0),(120,2,0,215,1,'ANADOLU',1,0),(121,2,0,215,1,'BAHÇELİEVLER',1,0),(122,2,0,215,1,'BAŞAK',1,0),(123,2,0,215,1,'ÇAMLIBEL',1,0),(124,2,0,215,1,'DERVİŞLER',1,0),(125,2,0,215,1,'GÜNEŞLİ',1,0),(126,2,0,215,1,'HAYDAROĞLU',1,0),(127,2,0,215,1,'KARACAOĞLAN',1,0),(128,2,0,215,1,'KAZIM KARABEKİR',1,0),(129,2,0,215,1,'KIŞLA',1,0),(130,2,0,215,1,'KİREMİTHANE',1,0),(131,2,0,215,1,'KÖPRÜLÜ',1,0),(132,2,0,215,1,'LEVENT',1,0),(133,2,0,215,1,'ÖZGÜR',1,0),(134,2,0,215,1,'P.T.T',1,0),(135,935,0,215,1,'R.OĞUZ ARIK',1,0),(136,2,0,215,1,'SELAHATTİN EYYUBİ',1,0),(137,2,0,215,1,'SERİNEVLER',1,0),(138,2,0,215,1,'SEYHAN',1,0),(139,2,0,215,1,'SİNANPAŞA',1,0),(140,2,0,215,1,'ŞEHİT ERKUT AKBAY',1,0),(141,2,0,215,1,'TAHSİLLİ',1,0),(142,2,0,215,1,'ULUBATLI HASAN',1,0),(143,2,0,215,1,'YAMAÇLI',1,0),(144,2,0,215,1,'YAVUZLAR',1,0),(145,2,0,215,1,'19 MAYIS',1,0),(146,935,0,215,1,'ÇINARLI',1,0),(147,2,0,215,1,'MUTLU',1,0),(148,2,0,215,1,'DEDE KORKUT',1,0),(149,2,0,215,1,'CUMHURİYET',1,0),(150,2,0,215,1,'YUNUS EMRE',1,0),(151,2,0,215,1,'YEŞİL BAĞLAR',1,0),(152,2,0,215,1,'KOZA',1,0),(153,2,0,215,1,'GÜZELEVLER',1,0),(154,2,0,215,1,'YENİDOĞAN',1,0),(155,2,0,215,1,'ATAKENT',1,0),(156,2,0,215,1,'SARIÇAM',1,0),(157,2,0,215,1,'DADALOĞLU',1,0),(158,935,0,215,1,'MEHMET AKİF ERSOY',1,0),(159,935,0,215,1,'YILDIRIM BEYAZIT',1,0),(160,935,0,215,1,'BAYRAM HACILI',1,0),(161,935,0,215,1,'AYVALI',1,0),(162,935,0,215,1,'İSTİKLAL',1,0),(163,935,0,215,1,'BURUK CUMHURİYET',1,0),(164,2,0,215,1,'İNCİRLİK CUMHURİYET',1,0),(165,935,0,215,1,'HÜRRİYET',1,0),(166,935,0,215,1,'KEMALPAŞA',1,0),(167,935,0,215,1,'YENI',1,0),(168,935,0,215,1,'ESENTEPE',1,0),(169,935,0,215,1,'ORHANGAZİ',1,0),(170,935,0,215,1,'SOFUDEDE',1,0),(171,935,0,215,1,'ŞAHİNTEPE',1,0),(172,935,0,215,1,'YEŞİLTEPE',1,0),(173,935,0,215,1,'YAVUZ SULTAN SELİM',1,0),(174,935,0,215,1,'BEYCELİ',1,0),(175,935,0,215,1,'GÜLTEPE',1,0),(176,2,0,215,1,'DOĞANKENT BAHÇELİEVLER',1,0),(177,2,0,215,1,'DOĞANKENT CUMHURİYET',1,0),(178,2,0,215,1,'GAZİPAŞA',1,0),(179,2,0,215,1,'DOĞANKENT KIŞLA',1,0),(180,2,0,215,1,'PEKMEZLİ',1,0),(181,2,0,215,1,'AĞZIBÜYÜK',1,0),(182,2,0,215,1,'DANIŞMENT',1,0),(183,2,0,215,1,'DENİZKUYUSU',1,0),(184,2,0,215,1,'SAĞDIÇLI',1,0),(185,2,0,215,1,'ŞEYHMURAT',1,0),(187,2,0,215,1,'TAŞÇI',1,0),(188,2,0,215,1,'HAVUTLU',1,0),(189,2,0,215,1,'AYDINCIK',1,0),(190,2,0,215,1,'KAYARLI',1,0),(191,2,0,215,1,'YUKARIÇİÇEKLİ',1,0),(192,2,0,215,1,'ALİHOCALI ',1,0),(193,2,0,215,1,'KÖKLÜCE',1,0),(194,2,0,215,1,'ATATÜRK',1,0),(195,2,0,215,1,'SOLAKLI CUMHURİYET',1,0),(196,2,0,215,1,'SOLAKLI HÜRRİYET',1,0),(197,2,0,215,1,'SAZAK',1,0),(198,2,0,215,1,'ŞAHİNAĞA',1,0),(199,2,0,215,1,'PAŞAKÖY',1,0),(200,2,0,215,1,'YALNIZCA',1,0),(201,2,0,215,1,'AKDAM',1,0),(202,2,0,215,1,'EĞRİAĞAÇ',1,0),(203,2,0,215,1,'ZAĞARLI',1,0),(204,2,0,215,1,'KAMIŞLI',1,0),(205,2,0,215,1,'GÖKÇELİ',1,0),(206,2,0,215,1,'YENİCE',1,0),(207,2,0,215,1,'BEYKÖY',1,0),(208,2,0,215,1,'ÇAĞIRKANLI',1,0),(209,2,0,215,1,'KÖPRÜGÖZÜ',1,0),(210,2,0,215,1,'YUNUSOĞLU CUMHURİYET',1,0),(211,2,0,215,1,'YUNUSOĞLU HÜRRİYET',1,0),(212,2,0,215,1,'SAKIZLI',1,0),(213,2,0,215,1,'HACIALİ',1,0),(214,2,0,215,1,'CİNE',1,0),(215,2,0,215,1,'YENİKÖY',1,0),(216,2,0,215,1,'GÜMÜŞYAZI',1,0),(217,2,0,215,1,'KADIKÖY',1,0),(218,2,0,215,1,'YERDELEN',1,0),(219,2,0,215,1,'IRMAKBAŞI',1,0),(220,2,0,215,1,'CIRIK',1,0),(221,2,0,215,1,'KARAAHMETLİ',1,0),(222,2,0,215,1,'ESKİ MİSİS',1,0),(223,2,0,215,1,'YAKAPINAR',1,0),(224,2,0,215,1,'YAKAPINAR-OSB',1,0),(225,2,0,215,1,'ABDİOĞLU CUMHURİYET',1,0),(226,2,0,215,1,'ÖZLER',1,0),(227,2,0,215,1,'BÜYÜKKAPILI',1,0),(228,2,0,215,1,'HEREKLİ',1,0),(229,2,0,215,1,'ÇOTLU',1,0),(230,2,0,215,1,'DÜZCE',1,0),(231,2,0,215,1,'ESENLER',1,0),(232,2,0,215,1,'KÜTÜKLÜ',1,0),(233,2,0,215,1,'YAHŞİLER',1,0),(234,935,0,215,1,'KÜÇÜKBAKLALI',1,0),(235,935,0,215,1,'BÜYÜK BAKLALI',1,0),(237,2,0,215,1,'HAVRANİYE',1,0),(238,2,0,215,1,'GEÇİTLİ CUMHURİYET',1,0),(239,935,0,215,1,'GÖZTEPE',1,0),(240,935,0,215,1,'MÜMİNLİ',1,0),(241,935,0,215,1,'YÜREKLİ',1,0),(242,935,0,215,1,'DAĞCI',1,0),(243,2,0,215,1,'DEDEPINARI',1,0),(244,2,0,215,1,'CAMİLİ',1,0),(245,935,0,215,1,'KARŞIYAKA',1,0),(246,935,0,215,1,'ACIDERE',1,0),(247,935,0,215,1,'ACIDEREOSB',1,0),(248,3,0,215,1,'AKPINAR',1,0),(249,3,0,215,1,'BAŞPINAR',1,0),(250,3,0,215,1,'MANSURLU',1,0),(251,3,0,215,1,'SİNANPAŞA',1,0),(255,4,0,215,1,'ADATEPE',1,0),(256,4,0,215,1,'AYTEMİROĞLU',1,0),(257,4,0,215,1,'BELEDİYE EVLERİ',1,0),(258,4,0,215,1,'BÜYÜKKIRIM',1,0),(259,4,0,215,1,'BOTA',1,0),(260,4,0,215,1,'BURHANİYE',1,0),(261,4,0,215,1,'CİVANTAYAK',1,0),(262,4,0,215,1,'CUMHURİYET',1,0),(263,4,0,215,1,'EMEK',1,0),(264,4,0,215,1,'ESENTEPE',1,0),(265,4,0,215,1,'FATİH SULTAN MEHMET',1,0),(266,4,0,215,1,'GAZİ OSMAN PAŞA',1,0),(267,4,0,215,1,'ŞEHİT HACI İBRAHİM',1,0),(268,4,0,215,1,'HÜRRİYET',1,0),(269,4,0,215,1,'İNÖNÜ',1,0),(270,4,0,215,1,'İSTİKLAL',1,0),(271,4,0,215,1,'KALTAKİYE',1,0),(272,4,0,215,1,'KELEMETİ',1,0),(273,4,0,215,1,'KÜÇÜKKIRIM',1,0),(274,4,0,215,1,'KONAKOĞLU',1,0),(275,4,0,215,1,'KORUKLU',1,0),(276,4,0,215,1,'MİTHAT PAŞA',1,0),(277,4,0,215,1,'MODERNEVLER',1,0),(278,4,0,215,1,'MURADİYE',1,0),(279,4,0,215,1,'NAMIK KEMAL',1,0),(280,4,0,215,1,'SARISAKAL',1,0),(281,4,0,215,1,'ŞAHİN ÖZBİLEN',1,0),(282,4,0,215,1,'TÜRLÜBAŞ',1,0),(283,4,0,215,1,'ULUS',1,0),(284,4,0,215,1,'YARSUAT',1,0),(285,4,0,215,1,'ALTIOCAK',1,0),(319,5,0,215,1,'BELENKÖY',1,0),(320,5,0,215,1,'GÖKÇELİ',1,0),(321,5,0,215,1,'KARACAUŞAĞI',1,0),(322,5,0,215,1,'KAZANCI',1,0),(323,5,0,215,1,'YEŞİL DÜŞMÜŞ',1,0),(324,5,0,215,1,'SÜLEMİŞLİ',1,0),(325,5,0,215,1,'KEKLİKÇİ',1,0),(326,5,0,215,1,'KARACAOĞLAN',1,0),(327,5,0,215,1,'İSLAM',1,0),(328,6,0,215,1,'ADALET',1,0),(329,6,0,215,1,'CUMHURİYET',1,0),(330,6,0,215,1,'HÜRRİYET',1,0),(331,6,0,215,1,'MENTEŞ',1,0),(332,6,0,215,1,'TUNA',1,0),(333,6,0,215,1,'SAYGEÇİT',1,0),(334,7,0,215,1,'KOCAVELİLER',1,0),(335,7,0,215,1,'KARAPINAR  ',1,0),(336,7,0,215,1,'SELAMPINAR',1,0),(337,7,0,215,1,'YENİ',1,0),(338,7,0,215,1,'AKTAŞ',1,0),(339,7,0,215,1,'SAYPINAR',1,0),(340,7,0,215,1,'GÜVENÇ',1,0),(341,7,0,215,1,'BAŞKIF',1,0),(342,7,0,215,1,'KAPIKAYA',1,0),(344,936,0,215,1,'SALBAŞ ESENTEPE',1,0),(345,936,0,215,1,'KOCATEPE',1,0),(346,936,0,215,1,'YENİ',1,0),(347,936,0,215,1,'GÖKKUYU',1,0),(348,7,0,215,1,'CEVHERLİ',1,0),(349,7,0,215,1,'SARIMEHMETLİ',1,0),(350,8,0,215,1,'KARŞIYAKA',1,0),(351,8,0,215,1,'KEMALİYE',1,0),(352,8,0,215,1,'ORTA',1,0),(353,8,0,215,1,'YENİ',1,0),(357,9,0,215,1,'ASLANPAŞA',1,0),(358,9,0,215,1,'CUMHURİYET',1,0),(359,9,0,215,1,'HACI UŞAĞI',1,0),(360,9,0,215,1,'MAHMUTLU',1,0),(361,9,0,215,1,'ŞEVKİYE',1,0),(362,9,0,215,1,'TAŞ',1,0),(363,9,0,215,1,'TUFANPAŞA',1,0),(366,9,0,215,1,'YARIMOĞLU',1,0),(375,10,0,215,1,'CUMHURİYET',1,0),(376,10,0,215,1,'İSTİKLAL',1,0),(377,10,0,215,1,'KURTULUŞ',1,0),(378,10,0,215,1,'ZAFER',1,0),(385,11,0,215,1,'FATİH',1,0),(386,11,0,215,1,'İSLAM',1,0),(387,11,0,215,1,'YEŞİLBAĞLAR',1,0),(388,12,0,215,1,'CUMHURİYET',1,0),(389,12,0,215,1,'İSTİKLAL',1,0),(390,12,0,215,1,'YENİ CAMİİ',1,0),(393,13,0,215,1,'AKDENİZ',1,0),(394,13,0,215,1,'AKYUVA',1,0),(395,13,0,215,1,'AYAS',1,0),(396,13,0,215,1,'DEVRİŞİYE',1,0),(397,13,0,215,1,'KEMALPAŞA',1,0),(398,13,0,215,1,'ÖREN',1,0),(411,14,0,215,1,'ALİTAŞI',1,0),(412,14,0,215,1,'ALTINŞEHİR',1,0),(413,14,0,215,1,'BAHÇECİK',1,0),(414,14,0,215,1,'BAHÇELİEVLER',1,0),(415,14,0,215,1,'BARBAROS HAYRETTİN',1,0),(416,14,0,215,1,'CUMHURİYET',1,0),(417,14,0,215,1,'ESKİSARAY',1,0),(418,14,0,215,1,'FATİH',1,0),(419,14,0,215,1,'HOCAÖMER',1,0),(420,14,0,215,1,'İMAMAĞA',1,0),(421,14,0,215,1,'KAPCAMİ',1,0),(422,14,0,215,1,'KARAPINAR',1,0),(423,14,0,215,1,'KAYALIK',1,0),(424,14,0,215,1,'MALAZGİRT',1,0),(425,14,0,215,1,'MARA',1,0),(426,14,0,215,1,'MEHMET AKİF',1,0),(427,14,0,215,1,'MİMAR SİNAN',1,0),(428,14,0,215,1,'MUSALLA',1,0),(429,14,0,215,1,'ÖRENLİ',1,0),(430,14,0,215,1,'TÜRKİYE PETROLLERİ',1,0),(431,14,0,215,1,'SIRATUT',1,0),(432,14,0,215,1,'SİTELER',1,0),(433,14,0,215,1,'SÜMEREVLER',1,0),(434,14,0,215,1,'TURGUT REİS',1,0),(435,14,0,215,1,'ULUCAMİ',1,0),(436,14,0,215,1,'VARLIK',1,0),(437,14,0,215,1,'YAVUZ SELİM',1,0),(438,14,0,215,1,'YENİ',1,0),(439,14,0,215,1,'YENİ SANAYİ',1,0),(440,14,0,215,1,'YENİPINAR',1,0),(441,14,0,215,1,'YEŞİLYURT',1,0),(442,14,0,215,1,'YUNUS EMRE',1,0),(443,14,0,215,1,'ESENTEPE',1,0),(444,14,0,215,1,'PETROLOSB',1,0),(470,15,0,215,1,'AŞAĞISARHAN',1,0),(471,15,0,215,1,'CİRİT MEYDANI',1,0),(472,15,0,215,1,'ÇAT',1,0),(473,15,0,215,1,'DUMLUPINAR',1,0),(474,15,0,215,1,'ERDEMOĞLU',1,0),(475,15,0,215,1,'KAYMAKAM HASAN TÜTÜN',1,0),(476,15,0,215,1,'KORUPINAR',1,0),(477,15,0,215,1,'PINARBAŞI',1,0),(478,15,0,215,1,'YENİ BESNİ',1,0),(479,15,0,215,1,'YUKARI SARHAN',1,0),(480,15,0,215,1,'PINARBAŞIOSB',1,0),(509,16,0,215,1,'BAŞPINAR',1,0),(510,16,0,215,1,'CAMİ',1,0),(511,16,0,215,1,'YUNUS EMRE',1,0),(512,16,0,215,1,'MAHMUT NEDİM ÖKMEN',1,0),(513,16,0,215,1,'MERKEZ',1,0),(514,16,0,215,1,'ZAFER',1,0),(515,16,0,215,1,'BAHÇELİ EVLER',1,0),(516,16,0,215,1,'CUMHURİYET',1,0),(517,16,0,215,1,'FATİH',1,0),(526,17,0,215,1,'FATİH',1,0),(527,17,0,215,1,'KELEŞAN',1,0),(528,17,0,215,1,'MERKEZ',1,0),(529,17,0,215,1,'YENİ',1,0),(530,18,0,215,1,'ASFALT',1,0),(531,18,0,215,1,'CUMHURİYET',1,0),(532,18,0,215,1,'FATİH',1,0),(533,18,0,215,1,'HÜRRİYET',1,0),(534,18,0,215,1,'KURUGEÇİT',1,0),(535,18,0,215,1,'MİMAR SİNAN',1,0),(536,18,0,215,1,'YAVUZ SELİM',1,0),(537,18,0,215,1,'YENİ',1,0),(546,19,0,215,1,'ATATÜRK',1,0),(547,19,0,215,1,'BAĞLAR',1,0),(548,19,0,215,1,'BAYRAKTAR',1,0),(549,19,0,215,1,'CAMİ',1,0),(550,19,0,215,1,'CUMHURİYET',1,0),(551,19,0,215,1,'ÇOBANLI',1,0),(552,19,0,215,1,'FATİH',1,0),(553,19,0,215,1,'FIRAT',1,0),(554,19,0,215,1,'GAZİ',1,0),(555,19,0,215,1,'GİRNE',1,0),(556,19,0,215,1,'HÜRRİYET',1,0),(557,19,0,215,1,'KARŞIYAKA',1,0),(558,19,0,215,1,'MENDERES',1,0),(559,19,0,215,1,'ŞEYHBABA',1,0),(560,19,0,215,1,'TURANLI',1,0),(561,19,0,215,1,'TURGUT ÖZAL',1,0),(562,19,0,215,1,'YAVUZ SELİM',1,0),(563,19,0,215,1,'YENİ',1,0),(572,20,0,215,1,'KALE',1,0),(573,20,0,215,1,'ÖRENTAŞ',1,0),(574,20,0,215,1,'YAVUZ SELİM',1,0),(575,21,0,215,1,'AYENGİN',1,0),(576,21,0,215,1,'CUMHURİYET',1,0),(577,21,0,215,1,'FATİH',1,0),(578,21,0,215,1,'KARAMAN',1,0),(579,21,0,215,1,'ONUR',1,0),(580,21,0,215,1,'ZEYNEL ASLAN',1,0),(581,21,0,215,1,'MAHMUTOĞLU',1,0),(589,22,0,215,1,'AYNİYE',1,0),(590,22,0,215,1,'BULANIK',1,0),(591,22,0,215,1,'CUMHURİYET',1,0),(592,22,0,215,1,'ÇAMLICA',1,0),(593,22,0,215,1,'FETHİYE',1,0),(594,22,0,215,1,'GENİ',1,0),(595,22,0,215,1,'REŞADİYE',1,0),(596,22,0,215,1,'SALAH',1,0),(597,23,0,215,1,'AKMESCİT',1,0),(598,23,0,215,1,'AKSARAYLI',1,0),(599,23,0,215,1,'ALİ ÇETİNKAYA',1,0),(600,23,0,215,1,'ALİ İHSAN PAŞA',1,0),(601,23,0,215,1,'BADEMLİ',1,0),(602,23,0,215,1,'BARBAROS',1,0),(603,23,0,215,1,'BATTALGAZİ',1,0),(604,23,0,215,1,'BEDRİK',1,0),(605,23,0,215,1,'BEYAZIT',1,0),(606,23,0,215,1,'BURMALI',1,0),(607,23,0,215,1,'CAMİKEBİR',1,0),(608,23,0,215,1,'CUMHURİYET',1,0),(609,23,0,215,1,'ÇAVUŞBAŞ',1,0),(610,23,0,215,1,'ÇAVUŞOĞLU',1,0),(611,23,0,215,1,'DAİRECEP',1,0),(612,23,0,215,1,'DERVİŞ PAŞA',1,0),(613,23,0,215,1,'DOĞANCI',1,0),(614,23,0,215,1,'DUMLUPINAR',1,0),(615,23,0,215,1,'EFECİK',1,0),(616,23,0,215,1,'ERTUĞRUL GAZİ',1,0),(617,23,0,215,1,'ESENTEPE',1,0),(618,23,0,215,1,'EŞREFPAŞA',1,0),(619,23,0,215,1,'FAKIPAŞA',1,0),(620,23,0,215,1,'FATİH',1,0),(621,23,0,215,1,'GAZİ',1,0),(622,23,0,215,1,'GÖKÇE',1,0),(623,23,0,215,1,'GÜNDOĞMUŞ',1,0),(624,23,0,215,1,'GÜVENEVLER',1,0),(625,23,0,215,1,'HACI ABDURRAHMAN',1,0),(626,23,0,215,1,'HACI AFTAL',1,0),(627,23,0,215,1,'HACI ALİOĞLU',1,0),(628,23,0,215,1,'HACI CAFER',1,0),(629,23,0,215,1,'HACI EYÜP',1,0),(630,23,0,215,1,'HACI MAHMUT',1,0),(631,23,0,215,1,'HACI MUSTAFA',1,0),(632,23,0,215,1,'HACI NASUH',1,0),(633,23,0,215,1,'HACI NUH',1,0),(634,23,0,215,1,'HACI YAHYA',1,0),(635,23,0,215,1,'HAMİDİYE',1,0),(636,23,0,215,1,'HASAN KARAAĞAÇ',1,0),(637,23,0,215,1,'HATTAT KARAHİSAR',1,0),(638,23,0,215,1,'HİSARALTI',1,0),(639,23,0,215,1,'HOCA AHMET YESEVİ',1,0),(640,23,0,215,1,'İSTİKLAL',1,0),(641,23,0,215,1,'KALE',1,0),(642,23,0,215,1,'KANLICA',1,0),(643,23,0,215,1,'KARAKATİP',1,0),(644,23,0,215,1,'KARAMAN',1,0),(645,23,0,215,1,'KARAMANOĞLU',1,0),(646,23,0,215,1,'KARŞIYAKA',1,0),(647,23,0,215,1,'KASIMPAŞA',1,0),(648,23,0,215,1,'KAYADİBİ',1,0),(649,23,0,215,1,'KOCATEPE',1,0),(650,23,0,215,1,'KUBELİ',1,0),(651,23,0,215,1,'MAREŞAL FEVZİ ÇAKMAK',1,0),(652,23,0,215,1,'MARULCU',1,0),(653,23,0,215,1,'MECİDİYE',1,0),(654,23,0,215,1,'METLİ',1,0),(655,23,0,215,1,'MEVLANA',1,0),(656,23,0,215,1,'NAKİLCİ',1,0),(657,23,0,215,1,'NAZMİ SAATÇİ',1,0),(658,23,0,215,1,'OLUCAK',1,0),(659,23,0,215,1,'ORHANGAZİ',1,0),(660,23,0,215,1,'OSMAN GAZİ',1,0),(661,23,0,215,1,'ÖRNEKEVLER',1,0),(662,23,0,215,1,'SAHİPATA',1,0),(663,23,0,215,1,'SELÇUKLU',1,0),(664,23,0,215,1,'SİNANPAŞA',1,0),(665,23,0,215,1,'SÜMER',1,0),(666,23,0,215,1,'TACI AHMET',1,0),(667,23,0,215,1,'TAŞPINAR',1,0),(668,23,0,215,1,'UMURBEY',1,0),(669,23,0,215,1,'VEYSEL KARANİ',1,0),(670,23,0,215,1,'YARENLER',1,0),(671,23,0,215,1,'YENİ CAMİİ',1,0),(672,23,0,215,1,'YENİCE',1,0),(673,23,0,215,1,'YEŞİLYURT',1,0),(674,23,0,215,1,'YUKARI PAZAR',1,0),(675,23,0,215,1,'YUNUS EMRE',1,0),(676,23,0,215,1,'ZAFER',1,0),(677,23,0,215,1,'AFYONKARAHİSAR OSB',1,0),(733,24,0,215,1,'AŞAĞI HİLAL',1,0),(734,24,0,215,1,'BARBAROS',1,0),(735,24,0,215,1,'ÇAĞLAYAN',1,0),(736,24,0,215,1,'FATİH',1,0),(737,24,0,215,1,'GÜLİSTAN',1,0),(738,24,0,215,1,'MİMAR SİNAN',1,0),(739,24,0,215,1,'YENİ',1,0),(740,24,0,215,1,'YUKARI HİLAL',1,0),(743,25,0,215,1,'BÜYÜK',1,0),(744,25,0,215,1,'CUMHURİYET',1,0),(745,25,0,215,1,'HÜRRİYET',1,0),(746,25,0,215,1,'YENİ',1,0),(747,26,0,215,1,'AKÇEŞME',1,0),(748,26,0,215,1,'ALACA',1,0),(749,26,0,215,1,'ALİ EFENDİ',1,0),(750,26,0,215,1,'AŞAĞI GÖKÇEYAYLA',1,0),(751,26,0,215,1,'AYDINLAR',1,0),(752,26,0,215,1,'BADEMLİ',1,0),(753,26,0,215,1,'BAĞLARBAŞI',1,0),(754,26,0,215,1,'BAĞLARÜSTÜ',1,0),(755,26,0,215,1,'BAHÇELİEVLER',1,0),(756,26,0,215,1,'BEKİR AĞA',1,0),(757,26,0,215,1,'BUCAK',1,0),(758,26,0,215,1,'CİRİT',1,0),(759,26,0,215,1,'ÇARDAKLI',1,0),(760,26,0,215,1,'EMRULLAH',1,0),(761,26,0,215,1,'ERKMEN',1,0),(762,26,0,215,1,'FATİH',1,0),(763,26,0,215,1,'GÖLBAŞI',1,0),(764,26,0,215,1,'HACI ESAT',1,0),(765,26,0,215,1,'HACI HALİFE',1,0),(766,26,0,215,1,'HACI ÖMER',1,0),(767,26,0,215,1,'HACI YUSUF',1,0),(768,26,0,215,1,'HASTANE',1,0),(769,26,0,215,1,'HİSAR',1,0),(770,26,0,215,1,'İHSANİYE',1,0),(771,26,0,215,1,'İMARET',1,0),(772,26,0,215,1,'KALE',1,0),(773,26,0,215,1,'KARABAĞLAR',1,0),(774,26,0,215,1,'KAYMAZ',1,0),(775,26,0,215,1,'KESTEMET',1,0),(776,26,0,215,1,'KIRKGÖZ',1,0),(777,26,0,215,1,'KIRKLAR',1,0),(778,26,0,215,1,'KONAK',1,0),(779,26,0,215,1,'LALA SİNAN PAŞA',1,0),(780,26,0,215,1,'MALAZGİRT',1,0),(781,26,0,215,1,'MESCİT',1,0),(782,26,0,215,1,'MÜSLÜMANA',1,0),(783,26,0,215,1,'ÖMEROĞLU',1,0),(784,26,0,215,1,'SELÇUKLU',1,0),(785,26,0,215,1,'SÜLEYMANİYE',1,0),(786,26,0,215,1,'ŞAZİ',1,0),(787,26,0,215,1,'ŞIHLAR',1,0),(788,26,0,215,1,'TAŞAĞIL',1,0),(789,26,0,215,1,'YAKUP ŞEVKİ PAŞA',1,0),(790,26,0,215,1,'YENİ',1,0),(791,26,0,215,1,'YENİ DOĞAN',1,0),(792,26,0,215,1,'YENİCE',1,0),(793,26,0,215,1,'YILDIRIM',1,0),(794,26,0,215,1,'YUKARI GÖKÇEYAYLA',1,0),(795,26,0,215,1,'ETHEM KELEKÇİ',1,0),(823,27,0,215,1,'AKTAŞ',1,0),(824,27,0,215,1,'ALİ İHSAN PAŞA',1,0),(825,27,0,215,1,'ALİ KALELİ',1,0),(826,27,0,215,1,'AŞAĞI',1,0),(827,27,0,215,1,'BAHÇELİEVLER',1,0),(828,27,0,215,1,'CEDİT',1,0),(829,27,0,215,1,'DEMİRAĞAÇ',1,0),(830,27,0,215,1,'DUMLUPINAR',1,0),(831,27,0,215,1,'İSTASYON',1,0),(832,27,0,215,1,'KÖPRÜBAŞI',1,0),(833,27,0,215,1,'ORTA',1,0),(834,27,0,215,1,'ŞİRİNEVLER',1,0),(835,27,0,215,1,'TEKKE',1,0),(836,27,0,215,1,'VAKIF',1,0),(837,27,0,215,1,'YAKA',1,0),(871,28,0,215,1,'BUCAK',1,0),(872,28,0,215,1,'IŞIK',1,0),(873,28,0,215,1,'KARADEDE',1,0),(874,28,0,215,1,'SIRAKAPI',1,0),(875,28,0,215,1,'YENİ',1,0),(876,28,0,215,1,'ZAFER',1,0),(881,29,0,215,1,'BARBAROS',1,0),(882,29,0,215,1,'ÇAMLIK',1,0),(883,29,0,215,1,'ESENTEPE',1,0),(884,29,0,215,1,'KURTULUŞ',1,0),(885,29,0,215,1,'YENİYOL',1,0),(886,29,0,215,1,'YEŞİLYURT',1,0),(887,29,0,215,1,'VEHBİ KOÇ SANAYİ BÖLGESİ',1,0),(890,30,0,215,1,'ADLİYE',1,0),(891,30,0,215,1,'ALTMIŞEVLER',1,0),(892,30,0,215,1,'ATATÜRK',1,0),(893,30,0,215,1,'BAĞLAR',1,0),(894,30,0,215,1,'CAMİKEBİR',1,0),(895,30,0,215,1,'CUMHURİYET',1,0),(896,30,0,215,1,'DERE',1,0),(897,30,0,215,1,'DÖRTYOL',1,0),(898,30,0,215,1,'EMNİYET',1,0),(899,30,0,215,1,'HÜRRİYET',1,0),(900,30,0,215,1,'ILICA',1,0),(901,30,0,215,1,'İNCİRLİ',1,0),(902,30,0,215,1,'İSTASYON',1,0),(903,30,0,215,1,'İTFAİYE',1,0),(904,30,0,215,1,'KONAK',1,0),(905,30,0,215,1,'KORUBAŞI',1,0),(906,30,0,215,1,'OTOGAR',1,0),(907,30,0,215,1,'PANCAR',1,0),(908,30,0,215,1,'PAZAR',1,0),(909,30,0,215,1,'PINARBAŞI',1,0),(910,30,0,215,1,'SANAYİ',1,0),(911,30,0,215,1,'SANTRAL',1,0),(912,30,0,215,1,'STADYUM',1,0),(913,30,0,215,1,'SUÇIKAN',1,0),(914,30,0,215,1,'TOPTEPE',1,0),(915,30,0,215,1,'ÜÇLERCE',1,0),(916,30,0,215,1,'YENİ',1,0),(949,31,0,215,1,'CUMHURİYET',1,0),(950,31,0,215,1,'ÇİLLİ',1,0),(951,31,0,215,1,'ESKİ KACERLİ',1,0),(952,31,0,215,1,'İNCİLİ',1,0),(953,31,0,215,1,'İNKİLAP',1,0),(954,31,0,215,1,'KARŞIYAKA',1,0),(955,31,0,215,1,'MENDERES',1,0),(956,31,0,215,1,'YENİ',1,0),(957,31,0,215,1,'YENİ KACERLİ',1,0),(958,31,0,215,1,'YENİDOĞAN',1,0),(975,32,0,215,1,'CAMİKEBİR',1,0),(976,32,0,215,1,'FATİH',1,0),(977,32,0,215,1,'KAYALIK',1,0),(978,32,0,215,1,'YUNUS EMRE',1,0),(981,33,0,215,1,'HÜRRİYET',1,0),(982,33,0,215,1,'ŞAFAK',1,0),(983,33,0,215,1,'YENİ',1,0),(988,34,0,215,1,'CUMHURİYET',1,0),(989,34,0,215,1,'HÜRRİYET',1,0),(990,34,0,215,1,'ŞAHİNLER',1,0),(991,34,0,215,1,'ZAFER',1,0),(1017,35,0,215,1,'ÇUKUR',1,0),(1018,35,0,215,1,'ESENTEPE',1,0),(1019,35,0,215,1,'ESKİ HAMAM',1,0),(1020,35,0,215,1,'KAVAK',1,0),(1021,35,0,215,1,'MEDRESE',1,0),(1022,35,0,215,1,'TEPECİK',1,0),(1023,35,0,215,1,'ZEYBEK',1,0),(1024,35,0,215,1,'ŞİRİNEVLER',1,0),(1025,35,0,215,1,'FATİH',1,0),(1026,35,0,215,1,'SELÇUKLU',1,0),(1027,35,0,215,1,'MERMER OSB',1,0),(1035,36,0,215,1,'CUMHURİYET',1,0),(1036,36,0,215,1,'YENİ',1,0),(1037,37,0,215,1,'CUMA',1,0),(1038,37,0,215,1,'ÇAKIR',1,0),(1039,37,0,215,1,'ÇAY',1,0),(1040,37,0,215,1,'ECE',1,0),(1041,37,0,215,1,'HİSAR',1,0),(1042,37,0,215,1,'İSTASYON',1,0),(1043,37,0,215,1,'ŞİRİNEVLER',1,0),(1044,37,0,215,1,'YUNUS EMRE',1,0),(1074,38,0,215,1,'AKPINAR',1,0),(1075,38,0,215,1,'ALİ ÇETİNKAYA',1,0),(1076,38,0,215,1,'BAHÇELİEVLER',1,0),(1077,38,0,215,1,'CUMHURİYET',1,0),(1078,38,0,215,1,'ÇİĞİLTEPE',1,0),(1079,38,0,215,1,'FATİH',1,0),(1080,38,0,215,1,'ÖĞRETMENLER',1,0),(1081,38,0,215,1,'YUKARI',1,0),(1137,39,0,215,1,'ÇAVUŞ',1,0),(1138,39,0,215,1,'KAYRAN',1,0),(1139,39,0,215,1,'PAZARALTI',1,0),(1140,39,0,215,1,'SELÇUK',1,0),(1141,39,0,215,1,'YENİ',1,0),(1142,39,0,215,1,'YILDIRIM',1,0),(1167,40,0,215,1,'ALTIGÖZ',1,0),(1168,40,0,215,1,'BAŞ',1,0),(1169,40,0,215,1,'GAZİPAŞA',1,0),(1170,40,0,215,1,'HACI MUSA',1,0),(1171,40,0,215,1,'HİSAR',1,0),(1172,40,0,215,1,'İPLİK',1,0),(1173,40,0,215,1,'İSTİKLAL',1,0),(1174,40,0,215,1,'KURTULUŞ',1,0),(1175,40,0,215,1,'MEHMET AKİF ERSOY',1,0),(1176,40,0,215,1,'PAZAR',1,0),(1177,40,0,215,1,'TAŞLICA',1,0),(1178,40,0,215,1,'YALI',1,0),(1179,40,0,215,1,'ZAFER',1,0),(1203,41,0,215,1,'ABİDE',1,0),(1204,41,0,215,1,'ALPASLAN',1,0),(1205,41,0,215,1,'BAHÇELİEVLER',1,0),(1206,41,0,215,1,'CUMHURİYET',1,0),(1207,41,0,215,1,'FATİH',1,0),(1208,41,0,215,1,'FEVZİ ÇAKMAK',1,0),(1209,41,0,215,1,'FIRAT',1,0),(1210,41,0,215,1,'GAZİ',1,0),(1211,41,0,215,1,'HÜRRİYET',1,0),(1212,41,0,215,1,'KAZIM KARABEKİR',1,0),(1213,41,0,215,1,'KURTULUŞ',1,0),(1214,41,0,215,1,'LEYLEK PINAR',1,0),(1215,41,0,215,1,'MEHMET AKİF ERSOY',1,0),(1216,41,0,215,1,'MURAT',1,0),(1217,41,0,215,1,'SITKIYE',1,0),(1218,41,0,215,1,'YAVUZ',1,0),(1219,41,0,215,1,'100.YIL',1,0),(1220,42,0,215,1,'KETENPINAR',1,0),(1221,42,0,215,1,'FATİH',1,0),(1222,42,0,215,1,'14 NİSAN',1,0),(1223,42,0,215,1,'MURAT',1,0),(1224,42,0,215,1,'GÖL ',1,0),(1225,42,0,215,1,'ATATÜRK ',1,0),(1226,42,0,215,1,'İSAAĞA ',1,0),(1227,43,0,215,1,'ABDİGÖR',1,0),(1228,43,0,215,1,'AHMEDİHANİ',1,0),(1229,43,0,215,1,'BÜYÜK AĞRI',1,0),(1230,43,0,215,1,'ÇİFTEPINAR',1,0),(1231,43,0,215,1,'HÜRRİYET',1,0),(1232,43,0,215,1,'İSHAKPAŞA',1,0),(1233,43,0,215,1,'KOÇKIRAN',1,0),(1234,43,0,215,1,'ULUYOL',1,0),(1235,43,0,215,1,'VATAN',1,0),(1236,43,0,215,1,'YENİ',1,0),(1237,43,0,215,1,'BARIŞ',1,0),(1238,43,0,215,1,'SANAYİ',1,0),(1239,43,0,215,1,'HASANKEYF',1,0),(1240,43,0,215,1,'SARIGÜL',1,0),(1241,44,0,215,1,'ESENTEPE',1,0),(1242,44,0,215,1,'HÜRRİYET',1,0),(1243,44,0,215,1,'İSTİKLAL',1,0),(1244,44,0,215,1,'KARŞIYAKA',1,0),(1245,44,0,215,1,'KAZIM KARABEKİR',1,0),(1246,44,0,215,1,'LOZAN',1,0),(1247,44,0,215,1,'MÜFTÜSELİM',1,0),(1260,45,0,215,1,'MERKEZ',1,0),(1261,46,0,215,1,'ALPASLAN',1,0),(1262,46,0,215,1,'CAMİ',1,0),(1263,46,0,215,1,'CUMHURİYET',1,0),(1264,46,0,215,1,'ÇAY',1,0),(1265,46,0,215,1,'İNÖNÜ',1,0),(1266,46,0,215,1,'SÜTLÜ PINAR',1,0),(1267,46,0,215,1,'YENİ',1,0),(1268,46,0,215,1,'YEŞİL ÇİMEN',1,0),(1269,46,0,215,1,'ATATÜRK',1,0),(1270,46,0,215,1,'YUNUSEMRE',1,0),(1271,46,0,215,1,'14 NİSAN',1,0),(1272,46,0,215,1,'SARISU',1,0),(1273,46,0,215,1,'BADİŞAN',1,0),(1274,46,0,215,1,'SÜPHAN DAĞI',1,0),(1275,46,0,215,1,'SELAHADDİNİ EYYUBİ',1,0),(1276,46,0,215,1,'SANAYİ',1,0),(1284,47,0,215,1,'MUSTAFA YILMAZ ',1,0),(1285,47,0,215,1,'CUMHURİYET ',1,0),(1286,47,0,215,1,'HÜRRİYET',1,0),(1287,47,0,215,1,'AHMET NECDET SEZER',1,0),(1288,48,0,215,1,'CAMİ',1,0),(1289,48,0,215,1,'MURAT',1,0),(1290,48,0,215,1,'PINAR',1,0),(1291,48,0,215,1,'KARŞIYAKA',1,0),(1292,48,0,215,1,'YENİ',1,0),(1293,49,0,215,1,'AKBİLEK',1,0),(1294,49,0,215,1,'BAHÇELERİÇİ',1,0),(1295,49,0,215,1,'BEYAZITPAŞA',1,0),(1296,49,0,215,1,'ÇAKALLAR',1,0),(1297,49,0,215,1,'DERE',1,0),(1298,49,0,215,1,'ELLİBEŞEVLER',1,0),(1299,49,0,215,1,'FETHİYE',1,0),(1300,49,0,215,1,'GÖKMEDRESE',1,0),(1301,49,0,215,1,'GÖLLÜ BAĞLARI',1,0),(1302,49,0,215,1,'GÜMÜŞLÜ',1,0),(1303,49,0,215,1,'HACI İLYAS',1,0),(1304,49,0,215,1,'HACILAR MEYDANI',1,0),(1305,49,0,215,1,'HATUNİYE',1,0),(1306,49,0,215,1,'HELVACI',1,0),(1307,49,0,215,1,'HIZIRPAŞA',1,0),(1308,49,0,215,1,'İHSANİYE',1,0),(1309,49,0,215,1,'KARASENİR',1,0),(1310,49,0,215,1,'KİRAZLIDERE',1,0),(1311,49,0,215,1,'KURŞUNLU',1,0),(1313,49,0,215,1,'MEHMET PAŞA',1,0),(1314,49,0,215,1,'NERGİZ',1,0),(1315,49,0,215,1,'ORMAN BAĞLARI',1,0),(1316,49,0,215,1,'PİRİNÇÇİ',1,0),(1317,49,0,215,1,'SAVADİYE',1,0),(1318,49,0,215,1,'SOFULAR',1,0),(1319,49,0,215,1,'ŞAMLAR',1,0),(1320,49,0,215,1,'ŞEHİRÜSTÜ',1,0),(1321,49,0,215,1,'ŞEYHCUİ',1,0),(1322,49,0,215,1,'ÜÇLER',1,0),(1323,49,0,215,1,'YAZI BAĞLARI',1,0),(1324,49,0,215,1,'YÜZEVLER',1,0),(1325,49,0,215,1,'DEMET EVLER',1,0),(1326,49,0,215,1,'KOZA ',1,0),(1342,50,0,215,1,'CUMHURİYET',1,0),(1343,50,0,215,1,'MERKEZ',1,0),(1344,50,0,215,1,'YENİ',1,0),(1348,51,0,215,1,'ADATEPE',1,0),(1349,51,0,215,1,'ARTIKABAT',1,0),(1350,51,0,215,1,'CUMARA',1,0),(1351,51,0,215,1,'ÇAY',1,0),(1352,51,0,215,1,'HACIYAHYA',1,0),(1353,51,0,215,1,'SARAY',1,0),(1354,51,0,215,1,'AĞCADEDE',1,0),(1355,51,0,215,1,'CAMİKEBİR',1,0),(1356,51,0,215,1,'IRGAT',1,0),(1357,51,0,215,1,'ŞIHLAR',1,0),(1358,51,0,215,1,'TEKKE',1,0),(1359,51,0,215,1,'YENİCAMİ',1,0),(1360,52,0,215,1,'ARKUTBEY',1,0),(1361,52,0,215,1,'HAMİTKAPLAN',1,0),(1362,52,0,215,1,'KÖPRÜBAŞI',1,0),(1363,52,0,215,1,'SARAY',1,0),(1364,53,0,215,1,'ABİDEHATUN',1,0),(1365,53,0,215,1,'BAĞLARBAŞI',1,0),(1366,53,0,215,1,'BAHÇELİEVLER',1,0),(1367,53,0,215,1,'BUĞDAYLI',1,0),(1368,53,0,215,1,'CAMİCEDİT',1,0),(1369,53,0,215,1,'ESKİ CAMİİ',1,0),(1370,53,0,215,1,'GAZİMAHBUP',1,0),(1371,53,0,215,1,'HACIBALI',1,0),(1372,53,0,215,1,'HACIHASAN',1,0),(1373,53,0,215,1,'HARMANLAR',1,0),(1374,53,0,215,1,'HOCASÜLEYMAN',1,0),(1375,53,0,215,1,'KÜMBET HATUN',1,0),(1376,53,0,215,1,'MAHSEN',1,0),(1377,53,0,215,1,'MEHMET AKİF ERSOY',1,0),(1378,53,0,215,1,'NACCAR',1,0),(1379,53,0,215,1,'NUSRATİYE',1,0),(1380,53,0,215,1,'SOFULAR',1,0),(1381,53,0,215,1,'TAVŞAN',1,0),(1382,53,0,215,1,'YUNUS EMRE',1,0),(1383,53,0,215,1,'YENİ',1,0),(1384,53,0,215,1,'KÜMBETHATUNOSB',1,0),(1389,54,0,215,1,'ATA',1,0),(1390,54,0,215,1,'BEYAZIT',1,0),(1391,54,0,215,1,'BİR EYLÜL',1,0),(1392,54,0,215,1,'BORSA',1,0),(1393,54,0,215,1,'CEVİZDİBİ',1,0),(1394,54,0,215,1,'CUMHURİYET',1,0),(1395,54,0,215,1,'ÇELTEKMADENİ',1,0),(1396,54,0,215,1,'EYMİR',1,0),(1397,54,0,215,1,'GİRNE',1,0),(1398,54,0,215,1,'HACIBAYRAM',1,0),(1399,54,0,215,1,'HACIHAYTA',1,0),(1400,54,0,215,1,'HÜRRİYET',1,0),(1401,54,0,215,1,'MAARİF',1,0),(1402,54,0,215,1,'MAGOSA',1,0),(1403,54,0,215,1,'ORTA',1,0),(1404,54,0,215,1,'PAZAR',1,0),(1405,54,0,215,1,'ŞEKER',1,0),(1406,54,0,215,1,'YENİ',1,0),(1407,54,0,215,1,'YENİDOĞAN',1,0),(1408,54,0,215,1,'SARAYDÜZÜ',1,0),(1411,55,0,215,1,'CUMHURİYET',1,0),(1412,55,0,215,1,'DOĞU',1,0),(1413,55,0,215,1,'SANAYİİ',1,0),(1414,55,0,215,1,'TEPE',1,0),(1415,55,0,215,1,'YENİ',1,0),(1416,55,0,215,1,'YEMİŞEN',1,0),(1417,55,0,215,1,'YEŞİLIRMAK',1,0),(1422,55,0,215,1,'ÇAYDİBİ',1,0),(1443,56,0,215,1,'AHİLER',1,0),(1444,56,0,215,1,'AKTAŞ',1,0),(1445,56,0,215,1,'ALEMDAĞ',1,0),(1446,56,0,215,1,'ALİ ERSOY',1,0),(1447,56,0,215,1,'ALTINPARK',1,0),(1448,56,0,215,1,'ANAFARTALAR',1,0),(1449,56,0,215,1,'ATİLLA',1,0),(1450,56,0,215,1,'AYDINLIKEVLER',1,0),(1451,56,0,215,1,'BAĞLARİÇİ',1,0),(1452,56,0,215,1,'BARAJ',1,0),(1453,56,0,215,1,'BAŞPINAR',1,0),(1454,56,0,215,1,'BATTALGAZİ',1,0),(1455,56,0,215,1,'BEŞİKKAYA',1,0),(1457,56,0,215,1,'ÇALIŞKANLAR',1,0),(1458,56,0,215,1,'ÇAMLIK',1,0),(1459,56,0,215,1,'ÇANDARLI',1,0),(1461,56,0,215,1,'DOĞANBEY',1,0),(1462,56,0,215,1,'DOĞANTEPE',1,0),(1463,56,0,215,1,'DOĞU',1,0),(1466,56,0,215,1,'FATİH',1,0),(1468,56,0,215,1,'FERİDUN ÇELİK',1,0),(1469,56,0,215,1,'GÖKÇENEFE',1,0),(1470,56,0,215,1,'GÜLPINAR',1,0),(1471,56,0,215,1,'GÜLTEPE',1,0),(1472,56,0,215,1,'HACETTEPE',1,0),(1473,56,0,215,1,'GÜNEŞEVLER',1,0),(1474,56,0,215,1,'HACILAR',1,0),(1476,56,0,215,1,'KALE',1,0),(1477,56,0,215,1,'KARAKUM',1,0),(1478,56,0,215,1,'KARAPÜRÇEK',1,0),(1480,56,0,215,1,'NECATİBEY',1,0),(1481,56,0,215,1,'ORHANGAZİ',1,0),(1482,56,0,215,1,'ÖNCÜLER',1,0),(1483,56,0,215,1,'ÖNDER',1,0),(1484,56,0,215,1,'ÖRNEK',1,0),(1486,56,0,215,1,'PLEVNE',1,0),(1487,56,0,215,1,'SAKARYA',1,0),(1488,56,0,215,1,'SERVER SOMUNCUOĞLU',1,0),(1489,56,0,215,1,'SEYFİ DEMİRSOY',1,0),(1491,56,0,215,1,'ŞÜKRİYE',1,0),(1492,56,0,215,1,'ULUBEY',1,0),(1493,56,0,215,1,'YAVUZ SELİM',1,0),(1494,56,0,215,1,'YILDIRIM BEYAZIT',1,0),(1495,56,0,215,1,'YILDIZTEPE',1,0),(1496,56,0,215,1,'YUNUSEMRE',1,0),(1497,56,0,215,1,'ZİRAAT',1,0),(1498,56,0,215,1,'ZÜBEYDE HANIM',1,0),(1499,56,0,215,1,'SOLFASOL',1,0),(1501,56,0,215,1,'AYDINCIK',1,0),(1502,56,0,215,1,'KARACAÖREN',1,0),(1503,56,0,215,1,'KAVAKLI',1,0),(1504,56,0,215,1,'PEÇENEK',1,0),(1505,56,0,215,1,'TATLAR',1,0),(1506,56,0,215,1,'HACI BAYRAM',1,0),(1509,56,0,215,1,'ALTINOVA ORHANGAZİ',1,0),(1510,937,0,215,1,'PEÇENEK',1,0),(1511,937,0,215,1,'YILDIRIM BEYAZIT',1,0),(1512,56,0,215,1,'KARAKÖY',1,0),(1513,57,0,215,1,'AKPINAR',1,0),(1514,57,0,215,1,'ANITTEPE',1,0),(1515,57,0,215,1,'ARKA TOPRAKLIK',1,0),(1516,57,0,215,1,'AŞAĞI DİKMEN',1,0),(1517,57,0,215,1,'AŞAĞI İMRAHOR',1,0),(1518,57,0,215,1,'AŞAĞI ÖVEÇLER',1,0),(1519,57,0,215,1,'AŞIKPAŞA',1,0),(1520,57,0,215,1,'ATA',1,0),(1521,57,0,215,1,'AYDINLAR',1,0),(1522,57,0,215,1,'AYRANCI',1,0),(1523,57,0,215,1,'AZİZİYE',1,0),(1524,57,0,215,1,'BADEMLİDERE',1,0),(1525,57,0,215,1,'BAĞCILAR',1,0),(1526,57,0,215,1,'BAHÇELİEVLER',1,0),(1527,57,0,215,1,'BARBAROS',1,0),(1528,57,0,215,1,'BAYRAKTAR',1,0),(1529,57,0,215,1,'BİRLİK',1,0),(1530,57,0,215,1,'BOZTEPE',1,0),(1531,57,0,215,1,'BÜYÜKESAT',1,0),(1532,57,0,215,1,'CEBECİ',1,0),(1533,57,0,215,1,'CEVİZLİDERE',1,0),(1534,57,0,215,1,'CUMHURİYET',1,0),(1535,57,0,215,1,'ÇAMLITEPE',1,0),(1536,57,0,215,1,'ÇANKAYA',1,0),(1537,57,0,215,1,'MUTLUKENT',1,0),(1538,57,0,215,1,'ÇUKURAMBAR',1,0),(1539,57,0,215,1,'DEVLET',1,0),(1540,57,0,215,1,'DİLEKLER',1,0),(1541,57,0,215,1,'DOĞUŞ',1,0),(1542,57,0,215,1,'EHLİBEYT',1,0),(1543,57,0,215,1,'EMEK',1,0),(1544,57,0,215,1,'ERTUĞRULGAZİ',1,0),(1545,57,0,215,1,'ERZURUM',1,0),(1546,57,0,215,1,'ESATOĞLU',1,0),(1547,57,0,215,1,'ETİ',1,0),(1548,57,0,215,1,'FAKÜLTELER',1,0),(1549,57,0,215,1,'FİDANLIK',1,0),(1550,57,0,215,1,'GAZİOSMANPAŞA',1,0),(1551,57,0,215,1,'GÖKKUŞAĞI',1,0),(1552,57,0,215,1,'GÖKTÜRK',1,0),(1553,57,0,215,1,'GÜVENEVLER',1,0),(1554,57,0,215,1,'GÜZELTEPE',1,0),(1555,57,0,215,1,'HARBİYE',1,0),(1556,57,0,215,1,'HİLAL',1,0),(1557,57,0,215,1,'HUZUR',1,0),(1558,57,0,215,1,'İLERİ',1,0),(1559,57,0,215,1,'İLKADIM',1,0),(1560,57,0,215,1,'İLKER',1,0),(1561,57,0,215,1,'İNCESU',1,0),(1562,57,0,215,1,'İŞÇİ BLOKLARI',1,0),(1563,57,0,215,1,'ÇİĞDEM',1,0),(1564,57,0,215,1,'KARAPINAR',1,0),(1565,57,0,215,1,'KAVAKLIDERE',1,0),(1566,57,0,215,1,'KAZIM ÖZALP',1,0),(1567,57,0,215,1,'KEKLİK PINARI',1,0),(1568,57,0,215,1,'KIRKKONAKLAR',1,0),(1569,57,0,215,1,'KIZILAY',1,0),(1570,57,0,215,1,'KIZILIRMAK',1,0),(1571,57,0,215,1,'KOCATEPE',1,0),(1572,57,0,215,1,'KORKUTREİS',1,0),(1573,57,0,215,1,'KÜÇÜKESAT',1,0),(1574,57,0,215,1,'KÜLTÜR',1,0),(1575,57,0,215,1,'MALAZGİRT',1,0),(1576,57,0,215,1,'MALTEPE',1,0),(1577,57,0,215,1,'MEBUSEVLERİ',1,0),(1578,57,0,215,1,'MEŞRUTİYET',1,0),(1579,57,0,215,1,'METİN AKKUŞ',1,0),(1580,57,0,215,1,'METİN OKTAY',1,0),(1581,57,0,215,1,'MİMAR SİNAN',1,0),(1582,57,0,215,1,'MUHSİN ERTUĞRUL',1,0),(1583,57,0,215,1,'MURAT',1,0),(1584,57,0,215,1,'MUSTAFA KEMAL',1,0),(1585,57,0,215,1,'MÜRSEL ULUÇ',1,0),(1586,57,0,215,1,'NACİ ÇAKIR',1,0),(1587,57,0,215,1,'NAMIK KEMAL',1,0),(1588,57,0,215,1,'NASUH AKAR',1,0),(1589,57,0,215,1,'OĞUZLAR',1,0),(1590,57,0,215,1,'ORAN',1,0),(1591,57,0,215,1,'ORTA İMRAHOR',1,0),(1592,57,0,215,1,'ÜNİVERSİTELER',1,0),(1593,57,0,215,1,'OSMAN TEMİZ',1,0),(1594,57,0,215,1,'ÖN CEBECİ',1,0),(1595,57,0,215,1,'ÖVEÇLER',1,0),(1596,57,0,215,1,'REMZİ OĞUZ ARIK',1,0),(1597,57,0,215,1,'SAĞLIK',1,0),(1598,57,0,215,1,'İLKBAHAR',1,0),(1599,57,0,215,1,'SEYRANBAĞLARI',1,0),(1600,57,0,215,1,'SOKULLU MEHMET PAŞA',1,0),(1601,57,0,215,1,'SÖĞÜTÖZÜ',1,0),(1602,57,0,215,1,'ŞEHİT CENGİZ KARACA',1,0),(1603,57,0,215,1,'ŞEHİT CEVDET ÖZDEMİR',1,0),(1604,57,0,215,1,'TINAZTEPE',1,0),(1605,57,0,215,1,'TOPRAKLIK',1,0),(1606,57,0,215,1,'UMUT',1,0),(1607,57,0,215,1,'YEŞİLKENT',1,0),(1608,57,0,215,1,'YILDIZEVLER',1,0),(1609,57,0,215,1,'YUKARI BAHÇELİEVLER',1,0),(1610,57,0,215,1,'YUKARI DİKMEN',1,0),(1611,57,0,215,1,'YUKARI ÖVEÇLER',1,0),(1612,57,0,215,1,'YÜCETEPE',1,0),(1613,57,0,215,1,'ZAFERTEPE',1,0),(1614,57,0,215,1,'100.YIL',1,0),(1615,57,0,215,1,'50.YIL',1,0),(1616,57,0,215,1,'BEYTEPE',1,0),(1617,57,0,215,1,'KARATAŞ',1,0),(1618,57,0,215,1,'YAKUPABDAL',1,0),(1619,57,0,215,1,'AHLATLIBEL',1,0),(1620,57,0,215,1,'BALGAT',1,0),(1621,57,0,215,1,'SANCAK',1,0),(1622,58,0,215,1,'ALSANCAK',1,0),(1623,58,0,215,1,'ALTAY',1,0),(1624,58,0,215,1,'BAHÇEKAPI',1,0),(1625,58,0,215,1,'ELVAN',1,0),(1626,58,0,215,1,'ERYAMAN',1,0),(1627,58,0,215,1,'ERLER',1,0),(1628,58,0,215,1,'ETİLER',1,0),(1629,58,0,215,1,'İSTASYON',1,0),(1630,58,0,215,1,'KAZIM KARABEKİR',1,0),(1631,58,0,215,1,'PİYADE',1,0),(1632,58,0,215,1,'SÜVARİ',1,0),(1633,58,0,215,1,'ŞEHİT OSMAN AVCI',1,0),(1634,58,0,215,1,'ŞEKER',1,0),(1635,58,0,215,1,'ŞEYH ŞAMİL',1,0),(1636,58,0,215,1,'TOPÇU',1,0),(1637,58,0,215,1,'TUNAHAN',1,0),(1638,58,0,215,1,'YEŞİLOVA',1,0),(1639,58,0,215,1,'30 AĞUSTOS',1,0),(1640,58,0,215,1,'BAĞLICA',1,0),(1641,58,0,215,1,'YAPRACIK',1,0),(1642,58,0,215,1,'AYYILDIZ',1,0),(1643,58,0,215,1,'OĞUZLAR',1,0),(1644,58,0,215,1,'ATAKENT',1,0),(1645,59,0,215,1,'BAHÇELİEVLER',1,0),(1646,59,0,215,1,'GAZİOSMANPAŞA',1,0),(1647,59,0,215,1,'KARŞIYAKA',1,0),(1648,59,0,215,1,'SEĞMENLER',1,0),(1649,59,0,215,1,'ŞAFAK',1,0),(1650,59,0,215,1,'BALLIKPINAR',1,0),(1651,59,0,215,1,'ÇAYIRLI',1,0),(1652,59,0,215,1,'HACIHASAN',1,0),(1653,59,0,215,1,'HACILAR',1,0),(1654,59,0,215,1,'HACIMURATLI',1,0),(1655,59,0,215,1,'HALAÇLI',1,0),(1656,59,0,215,1,'İNCEK',1,0),(1657,59,0,215,1,'KARAOĞLAN',1,0),(1658,59,0,215,1,'KIZILCAŞAR',1,0),(1659,59,0,215,1,'KOPARAN',1,0),(1660,59,0,215,1,'OĞULBEY',1,0),(1661,59,0,215,1,'ÖRENCİK',1,0),(1662,59,0,215,1,'TAŞPINAR',1,0),(1663,59,0,215,1,'TOPAKLI',1,0),(1664,59,0,215,1,'TULUMTAŞ',1,0),(1665,59,0,215,1,'VELİHİMMETLİ',1,0),(1666,59,0,215,1,'YAĞLIPINAR',1,0),(1667,59,0,215,1,'YAVRUCUK',1,0),(1668,59,0,215,1,'YAYLABAĞ',1,0),(1669,59,0,215,1,'YURTBEYİ',1,0),(1670,59,0,215,1,'SUBAŞI',1,0),(1671,59,0,215,1,'GÖKÇEHÜYÜK',1,0),(1672,59,0,215,1,'BAĞİÇİ',1,0),(1673,59,0,215,1,'BEZİRHANE ',1,0),(1674,59,0,215,1,'SOĞULCAK',1,0),(1675,59,0,215,1,'MAHMATLI',1,0),(1676,59,0,215,1,'AYDIN',1,0),(1677,59,0,215,1,'ERCAN',1,0),(1678,59,0,215,1,'AHİBOZ',1,0),(1679,59,0,215,1,'GÜNALAN',1,0),(1680,59,0,215,1,'KIRIKLI',1,0),(1681,59,0,215,1,'ŞEHİTEMRAH',1,0),(1682,59,0,215,1,'MAHMATLIBAHÇE ',1,0),(1683,59,0,215,1,'TEPEYURT',1,0),(1684,60,0,215,1,'ADNAN MENDERES',1,0),(1685,60,0,215,1,'AKTEPE',1,0),(1686,60,0,215,1,'AŞAĞI EĞLENCE',1,0),(1687,60,0,215,1,'AYVALI',1,0),(1688,60,0,215,1,'BADEMLİK',1,0),(1689,60,0,215,1,'BAĞLARBAŞI',1,0),(1690,60,0,215,1,'BASINEVLERİ',1,0),(1691,60,0,215,1,'ÇALDIRAN',1,0),(1692,60,0,215,1,'ÇİÇEKLİ',1,0),(1693,60,0,215,1,'EMRAH',1,0),(1694,60,0,215,1,'ESERTEPE',1,0),(1695,60,0,215,1,'ETLİK',1,0),(1696,60,0,215,1,'GÜÇLÜKAYA',1,0),(1697,60,0,215,1,'GÜMÜŞDERE',1,0),(1698,60,0,215,1,'GÜZELYURT',1,0),(1699,60,0,215,1,'HASKÖY',1,0),(1700,60,0,215,1,'İNCİRLİ',1,0),(1701,60,0,215,1,'KALABA',1,0),(1702,60,0,215,1,'KAMİL OCAK',1,0),(1703,60,0,215,1,'KANUNİ',1,0),(1704,60,0,215,1,'KARARGAHTEPE',1,0),(1705,60,0,215,1,'KAVACIK SUBAYEVLERİ',1,0),(1706,60,0,215,1,'KÖŞK',1,0),(1707,60,0,215,1,'KUŞCAĞIZ',1,0),(1708,60,0,215,1,'OSMANGAZİ',1,0),(1709,60,0,215,1,'OVACIK',1,0),(1710,60,0,215,1,'PINARBAŞI',1,0),(1711,60,0,215,1,'SANCAKTEPE',1,0),(1712,60,0,215,1,'ŞEFKAT',1,0),(1713,60,0,215,1,'ŞEHİT KUBİLAY',1,0),(1714,60,0,215,1,'ŞENLİK',1,0),(1715,60,0,215,1,'ŞENYUVA',1,0),(1716,60,0,215,1,'TEPEBAŞI',1,0),(1717,60,0,215,1,'UFUKTEPE',1,0),(1718,60,0,215,1,'UYANIŞ',1,0),(1719,60,0,215,1,'YAKACIK',1,0),(1720,60,0,215,1,'YAYLA',1,0),(1721,60,0,215,1,'YEŞİLÖZ',1,0),(1722,60,0,215,1,'YEŞİLTEPE',1,0),(1723,60,0,215,1,'YÜKSELTEPE',1,0),(1724,60,0,215,1,'19 MAYIS',1,0),(1725,60,0,215,1,'23 NİSAN',1,0),(1726,60,0,215,1,'ATAPARK',1,0),(1727,937,0,215,1,'AYYILDIZ',1,0),(1728,937,0,215,1,'FATİH',1,0),(1729,937,0,215,1,'MERKEZ',1,0),(1730,937,0,215,1,'YUNUS EMRE',1,0),(1731,60,0,215,1,'HİSAR',1,0),(1732,60,0,215,1,'KAFKAS',1,0),(1733,60,0,215,1,'KARAKAYA',1,0),(1734,60,0,215,1,'KARŞIYAKA',1,0),(1735,60,0,215,1,'ÇALSEKİ',1,0),(1736,60,0,215,1,'BAĞLUM GÜZELYURT',1,0),(1737,60,0,215,1,'KÖSRELİK',1,0),(1738,60,0,215,1,'SARIBEYLER',1,0),(1739,937,0,215,1,'SARAY FATİH',1,0),(1740,937,0,215,1,'SARAY GÜMÜŞOLUK',1,0),(1741,937,0,215,1,'SARAY OSMANGAZİ',1,0),(1742,937,0,215,1,'SARAY CUMHURİYET',1,0),(1743,61,0,215,1,'ABİDİNPAŞA',1,0),(1744,61,0,215,1,'AKDERE',1,0),(1745,61,0,215,1,'AKŞEMSETTİN',1,0),(1746,61,0,215,1,'ALTIAĞAÇ',1,0),(1747,61,0,215,1,'ANAYURT',1,0),(1748,61,0,215,1,'ARAPLAR',1,0),(1749,61,0,215,1,'AŞIK VEYSEL',1,0),(1750,61,0,215,1,'BAHÇELERİÇİ',1,0),(1751,61,0,215,1,'BAHÇELERÜSTÜ',1,0),(1752,61,0,215,1,'BALKİRAZ',1,0),(1753,61,0,215,1,'BAŞAK',1,0),(1754,61,0,215,1,'BOĞAZİÇİ',1,0),(1755,61,0,215,1,'BOSTANCIK',1,0),(1756,61,0,215,1,'CENGİZHAN',1,0),(1757,61,0,215,1,'ÇAĞLAYAN',1,0),(1758,61,0,215,1,'ÇİĞİLTEPE',1,0),(1759,61,0,215,1,'DEMİRLİBAHÇE',1,0),(1760,61,0,215,1,'DERBENT',1,0),(1761,61,0,215,1,'DOSTLAR',1,0),(1762,61,0,215,1,'DURALİ ALIÇ',1,0),(1763,61,0,215,1,'DUTLUK',1,0),(1764,61,0,215,1,'EGE',1,0),(1765,61,0,215,1,'EKİN',1,0),(1766,61,0,215,1,'FAHRİ KORUTÜRK',1,0),(1767,61,0,215,1,'GENERAL ZEKİ DOĞAN',1,0),(1768,61,0,215,1,'GÜLSEREN',1,0),(1769,61,0,215,1,'GÜLVEREN',1,0),(1770,61,0,215,1,'HARMAN',1,0),(1771,61,0,215,1,'HÜREL',1,0),(1772,61,0,215,1,'HÜSEYİNGAZİ',1,0),(1773,61,0,215,1,'KARAAĞAÇ',1,0),(1774,61,0,215,1,'KARTALTEPE',1,0),(1775,61,0,215,1,'KAYAŞ',1,0),(1776,61,0,215,1,'KAZIM ORBAY',1,0),(1777,61,0,215,1,'KÖSTENCE',1,0),(1778,61,0,215,1,'KUTLU',1,0),(1779,61,0,215,1,'KÜÇÜK KAYAŞ',1,0),(1780,61,0,215,1,'MEHTAP',1,0),(1781,61,0,215,1,'MİSKET',1,0),(1782,61,0,215,1,'MUTLU',1,0),(1783,61,0,215,1,'PEYAMİ SEFA',1,0),(1784,61,0,215,1,'PTT EVLERİ',1,0),(1785,61,0,215,1,'SAİMEKADIN',1,0),(1786,61,0,215,1,'ŞAFAKTEPE',1,0),(1787,61,0,215,1,'ŞAHAP GÜRLER',1,0),(1788,61,0,215,1,'ŞAHİNTEPE',1,0),(1789,61,0,215,1,'ŞEHİT CENGİZ TOPEL',1,0),(1790,61,0,215,1,'ŞİRİNTEPE',1,0),(1791,61,0,215,1,'TEPECİK',1,0),(1792,61,0,215,1,'TUZLUÇAYIR',1,0),(1793,61,0,215,1,'TÜRKÖZÜ',1,0),(1794,61,0,215,1,'ÜREĞİL',1,0),(1795,61,0,215,1,'ALTINEVLER',1,0),(1796,61,0,215,1,'YENİ BAYINDIR',1,0),(1797,61,0,215,1,'YEŞİLBAYIR',1,0),(1798,61,0,215,1,'YUKARI İMROHOR',1,0),(1799,61,0,215,1,'GÖKÇEYURT',1,0),(1800,61,0,215,1,'KIBRIS',1,0),(1801,61,0,215,1,'KIZILCA',1,0),(1802,61,0,215,1,'KUSUNLAR',1,0),(1803,61,0,215,1,'ORTAKÖY',1,0),(1804,61,0,215,1,'FATİH',1,0),(1805,61,0,215,1,'YILDIRIMBEYAZIT',1,0),(1806,61,0,215,1,'BAYINDIR',1,0),(1807,62,0,215,1,'ATATÜRK',1,0),(1808,62,0,215,1,'FATİH',1,0),(1809,62,0,215,1,'GAZİ OSMANPAŞA',1,0),(1810,62,0,215,1,'İSTASYON',1,0),(1811,62,0,215,1,'MARAŞAL ÇAKMAK',1,0),(1812,62,0,215,1,'PINARBAŞI',1,0),(1813,62,0,215,1,'PLEVNE',1,0),(1814,62,0,215,1,'TANDOĞAN',1,0),(1815,62,0,215,1,'ULUBATLI HASAN',1,0),(1816,62,0,215,1,'YUNUS EMRE',1,0),(1817,62,0,215,1,'AKŞEMSETTİN',1,0),(1818,62,0,215,1,'GÖKÇEK',1,0),(1819,62,0,215,1,'TÖREKENT',1,0),(1820,62,0,215,1,'SELÇUKLU',1,0),(1821,62,0,215,1,'ERTUĞRULGAZİ',1,0),(1822,62,0,215,1,'ANDİÇEN',1,0),(1823,62,0,215,1,'MALAZGİRT',1,0),(1824,62,0,215,1,'OSMANLI',1,0),(1825,62,0,215,1,'MEVLANA',1,0),(1826,62,0,215,1,'ANAYURT',1,0),(1827,62,0,215,1,'ÇİÇEKTEPE',1,0),(1828,62,0,215,1,'ESENLER',1,0),(1829,62,0,215,1,'OSMANİYE',1,0),(1830,62,0,215,1,'POLATLAR',1,0),(1831,62,0,215,1,'SARAYCIK',1,0),(1832,62,0,215,1,'TATLAR',1,0),(1833,62,0,215,1,'YENİÇİMŞİT',1,0),(1834,62,0,215,1,'YENİPEÇENEK',1,0),(1835,62,0,215,1,'AHİ EVRAN',1,0),(1836,62,0,215,1,'SİNCANOSB',1,0),(1837,62,0,215,1,'AHİ EVRANOSB',1,0),(1838,62,0,215,1,'YENİKENT ATATÜRK',1,0),(1839,62,0,215,1,'YENİKENT MARAŞALÇAKMAK',1,0),(1840,62,0,215,1,'YENİKENT MENDERES',1,0),(1841,62,0,215,1,'YENİKENT AKÇAÖREN',1,0),(1842,62,0,215,1,'YENİKENT ÇOĞLU',1,0),(1843,62,0,215,1,'YENİKENT İLYAKUT',1,0),(1844,62,0,215,1,'YENİKENT İNCİRLİK',1,0),(1845,62,0,215,1,'YENİKENT MÜLK',1,0),(1846,62,0,215,1,'YENİKENT YENİKAYI',1,0),(1847,62,0,215,1,'YENİKENT CUMHURİYET',1,0),(1848,63,0,215,1,'ANADOLU',1,0),(1849,63,0,215,1,'AŞAĞI YAHYALAR',1,0),(1850,63,0,215,1,'AVCILAR',1,0),(1851,63,0,215,1,'BARIŞ',1,0),(1852,63,0,215,1,'BARIŞTEPE',1,0),(1853,63,0,215,1,'BATI SİTESİ',1,0),(1854,63,0,215,1,'BEŞTEPELER',1,0),(1855,63,0,215,1,'BURÇ',1,0),(1856,63,0,215,1,'ÇAMLICA',1,0),(1857,63,0,215,1,'ÇARŞI',1,0),(1858,63,0,215,1,'ÇİĞDEMTEPE',1,0),(1859,63,0,215,1,'DEMET',1,0),(1860,63,0,215,1,'DEMETLALE',1,0),(1861,63,0,215,1,'DEMETGÜL',1,0),(1862,63,0,215,1,'EMNİYET',1,0),(1863,63,0,215,1,'ERGAZİ',1,0),(1864,63,0,215,1,'ERGENEKON',1,0),(1865,63,0,215,1,'ESENTEPE',1,0),(1866,63,0,215,1,'GAYRET',1,0),(1867,63,0,215,1,'GAZİ',1,0),(1868,63,0,215,1,'GÜVENTEPE',1,0),(1869,63,0,215,1,'GÜZELYAKA',1,0),(1870,63,0,215,1,'IŞINLAR',1,0),(1871,63,0,215,1,'İLKYERLEŞİM',1,0),(1872,63,0,215,1,'İNÖNÜ',1,0),(1873,63,0,215,1,'İVEDİK',1,0),(1874,63,0,215,1,'KALETEPE',1,0),(1875,63,0,215,1,'KARDELEN',1,0),(1876,63,0,215,1,'KARŞIYAKA',1,0),(1877,63,0,215,1,'KAYALAR',1,0),(1878,63,0,215,1,'KENTKOOP',1,0),(1879,63,0,215,1,'KONUTKENT',1,0),(1880,63,0,215,1,'KORU',1,0),(1881,63,0,215,1,'MACUN',1,0),(1882,63,0,215,1,'MEHMET AKİF ERSOY',1,0),(1883,63,0,215,1,'OSTİM',1,0),(1884,63,0,215,1,'ÖZEVLER',1,0),(1885,63,0,215,1,'PAMUKLAR',1,0),(1886,63,0,215,1,'PROF. DR. AHMET TANER KIŞLALI',1,0),(1887,63,0,215,1,'RAGIP TÜZÜN',1,0),(1888,63,0,215,1,'TEPEALTI',1,0),(1889,63,0,215,1,'UĞUR MUMCU',1,0),(1890,63,0,215,1,'ÜMİT',1,0),(1891,63,0,215,1,'VARLIK',1,0),(1892,63,0,215,1,'YENİ BATI',1,0),(1893,63,0,215,1,'YENİÇAĞ',1,0),(1894,63,0,215,1,'YAŞAMKENT',1,0),(1895,63,0,215,1,'YEŞİLEVLER',1,0),(1896,63,0,215,1,'YUKARI YAHYALAR',1,0),(1897,63,0,215,1,'YUNUS EMRE',1,0),(1898,63,0,215,1,'25 MART',1,0),(1899,63,0,215,1,'ALACAATLI',1,0),(1900,63,0,215,1,'AŞAĞIYURTÇU',1,0),(1901,63,0,215,1,'BALLIKUYUMCU',1,0),(1902,63,0,215,1,'ÇAYYOLU',1,0),(1903,63,0,215,1,'DODURGA',1,0),(1904,63,0,215,1,'FEVZİYE',1,0),(1905,63,0,215,1,'KARACAKAYA',1,0),(1906,63,0,215,1,'MEMLİK',1,0),(1907,63,0,215,1,'SUSUZ',1,0),(1908,63,0,215,1,'ŞEHİTALİ',1,0),(1909,63,0,215,1,'YAKACIK',1,0),(1910,63,0,215,1,'YUKARIYURTÇU',1,0),(1911,63,0,215,1,'YUVA',1,0),(1912,63,0,215,1,'İVEDİKOSB',1,0),(1913,63,0,215,1,'OSTİMOSB',1,0),(1914,64,0,215,1,'ATATÜRK',1,0),(1915,64,0,215,1,'BEYAZIT',1,0),(1916,64,0,215,1,'GALABA',1,0),(1917,64,0,215,1,'TİMURHAN',1,0),(1918,64,0,215,1,'YEŞİLTEPE',1,0),(1919,64,0,215,1,'YILDIRIM',1,0),(1920,64,0,215,1,'BALIKHİSAR',1,0),(1921,64,0,215,1,'BOZCA',1,0),(1922,64,0,215,1,'BÜĞDÜZ',1,0),(1923,64,0,215,1,'CÜCÜK',1,0),(1924,64,0,215,1,'ÇAM',1,0),(1925,64,0,215,1,'ÇARDAKBAĞI',1,0),(1926,64,0,215,1,'ÇINAR',1,0),(1927,64,0,215,1,'DOĞANOLUK',1,0),(1928,64,0,215,1,'ELECİK',1,0),(1929,64,0,215,1,'GÜZELHİSAR',1,0),(1930,64,0,215,1,'HAYDAR',1,0),(1931,64,0,215,1,'KARACAKAYA',1,0),(1932,64,0,215,1,'KARACALAR',1,0),(1933,64,0,215,1,'KARAYATAK',1,0),(1934,64,0,215,1,'KIZIK',1,0),(1935,64,0,215,1,'SARACALAR',1,0),(1936,64,0,215,1,'ŞEYHLER',1,0),(1937,65,0,215,1,'CAMİATİK',1,0),(1938,65,0,215,1,'DERVİŞİMAM',1,0),(1939,65,0,215,1,'FERAHFAKİ',1,0),(1940,65,0,215,1,'HACIMEMİ',1,0),(1941,65,0,215,1,'HACIRECEP',1,0),(1942,65,0,215,1,'HACIVELİ',1,0),(1943,65,0,215,1,'ÖMEROĞLU',1,0),(1944,65,0,215,1,'ŞEYHMUHİTTİN',1,0),(1945,65,0,215,1,'BAŞAYAŞ',1,0),(1946,65,0,215,1,'BAŞBEREKET',1,0),(1947,65,0,215,1,'BAYRAM',1,0),(1949,65,0,215,1,'GÖKLER',1,0),(1950,65,0,215,1,'TEKKE',1,0),(1951,65,0,215,1,'ULUPINAR',1,0),(1952,65,0,215,1,'EMİNE TEVFİKA AYAŞLI',1,0),(1953,65,0,215,1,'ÇİĞDEMCİ',1,0),(1954,65,0,215,1,'ULUYOL',1,0),(1955,65,0,215,1,'BAYAT',1,0),(1956,65,0,215,1,'EVCİ',1,0),(1958,65,0,215,1,'ORTABEREKET',1,0),(1959,65,0,215,1,'PINARYAKA',1,0),(1963,65,0,215,1,'CUMA',1,0),(1964,65,0,215,1,'HOCASİNAN',1,0),(1965,65,0,215,1,'MAHKEME',1,0),(1966,66,0,215,1,'GÖZTEPE',1,0),(1967,66,0,215,1,'İSMETPAŞA',1,0),(1968,66,0,215,1,'KARTALTEPE',1,0),(1969,66,0,215,1,'ŞENTEPE',1,0),(1970,66,0,215,1,'ABAZLI',1,0),(1971,66,0,215,1,'TOLKÖY',1,0),(1972,66,0,215,1,'ÇATALÇEŞME',1,0),(1973,66,0,215,1,'YENİKÖY',1,0),(1974,66,0,215,1,'KÜÇÜKBOYALIK',1,0),(1975,66,0,215,1,'ÇİĞDEMLİ',1,0),(1976,66,0,215,1,'BÜYÜKBOYALIK',1,0),(1977,66,0,215,1,'KERİŞLİ',1,0),(1978,66,0,215,1,'KÖSELİ',1,0),(1981,66,0,215,1,'KESİKKÖPRÜ',1,0),(1982,66,0,215,1,'KESİKKÖPRÜ KIZILIRMAK',1,0),(1983,66,0,215,1,'KESİKKÖPRÜ ERDEMLİ',1,0),(1984,59,0,215,1,'KARAALİ MERKEZ',1,0),(1985,59,0,215,1,'KARAALİ YAZLIK',1,0),(1986,57,0,215,1,'AKARLAR',1,0),(1987,57,0,215,1,'ÇAVUŞLU',1,0),(1988,57,0,215,1,'EVCİLER',1,0),(1989,57,0,215,1,'KARAHASANLI',1,0),(1990,57,0,215,1,'KÖMÜRCÜ',1,0),(1991,57,0,215,1,'TOHUMLAR',1,0),(1992,66,0,215,1,'YÖRELİ',1,0),(1993,57,0,215,1,'YAYLA',1,0),(1994,66,0,215,1,'AHMETÇAYIRI',1,0),(1995,67,0,215,1,'BAŞAĞAÇ',1,0),(1996,67,0,215,1,'AYVAŞIK',1,0),(1997,67,0,215,1,'BEYTEPE',1,0),(1998,67,0,215,1,'CUMHURİYET',1,0),(1999,67,0,215,1,'GAZİPAŞA',1,0),(2000,67,0,215,1,'HACIKARA',1,0),(2001,67,0,215,1,'İSTİKLAL',1,0),(2002,67,0,215,1,'KURTULUŞ',1,0),(2003,67,0,215,1,'RÜSTEMPAŞA',1,0),(2004,67,0,215,1,'YEŞİLAĞAÇ',1,0),(2005,67,0,215,1,'ZAFER',1,0),(2014,68,0,215,1,'BESBEYLER',1,0),(2015,68,0,215,1,'BEYLER',1,0),(2016,68,0,215,1,'KAYABAŞI',1,0),(2017,68,0,215,1,'KÖRLER',1,0),(2018,68,0,215,1,'ORTA',1,0),(2019,68,0,215,1,'ÖMERAĞA',1,0),(2020,68,0,215,1,'YAHYALAR',1,0),(2021,68,0,215,1,'YAYALAR',1,0),(2025,69,0,215,1,'AĞILCIK',1,0),(2026,69,0,215,1,'AKBAYIR',1,0),(2027,69,0,215,1,'AKKUZULU',1,0),(2028,69,0,215,1,'AŞAĞIÇAVUNDUR',1,0),(2029,69,0,215,1,'CAMİLİ',1,0),(2030,69,0,215,1,'GÖKÇEDERE',1,0),(2031,69,0,215,1,'İMAMHÜSEYİN',1,0),(2032,69,0,215,1,'KAPAKLI',1,0),(2033,69,0,215,1,'KARAAĞAÇ',1,0),(2034,69,0,215,1,'KARAMAN',1,0),(2035,69,0,215,1,'KARGIN',1,0),(2036,69,0,215,1,'KIZILÖZ',1,0),(2037,69,0,215,1,'KÜÇÜKALİ',1,0),(2039,69,0,215,1,'ÖMERCİK',1,0),(2040,69,0,215,1,'SÜNLÜ',1,0),(2041,69,0,215,1,'TAHTAYAZI',1,0),(2042,69,0,215,1,'TAŞPINAR',1,0),(2043,69,0,215,1,'TUĞLAKÖY',1,0),(2044,69,0,215,1,'YAZIR',1,0),(2045,69,0,215,1,'YAZLICA',1,0),(2046,69,0,215,1,'YAVUZSELİM',1,0),(2047,69,0,215,1,'CUMHURİYET',1,0),(2048,69,0,215,1,'ATATÜRK',1,0),(2049,69,0,215,1,'BARBAROS',1,0),(2050,69,0,215,1,'YILDIRIM BEYAZIT',1,0),(2051,69,0,215,1,'ESENBOĞA MERKEZ',1,0),(2052,69,0,215,1,'YENİCE',1,0),(2053,69,0,215,1,'MELİKŞAH',1,0),(2054,69,0,215,1,'GÜLDARPI',1,0),(2055,69,0,215,1,'İKİPINAR',1,0),(2056,69,0,215,1,'KUTUÖREN',1,0),(2057,69,0,215,1,'DUMLUPINAR',1,0),(2058,69,0,215,1,'KIZILCA',1,0),(2061,937,0,215,1,'SİRKELİ YEŞİLOVA',1,0),(2062,937,0,215,1,'SİRKELİ YEŞİLYURT',1,0),(2063,937,0,215,1,'ABADAN',1,0),(2064,937,0,215,1,'GÜMÜŞYAYLA',1,0),(2065,937,0,215,1,'KARAKÖY',1,0),(2066,937,0,215,1,'KARŞIYAKA',1,0),(2067,937,0,215,1,'YUVA',1,0),(2068,937,0,215,1,'KÖSRELİKIZIĞI',1,0),(2070,70,0,215,1,'GÜMÜŞPALA',1,0),(2071,70,0,215,1,'İSMETPAŞA',1,0),(2072,70,0,215,1,'KEMALPAŞA',1,0),(2073,70,0,215,1,'KURTULUŞ',1,0),(2074,70,0,215,1,'LALABEL',1,0),(2075,70,0,215,1,'TATLICA',1,0),(2076,70,0,215,1,'ÜÇEVLER',1,0),(2077,70,0,215,1,'YENİCE',1,0),(2078,70,0,215,1,'YENİDOĞAN',1,0),(2079,70,0,215,1,'YENİPINAR',1,0),(2080,70,0,215,1,'AKÇAALİ',1,0),(2081,70,0,215,1,'KAYADİBİ',1,0),(2082,70,0,215,1,'SÜLEYMANLI',1,0),(2083,70,0,215,1,'TEKKEKÖY',1,0),(2084,70,0,215,1,'YENİMAHALLE',1,0),(2085,70,0,215,1,'BAHÇELİEVLER',1,0),(2086,70,0,215,1,'HASANOĞLAN FATİH',1,0),(2087,70,0,215,1,'HAVUZBAŞI',1,0),(2088,70,0,215,1,'İSTASYON',1,0),(2089,70,0,215,1,'MUZAFFER EKŞİ',1,0),(2090,70,0,215,1,'ŞEHİTLİK',1,0),(2091,61,0,215,1,'İSTASYON',1,0),(2092,61,0,215,1,'KARŞIYAKA',1,0),(2093,70,0,215,1,'YEŞİLDERE FATİH',1,0),(2094,70,0,215,1,'SEYİTCEMALİ',1,0),(2095,71,0,215,1,'ESENTEPE',1,0),(2096,71,0,215,1,'MODERN',1,0),(2097,71,0,215,1,'ŞERAFETTİN YILMAZ',1,0),(2098,71,0,215,1,'YENİ',1,0),(2099,72,0,215,1,'AŞAĞI',1,0),(2100,72,0,215,1,'EMİRLER',1,0),(2101,72,0,215,1,'YENİ',1,0),(2102,72,0,215,1,'YUKARI',1,0),(2111,73,0,215,1,'ÇALDAĞ',1,0),(2112,73,0,215,1,'KAYABAŞI',1,0),(2113,73,0,215,1,'MEDRESE',1,0),(2114,73,0,215,1,'SEYRAN',1,0),(2115,73,0,215,1,'YENİ',1,0),(2118,59,0,215,1,'BOYALIK',1,0),(2120,59,0,215,1,'DİKİLİTAŞ',1,0),(2121,59,0,215,1,'İKİZCE',1,0),(2123,59,0,215,1,'OYACA AKARSU',1,0),(2124,59,0,215,1,'OYACA YEŞİLÇAM',1,0),(2135,74,0,215,1,'AHİKEMALŞENYURT',1,0),(2136,74,0,215,1,'AHİLER YENİCE',1,0),(2137,74,0,215,1,'CUMA SARAY',1,0),(2138,74,0,215,1,'ÇANŞA KALE',1,0),(2139,74,0,215,1,'HALİLAĞA TABAKHANE',1,0),(2140,74,0,215,1,'HALİTCEVRİASLANGİL',1,0),(2146,74,0,215,1,'YENİDOĞAN YEŞİLYURT',1,0),(2148,74,0,215,1,'ARKBÜRK',1,0),(2149,74,0,215,1,'GÖLKÖY',1,0),(2150,74,0,215,1,'ŞEYHMAHMUT',1,0),(2151,74,0,215,1,'YALIMKÖY',1,0),(2152,74,0,215,1,'AKCATAŞ',1,0),(2153,74,0,215,1,'AKKAYNAK',1,0),(2154,74,0,215,1,'BUĞRA',1,0),(2155,74,0,215,1,'ÇİFTLİKKÖY',1,0),(2156,74,0,215,1,'HASAYAZ',1,0),(2157,74,0,215,1,'KARAHÖYÜK',1,0),(2158,74,0,215,1,'KIZILKAYA',1,0),(2159,74,0,215,1,'TAVŞANCIK',1,0),(2160,74,0,215,1,'YENİÇÖTE',1,0),(2161,74,0,215,1,'YILANLI',1,0),(2164,75,0,215,1,'ATATÜRK',1,0),(2165,75,0,215,1,'FATİH',1,0),(2166,75,0,215,1,'KANUNİ SULTAN SÜLEYMAN',1,0),(2167,75,0,215,1,'KAYI',1,0),(2168,75,0,215,1,'SATIKADIN',1,0),(2169,75,0,215,1,'YAVUZ SULTAN SELİM',1,0),(2170,75,0,215,1,'YILDIRIMBEYAZIT',1,0),(2171,75,0,215,1,'AHİ',1,0),(2172,75,0,215,1,'ALPAGUT',1,0),(2173,75,0,215,1,'AYDIN',1,0),(2174,75,0,215,1,'BİTİK',1,0),(2175,75,0,215,1,'ÇİMŞİT',1,0),(2176,75,0,215,1,'DAĞYAKA',1,0),(2177,75,0,215,1,'EMİRGAZİ',1,0),(2178,75,0,215,1,'FETHİYE',1,0),(2179,75,0,215,1,'GÜNBAŞI',1,0),(2180,75,0,215,1,'İÇÖREN',1,0),(2181,75,0,215,1,'İMRENDİ',1,0),(2182,75,0,215,1,'İĞMİR',1,0),(2183,75,0,215,1,'KARALAR',1,0),(2184,75,0,215,1,'KIŞLAKÖY',1,0),(2185,75,0,215,1,'KUMPINAR',1,0),(2186,75,0,215,1,'ORHANİYE',1,0),(2187,75,0,215,1,'PEÇENEK',1,0),(2188,75,0,215,1,'SANCAR',1,0),(2189,75,0,215,1,'SARAY',1,0),(2190,75,0,215,1,'SARILAR',1,0),(2191,75,0,215,1,'UCARI',1,0),(2192,75,0,215,1,'YAYALAR',1,0),(2193,75,0,215,1,'YAZIBEYLİ',1,0),(2194,75,0,215,1,'ÇALTA',1,0),(2195,75,0,215,1,'YUKARIKARAÖREN',1,0),(2197,76,0,215,1,'AKÇAY',1,0),(2198,76,0,215,1,'İSMETPAŞA',1,0),(2199,76,0,215,1,'KARŞIYAKA',1,0),(2200,76,0,215,1,'GAZİ MUSTAFA KEMALPAŞA',1,0),(2201,76,0,215,1,'YENİCE',1,0),(2205,77,0,215,1,'ALİAĞA',1,0),(2206,77,0,215,1,'ATATÜRK',1,0),(2207,77,0,215,1,'FATİH',1,0),(2208,77,0,215,1,'HACIBEY',1,0),(2209,77,0,215,1,'NASUHPAŞA',1,0),(2210,77,0,215,1,'YAZI',1,0),(2211,77,0,215,1,'100.YIL',1,0),(2219,78,0,215,1,'CUMHURİYET',1,0),(2220,78,0,215,1,'ÇAMLICA',1,0),(2221,78,0,215,1,'ESENTEPE',1,0),(2222,78,0,215,1,'FATİH',1,0),(2223,78,0,215,1,'GAZİ',1,0),(2224,78,0,215,1,'GÜLVEREN',1,0),(2225,78,0,215,1,'İSTİKLAL',1,0),(2226,78,0,215,1,'KURTULUŞ',1,0),(2227,78,0,215,1,'MEHMETAKİF',1,0),(2228,78,0,215,1,'ŞEHİTLİK',1,0),(2229,78,0,215,1,'ŞENTEPE',1,0),(2230,78,0,215,1,'YENİ',1,0),(2231,78,0,215,1,'ZAFER',1,0),(2232,78,0,215,1,'POLATLIOSB',1,0),(2233,62,0,215,1,'TEMELLİ ATATÜRK',1,0),(2234,62,0,215,1,'TEMELLİ CUMHURİYET',1,0),(2235,62,0,215,1,'TEMELLİ İSTİKLAL',1,0),(2236,62,0,215,1,'TEMELLİ ALAGÖZ',1,0),(2237,62,0,215,1,'TEMELLİ ALCI',1,0),(2238,62,0,215,1,'TEMELLİ ÇOKÖREN',1,0),(2239,62,0,215,1,'TEMELLİ HİSARLIKAYA',1,0),(2240,62,0,215,1,'TEMELLİ MALIKÖY',1,0),(2241,62,0,215,1,'TEMELLİ TÜRKOBASI',1,0),(2242,62,0,215,1,'TEMELLİ ÜCRET',1,0),(2243,62,0,215,1,'TEMELLİ YENİHİSAR',1,0),(2244,62,0,215,1,'TEMELLİ BEYOBASI',1,0),(2245,62,0,215,1,'TEMELLİ HÜRRİYET',1,0),(2246,62,0,215,1,'TEMELLİ GİRMEÇ',1,0),(2247,62,0,215,1,'TEMELLİ BACI ',1,0),(2250,79,0,215,1,'AKSEKİ',1,0),(2251,79,0,215,1,'BOĞAZİÇİ',1,0),(2252,79,0,215,1,'CUMHURİYET',1,0),(2253,79,0,215,1,'EKİCİ',1,0),(2254,79,0,215,1,'EMEK',1,0),(2255,79,0,215,1,'HACIENBİYA',1,0),(2256,79,0,215,1,'HÜRRİYET',1,0),(2257,79,0,215,1,'İSTİKLAL',1,0),(2258,79,0,215,1,'KALE',1,0),(2259,79,0,215,1,'MUSTAFACIK',1,0),(2260,79,0,215,1,'SANAYİ',1,0),(2261,79,0,215,1,'SARIKAYA',1,0),(2262,79,0,215,1,'ŞEYH KUYUSU',1,0),(2264,79,0,215,1,'TUZLA',1,0),(2265,79,0,215,1,'YENİ',1,0),(2266,79,0,215,1,'YEŞİLOVA',1,0),(2279,930,0,215,1,'AHATLI',1,0),(2280,930,0,215,1,'ALTINOVA DÜDEN',1,0),(2281,930,0,215,1,'ALTINOVA ORTA',1,0),(2282,930,0,215,1,'ALTINOVA SİNAN',1,0),(2283,930,0,215,1,'ATATÜRK',1,0),(2284,930,0,215,1,'AVNİ TOLUNAY',1,0),(2285,930,0,215,1,'BARAJ',1,0),(2286,930,0,215,1,'BARIŞ',1,0),(2287,930,0,215,1,'BEŞKONAKLILAR',1,0),(2288,930,0,215,1,'ÇAMLIBEL',1,0),(2289,930,0,215,1,'ÇANKAYA',1,0),(2290,930,0,215,1,'DURALİLER',1,0),(2291,930,0,215,1,'DÜDENBAŞI',1,0),(2292,930,0,215,1,'EMEK',1,0),(2293,930,0,215,1,'ERENKÖY',1,0),(2294,930,0,215,1,'ESENTEPE',1,0),(2295,930,0,215,1,'FABRİKALAR',1,0),(2296,930,0,215,1,'FATİH',1,0),(2297,930,0,215,1,'FEVZİ ÇAKMAK',1,0),(2298,930,0,215,1,'GAZİ',1,0),(2299,930,0,215,1,'GÖÇERLER',1,0),(2300,930,0,215,1,'GÖKSU',1,0),(2301,930,0,215,1,'GÜLVEREN',1,0),(2302,930,0,215,1,'GÜNDOĞDU',1,0),(2303,930,0,215,1,'GÜNEŞ',1,0),(2304,930,0,215,1,'HABİBLER',1,0),(2305,930,0,215,1,'HÜSNÜ KARAKAŞ',1,0),(2306,930,0,215,1,'KANAL',1,0),(2307,930,0,215,1,'KARŞIYAKA',1,0),(2308,930,0,215,1,'KAZIM KARABEKİR',1,0),(2309,930,0,215,1,'KEPEZ',1,0),(2310,930,0,215,1,'KUZEYYAKA',1,0),(2311,930,0,215,1,'KÜLTÜR',1,0),(2312,930,0,215,1,'KÜTÜKÇÜ',1,0),(2313,930,0,215,1,'MEHMET AKİF ERSOY',1,0),(2314,930,0,215,1,'MENDERES',1,0),(2315,930,0,215,1,'ÖZGÜRLÜK',1,0),(2316,930,0,215,1,'SANTRAL',1,0),(2317,930,0,215,1,'SÜTÇÜLER',1,0),(2318,930,0,215,1,'ŞAFAK',1,0),(2319,930,0,215,1,'TEOMANPAŞA',1,0),(2320,930,0,215,1,'ULUS',1,0),(2321,930,0,215,1,'ÜNSAL',1,0),(2322,930,0,215,1,'YAVUZ SELİM',1,0),(2323,930,0,215,1,'YENİ',1,0),(2324,930,0,215,1,'YENİ DOĞAN',1,0),(2325,930,0,215,1,'YENİ EMEK',1,0),(2326,930,0,215,1,'YEŞİLTEPE',1,0),(2327,930,0,215,1,'YEŞİLYURT',1,0),(2328,930,0,215,1,'YÜKSELİŞ',1,0),(2329,930,0,215,1,'ZAFER',1,0),(2330,930,0,215,1,'BAŞKÖY',1,0),(2331,931,0,215,1,'AKKUYU',1,0),(2332,931,0,215,1,'ALTINKUM',1,0),(2333,931,0,215,1,'ARAPSUYU',1,0),(2334,931,0,215,1,'AYDINLIK',1,0),(2335,931,0,215,1,'ÇAKIRLAR',1,0),(2336,931,0,215,1,'DEMİRCİLİK',1,0),(2337,931,0,215,1,'GÖKDERE',1,0),(2338,931,0,215,1,'GÜRSU',1,0),(2339,931,0,215,1,'HURMA',1,0),(2340,931,0,215,1,'KURUÇAY',1,0),(2341,931,0,215,1,'KUŞKAVAĞI',1,0),(2342,931,0,215,1,'LİMAN',1,0),(2343,931,0,215,1,'MOLLA YUSUF',1,0),(2344,931,0,215,1,'ÖĞRETMENEVLERİ',1,0),(2345,931,0,215,1,'PINARBAŞI',1,0),(2346,931,0,215,1,'SARISU',1,0),(2347,931,0,215,1,'SİTELER',1,0),(2348,931,0,215,1,'SUİÇECEK',1,0),(2349,931,0,215,1,'TOROS',1,0),(2350,931,0,215,1,'ULUÇ',1,0),(2351,931,0,215,1,'UNCALI',1,0),(2352,931,0,215,1,'YENİ',1,0),(2353,931,0,215,1,'ZÜMRÜT',1,0),(2355,928,0,215,1,'ALTINDAĞ',1,0),(2356,928,0,215,1,'ALTINOVA-YENİGÖL',1,0),(2357,928,0,215,1,'BAHÇELİEVLER',1,0),(2358,928,0,215,1,'BALBEY',1,0),(2359,928,0,215,1,'BARBAROS',1,0),(2360,928,0,215,1,'BAYINDIR',1,0),(2361,928,0,215,1,'ÇAĞLAYAN',1,0),(2362,928,0,215,1,'ÇAYBAŞI',1,0),(2363,928,0,215,1,'DEMİRCİKARA',1,0),(2364,928,0,215,1,'DENİZ',1,0),(2365,928,0,215,1,'DOĞUYAKA',1,0),(2366,928,0,215,1,'DUTLUBAHÇE',1,0),(2367,928,0,215,1,'ELMALI',1,0),(2368,928,0,215,1,'ERMENEK',1,0),(2369,928,0,215,1,'ETİLER',1,0),(2370,928,0,215,1,'FENER',1,0),(2371,928,0,215,1,'GEBİZLİ',1,0),(2372,928,0,215,1,'GENÇLİK',1,0),(2373,928,0,215,1,'GÜVENLİK',1,0),(2374,928,0,215,1,'GÜZELBAĞ',1,0),(2375,928,0,215,1,'GÜZELOBA',1,0),(2376,928,0,215,1,'GÜZELOLUK',1,0),(2377,928,0,215,1,'HAŞİMİŞCAN',1,0),(2378,928,0,215,1,'KILINÇARSLAN',1,0),(2379,928,0,215,1,'KIRCAMİ',1,0),(2380,928,0,215,1,'KIŞLA',1,0),(2381,928,0,215,1,'KIZILARIK',1,0),(2382,928,0,215,1,'KIZILSARAY',1,0),(2383,928,0,215,1,'KIZILTOPRAK',1,0),(2384,928,0,215,1,'KONUKSEVER',1,0),(2385,928,0,215,1,'MEHMETÇİK',1,0),(2386,928,0,215,1,'MELTEM',1,0),(2387,928,0,215,1,'MEMUREVLERİ',1,0),(2388,928,0,215,1,'MEYDANKAVAĞI',1,0),(2389,928,0,215,1,'MURATPAŞA',1,0),(2390,928,0,215,1,'CUMHURİYET',1,0),(2391,928,0,215,1,'SEDİR',1,0),(2392,928,0,215,1,'SELÇUK',1,0),(2393,928,0,215,1,'SİNAN',1,0),(2394,928,0,215,1,'SOĞUKSU',1,0),(2395,928,0,215,1,'ŞİRİNYALI',1,0),(2396,928,0,215,1,'TAHILPAZARI',1,0),(2397,928,0,215,1,'TARIM',1,0),(2398,928,0,215,1,'TOPÇULAR',1,0),(2399,928,0,215,1,'TUZCULAR',1,0),(2400,928,0,215,1,'ÜÇGEN',1,0),(2401,928,0,215,1,'VARLIK',1,0),(2402,928,0,215,1,'YENİGÜN',1,0),(2403,928,0,215,1,'YEŞİLBAHÇE',1,0),(2404,928,0,215,1,'YEŞİLDERE',1,0),(2405,928,0,215,1,'YEŞİLKÖY',1,0),(2406,928,0,215,1,'YEŞİLOVA',1,0),(2407,928,0,215,1,'YILDIZ',1,0),(2408,928,0,215,1,'YÜKSEKALAN',1,0),(2409,928,0,215,1,'ZERDALİLİK',1,0),(2410,928,0,215,1,'ZÜMRÜTOVA',1,0),(2411,930,0,215,1,'ALTIAYAK',1,0),(2412,930,0,215,1,'AYANOĞLU',1,0),(2413,930,0,215,1,'DEMİREL',1,0),(2414,930,0,215,1,'VARSAK ESENTEPE',1,0),(2415,930,0,215,1,'VARSAK KARŞIYAKA',1,0),(2416,930,0,215,1,'VARSAK MENDERES',1,0),(2417,930,0,215,1,'ŞELALE',1,0),(2418,930,0,215,1,'ZEYTİNLİK',1,0),(2419,939,0,215,1,'KARAMAN',1,0),(2420,939,0,215,1,'NEBİLER',1,0),(2421,938,0,215,1,'BARBAROS',1,0),(2422,938,0,215,1,'FATİH',1,0),(2423,938,0,215,1,'KONAK',1,0),(2424,938,0,215,1,'MACUN',1,0),(2425,938,0,215,1,'SOLAK',1,0),(2426,938,0,215,1,'ALTINOVA',1,0),(2427,938,0,215,1,'ALTINTAŞ',1,0),(2428,938,0,215,1,'ÇALKAYA GÜZELYURT',1,0),(2429,938,0,215,1,'HACIALİLER',1,0),(2430,938,0,215,1,'MANDIRLAR',1,0),(2431,938,0,215,1,'BOZTEPE',1,0),(2438,938,0,215,1,'YURTPINAR GÜZELYURT',1,0),(2439,938,0,215,1,'YURTPINAR YENİ',1,0),(2440,938,0,215,1,'DUMANLAR',1,0),(2441,938,0,215,1,'YENİDUMANLAR',1,0),(2442,938,0,215,1,'CİHADİYE',1,0),(2443,938,0,215,1,'ÇAMKÖY',1,0),(2444,938,0,215,1,'HACILAR',1,0),(2445,938,0,215,1,'SOĞUCAKSU',1,0),(2446,938,0,215,1,'PINARLI YENİ',1,0),(2447,931,0,215,1,'ÇAMLIBEL',1,0),(2448,931,0,215,1,'DAĞ',1,0),(2449,931,0,215,1,'GÖKÇAM',1,0),(2450,931,0,215,1,'DOYRAN',1,0),(2451,931,0,215,1,'KIR',1,0),(2454,931,0,215,1,'KARATEPE',1,0),(2465,939,0,215,1,'BAHÇEYAKA',1,0),(2466,939,0,215,1,'TOMALAR',1,0),(2467,939,0,215,1,'YENİKÖY',1,0),(2468,939,0,215,1,'ÇIPLAKLI',1,0),(2469,939,0,215,1,'AOSB1KISIM',1,0),(2470,939,0,215,1,'AOSB2KISIM',1,0),(2471,939,0,215,1,'AOSB3KISIM',1,0),(2472,939,0,215,1,'AYANLAR',1,0),(2473,939,0,215,1,'AYDINLAR',1,0),(2474,939,0,215,1,'ORTA',1,0),(2475,939,0,215,1,'ÇIĞLIK',1,0),(2484,939,0,215,1,'ALTINKALE',1,0),(2485,939,0,215,1,'HÜRRİYET',1,0),(2486,81,0,215,1,'BOĞAZ',1,0),(2487,81,0,215,1,'DEMİRCİLER',1,0),(2488,81,0,215,1,'FAKILAR',1,0),(2489,81,0,215,1,'HACI İLYAS',1,0),(2504,82,0,215,1,'BEKTAŞ',1,0),(2505,82,0,215,1,'BÜYÜKHASBAHÇE',1,0),(2506,82,0,215,1,'CUMHURİYET',1,0),(2507,82,0,215,1,'ÇARŞI',1,0),(2508,82,0,215,1,'GÜLLER PINARI',1,0),(2509,82,0,215,1,'HACET',1,0),(2510,82,0,215,1,'HİSARİÇİ',1,0),(2511,82,0,215,1,'KADIPAŞA',1,0),(2512,82,0,215,1,'KIZLAR PINARI',1,0),(2513,82,0,215,1,'KÜÇÜKHASBAHÇE',1,0),(2514,82,0,215,1,'SARAY',1,0),(2515,82,0,215,1,'SUGÖZÜ',1,0),(2516,82,0,215,1,'ŞEKERHANE',1,0),(2517,82,0,215,1,'TEPE',1,0),(2518,82,0,215,1,'TOPHANE',1,0),(2576,83,0,215,1,'CAMİATİK',1,0),(2577,83,0,215,1,'CAMİCEDİT',1,0),(2578,83,0,215,1,'GÜNDOĞAN',1,0),(2579,83,0,215,1,'İPLİK PAZARI',1,0),(2580,83,0,215,1,'KAPMESCİD',1,0),(2581,83,0,215,1,'KARYAĞDI',1,0),(2582,83,0,215,1,'TAHTAMESCİD',1,0),(2583,83,0,215,1,'TOKLULAR',1,0),(2584,83,0,215,1,'YENİ',1,0),(2592,84,0,215,1,'ESKİ',1,0),(2593,84,0,215,1,'İSKELE',1,0),(2594,84,0,215,1,'KALE',1,0),(2595,84,0,215,1,'KIZILCA',1,0),(2596,84,0,215,1,'YENİ',1,0),(2615,85,0,215,1,'AYDIN',1,0),(2616,85,0,215,1,'BAKILAR',1,0),(2617,85,0,215,1,'CUMHURİYET',1,0),(2618,85,0,215,1,'EKMEL',1,0),(2619,85,0,215,1,'GAZİ',1,0),(2620,85,0,215,1,'İSTİKLAL',1,0),(2621,85,0,215,1,'KORU',1,0),(2622,85,0,215,1,'PAZARCI',1,0),(2623,85,0,215,1,'YENİ',1,0),(2626,86,0,215,1,'RASİH KAPLAN',1,0),(2627,86,0,215,1,'ÖZÜGÜR ',1,0),(2629,86,0,215,1,'FATİH',1,0),(2637,87,0,215,1,'AŞAĞI',1,0),(2638,87,0,215,1,'AYDINYAYLA',1,0),(2639,87,0,215,1,'ÇUKURVİRAN',1,0),(2640,87,0,215,1,'DÜZLEN',1,0),(2641,87,0,215,1,'YUKARI ',1,0),(2643,88,0,215,1,'ALAKENT',1,0),(2644,88,0,215,1,'BÜYÜKKUM',1,0),(2645,88,0,215,1,'GÖKYAZI',1,0),(2646,88,0,215,1,'KARABUCAK',1,0),(2647,88,0,215,1,'KAYAALTI',1,0),(2648,88,0,215,1,'KÜÇÜKKUM',1,0),(2649,88,0,215,1,'YAYLAKAYA',1,0),(2654,89,0,215,1,'ANDİFLİ',1,0),(2665,90,0,215,1,'ARSLANBUCAK',1,0),(2666,90,0,215,1,'KİRİŞ',1,0),(2667,90,0,215,1,'MERKEZ',1,0),(2668,90,0,215,1,'YENİ',1,0),(2669,931,0,215,1,'BELDİBİ BAHÇECİK',1,0),(2670,931,0,215,1,'BELDİBİ ÇİFTEÇEŞMELER',1,0),(2679,91,0,215,1,'ALAADDİN',1,0),(2680,91,0,215,1,'AŞAĞIPAZAR',1,0),(2681,91,0,215,1,'KARŞIYAKA',1,0),(2682,91,0,215,1,'KİREMİTLİ',1,0),(2683,91,0,215,1,'UZUNOLUK',1,0),(2684,91,0,215,1,'YENİ',1,0),(2704,92,0,215,1,'BAĞLIK',1,0),(2705,92,0,215,1,'CUMHURİYET',1,0),(2706,92,0,215,1,'ESKİCAMİ',1,0),(2707,92,0,215,1,'KARŞIYAKA',1,0),(2708,92,0,215,1,'KASAPÇAYIRI',1,0),(2709,92,0,215,1,'SARIKAVAK',1,0),(2710,92,0,215,1,'YENİ',1,0),(2724,93,0,215,1,'A. HİSAR',1,0),(2725,93,0,215,1,'A. PAZARCI',1,0),(2726,93,0,215,1,'AYDINEVLER',1,0),(2727,93,0,215,1,'BAHÇELİEVLER',1,0),(2728,93,0,215,1,'ÇAĞLAYAN',1,0),(2729,93,0,215,1,'EMEK',1,0),(2730,93,0,215,1,'KASAPLAR',1,0),(2731,93,0,215,1,'KAVAKLI',1,0),(2732,93,0,215,1,'MİMAR SİNAN',1,0),(2733,93,0,215,1,'ÖRNEK',1,0),(2734,93,0,215,1,'SANAYİ',1,0),(2735,93,0,215,1,'SORGUN',1,0),(2736,93,0,215,1,'ŞELALE',1,0),(2737,93,0,215,1,'YAYLA',1,0),(2738,93,0,215,1,'Y.HİSAR',1,0),(2739,93,0,215,1,'Y.PAZARCI',1,0),(2740,93,0,215,1,'MİLLİ EGEMENLİK',1,0),(2741,93,0,215,1,'SALKIM EVLER',1,0),(2742,93,0,215,1,'ESKİ HİSAR',1,0),(2769,94,0,215,1,'BELPINAR',1,0),(2770,94,0,215,1,'EVREN PAŞA',1,0),(2771,94,0,215,1,'KÖKEZ',1,0),(2772,94,0,215,1,'MERKEZ',1,0),(2773,94,0,215,1,'ORTA',1,0),(2774,94,0,215,1,'YENİ',1,0),(2775,94,0,215,1,'AKÇAALAN',1,0),(9980,95,0,215,1,'BALCIOĞLU',1,0),(9981,95,0,215,1,'ÇAMLIK',1,0),(9982,95,0,215,1,'ÇARŞI',1,0),(9983,95,0,215,1,'ÇAYAĞZI',1,0),(9984,95,0,215,1,'DERE',1,0),(9985,95,0,215,1,'ORTA',1,0),(9986,95,0,215,1,'YENİ',1,0),(9987,96,0,215,1,'MERKEZ',1,0),(9988,97,0,215,1,'A. HACILAR',1,0),(9989,97,0,215,1,'BOĞAZİÇİ',1,0),(9990,97,0,215,1,'CUMHURİYET',1,0),(9991,97,0,215,1,'KALE',1,0),(9992,97,0,215,1,'MUSAZADE',1,0),(9993,97,0,215,1,'Y. HACILAR',1,0),(9994,97,0,215,1,'YEMİŞLİK',1,0),(9995,98,0,215,1,'AKSU',1,0),(9996,98,0,215,1,'GÜNDOĞDU',1,0),(9997,98,0,215,1,'MERKEZ',1,0),(9998,98,0,215,1,'YENİYOL',1,0),(9999,99,0,215,1,'BUCAK',1,0),(10000,99,0,215,1,'CUMHURİYET',1,0),(10001,99,0,215,1,'MERKEZ KULEDİBİ',1,0),(10002,99,0,215,1,'ORTAHOPA',1,0),(10003,99,0,215,1,'SUNDURA',1,0),(10004,99,0,215,1,'YUKARI KULEDİBİ',1,0),(10010,100,0,215,1,'KÜRE',1,0),(10023,101,0,215,1,'ARMUTLU',1,0),(10024,101,0,215,1,'SÖĞÜTLÜ',1,0),(10025,101,0,215,1,'YENİKÖY',1,0),(10030,102,0,215,1,'ERDEMLER',1,0),(10031,102,0,215,1,'EVREN',1,0),(10032,102,0,215,1,'HASANAĞA',1,0),(10033,102,0,215,1,'KAZIM KARABEKİR',1,0),(10034,102,0,215,1,'MERKEZ',1,0),(10036,103,0,215,1,'ADNAN MENDERES',1,0),(10037,103,0,215,1,'ATA',1,0),(10038,103,0,215,1,'CUMA',1,0),(10039,103,0,215,1,'CUMHURİYET',1,0),(10040,103,0,215,1,'EFELER',1,0),(10041,103,0,215,1,'FATİH',1,0),(10042,103,0,215,1,'GİRNE',1,0),(10043,103,0,215,1,'GÜZELHİSAR',1,0),(10045,103,0,215,1,'ILICABAŞI',1,0),(10046,103,0,215,1,'İSTİKLAL',1,0),(10047,103,0,215,1,'KEMER',1,0),(10048,103,0,215,1,'KÖPRÜLÜ-VEYSİPAŞA',1,0),(10049,103,0,215,1,'KURTULUŞ',1,0),(10050,103,0,215,1,'MESUDİYE',1,0),(10051,103,0,215,1,'MEŞRUTİYET',1,0),(10052,103,0,215,1,'MİMAR SİNAN',1,0),(10053,103,0,215,1,'ORTA',1,0),(10054,103,0,215,1,'OSMAN YOZGATLI',1,0),(10055,103,0,215,1,'HASANEFENDİ-RAMAZAN PAŞA',1,0),(10057,103,0,215,1,'YEDİ EYLÜL',1,0),(10058,103,0,215,1,'ZAFER',1,0),(10059,103,0,215,1,'ZEYBEK',1,0),(10060,103,0,215,1,'ATAOSB',1,0),(10077,104,0,215,1,'AKÇAY',1,0),(10078,104,0,215,1,'CUMHURİYET',1,0),(10079,104,0,215,1,'ÇARŞI',1,0),(10080,104,0,215,1,'EYMİR',1,0),(10081,104,0,215,1,'HIDIRBABA',1,0),(10082,104,0,215,1,'HİSAR',1,0),(10083,104,0,215,1,'MADRAN',1,0),(10084,104,0,215,1,'YENİ',1,0),(10085,104,0,215,1,'YENİCE',1,0),(10089,105,0,215,1,'İSTİKLAL',1,0),(10090,105,0,215,1,'KAMİLPAŞA',1,0),(10091,105,0,215,1,'KAYABURNU',1,0),(10092,105,0,215,1,'ÜÇEYLÜL',1,0),(10093,105,0,215,1,'ZAFER',1,0),(10094,106,0,215,1,'HAMİDABAT',1,0),(10095,106,0,215,1,'SARIOĞLU',1,0),(10096,106,0,215,1,'SOĞANCILAR',1,0),(10097,106,0,215,1,'ŞEVKETİYE',1,0),(10098,106,0,215,1,'YENİ',1,0),(10099,106,0,215,1,'CUMHURİYET',1,0),(10105,107,0,215,1,'ALTINKUM',1,0),(10106,107,0,215,1,'CUMHURİYET',1,0),(10107,107,0,215,1,'ÇAMLIK',1,0),(10108,107,0,215,1,'EFELER',1,0),(10109,107,0,215,1,'FEVZİPAŞA',1,0),(10110,107,0,215,1,'HİSAR',1,0),(10111,107,0,215,1,'MAVİŞEHİR',1,0),(10112,107,0,215,1,'MERSİNDERE',1,0),(10113,107,0,215,1,'YENİ',1,0),(10120,108,0,215,1,'CAMİKEBİR',1,0),(10121,108,0,215,1,'İSTASYON',1,0),(10122,108,0,215,1,'MESUDİYE',1,0),(10123,108,0,215,1,'PARK',1,0),(10124,108,0,215,1,'YENİ',1,0),(10125,108,0,215,1,'YEDİEYLÜL',1,0),(10134,109,0,215,1,'ATATÜRK',1,0),(10135,109,0,215,1,'CUMHURİYET',1,0),(10136,109,0,215,1,'HÜRRİYET',1,0),(10137,109,0,215,1,'İSTİKLAL',1,0),(10138,109,0,215,1,'KURTULUŞ',1,0),(10139,109,0,215,1,'ZAFER',1,0),(10145,110,0,215,1,'BEREKETLİ',1,0),(10146,110,0,215,1,'BÜYÜKDAĞLI',1,0),(10147,110,0,215,1,'CABİ',1,0),(10148,110,0,215,1,'CUMA',1,0),(10149,110,0,215,1,'KÜÇÜKDAĞLI',1,0),(10150,110,0,215,1,'YAYLALI',1,0),(10160,111,0,215,1,'BAYRAKTEPE',1,0),(10161,111,0,215,1,'ORTA',1,0),(10162,111,0,215,1,'TÜTÜNLÜK',1,0),(10163,111,0,215,1,'YENİ',1,0),(10164,112,0,215,1,'ADNAN MENDERES',1,0),(10165,112,0,215,1,'ATATÜRK',1,0),(10166,112,0,215,1,'GÜNDOĞAN',1,0),(10167,112,0,215,1,'ORTA',1,0),(10168,112,0,215,1,'YENİ',1,0),(10174,113,0,215,1,'ÇARŞI',1,0),(10175,113,0,215,1,'SERDAROĞLU',1,0),(10176,113,0,215,1,'SOĞUKKUYU',1,0),(10177,113,0,215,1,'ALTIEYLÜL',1,0),(10178,114,0,215,1,'ALACAMESCİT',1,0),(10179,114,0,215,1,'BAYRAKLIDEDE',1,0),(10180,114,0,215,1,'CAMİATİK',1,0),(10181,114,0,215,1,'CAMİKEBİR',1,0),(10182,114,0,215,1,'CUMHURİYET',1,0),(10183,114,0,215,1,'DAĞ',1,0),(10184,114,0,215,1,'İKİÇEŞMELİK',1,0),(10185,114,0,215,1,'KADIKALESİ',1,0),(10186,114,0,215,1,'KADINLAR DENİZİ',1,0),(10187,114,0,215,1,'KARAOVA',1,0),(10188,114,0,215,1,'TÜRKMEN',1,0),(10189,114,0,215,1,'YAVANSU',1,0),(10190,114,0,215,1,'HACIFEYZULLAH',1,0),(10191,114,0,215,1,'EGE',1,0),(10192,114,0,215,1,'DEĞİRMENDERE',1,0),(10199,115,0,215,1,'AYDINOĞLU',1,0),(10200,115,0,215,1,'BEŞEYLÜL',1,0),(10201,115,0,215,1,'CUMHURİYET',1,0),(10202,115,0,215,1,'FATİH',1,0),(10203,115,0,215,1,'KURTULUŞ',1,0),(10204,115,0,215,1,'MUSTAFAPAŞA',1,0),(10205,115,0,215,1,'YAKUPPAŞA',1,0),(10206,115,0,215,1,'YENİ',1,0),(10228,116,0,215,1,'ALTINTAŞ',1,0),(10229,116,0,215,1,'AYDOĞDU',1,0),(10230,116,0,215,1,'CUMHURİYET',1,0),(10231,116,0,215,1,'ÇAPAHASAN',1,0),(10232,116,0,215,1,'DUMLUPINAR',1,0),(10233,116,0,215,1,'İSTİKLAL',1,0),(10234,116,0,215,1,'KARAÇAY',1,0),(10235,116,0,215,1,'KURTULUŞ',1,0),(10236,116,0,215,1,'PINARBAŞI',1,0),(10237,116,0,215,1,'PROF.MUAMMER AKSOY',1,0),(10238,116,0,215,1,'SÜMER',1,0),(10239,116,0,215,1,'ŞİRİNEVLER',1,0),(10240,116,0,215,1,'TURAN',1,0),(10241,116,0,215,1,'YENİ',1,0),(10242,116,0,215,1,'YENİ SANAYİİ',1,0),(10243,116,0,215,1,'YEŞİL',1,0),(10244,116,0,215,1,'YEŞİLYURT',1,0),(10245,116,0,215,1,'YILDIZTEPE',1,0),(10246,116,0,215,1,'ZAFER',1,0),(10247,116,0,215,1,'ARSLANLI CUMHURİYET',1,0),(10248,116,0,215,1,'ARSLANLI HÜRRİYET',1,0),(10249,116,0,215,1,'ARSLANLI ZAFER',1,0),(10259,117,0,215,1,'ATATÜRK',1,0),(10260,117,0,215,1,'CUMHURİYET',1,0),(10261,117,0,215,1,'ÇELTİKÇİ',1,0),(10262,117,0,215,1,'FEVZİPAŞA',1,0),(10263,117,0,215,1,'KEMALPAŞA',1,0),(10264,117,0,215,1,'KONAK',1,0),(10265,117,0,215,1,'YENİCAMİİ',1,0),(10266,117,0,215,1,'YENİKENT',1,0),(10289,118,0,215,1,'BEŞEYLÜL',1,0),(10290,118,0,215,1,'HİSAR',1,0),(10291,118,0,215,1,'KURTULUŞ',1,0),(10292,118,0,215,1,'REKMEZ',1,0),(10293,118,0,215,1,'ZAFER',1,0),(10300,119,0,215,1,'ÇARŞI',1,0),(10301,119,0,215,1,'DOĞU',1,0),(10302,119,0,215,1,'HÜKÜMET',1,0),(10303,119,0,215,1,'YENİ',1,0),(10304,120,0,215,1,'GAZİOSMANPAŞAOSB',1,0),(10305,120,0,215,1,'ADNAN MENDERES',1,0),(10306,120,0,215,1,'AKINCILAR',1,0),(10307,120,0,215,1,'ALİ HİKMET PAŞA',1,0),(10308,120,0,215,1,'ALTI EYLÜL',1,0),(10309,120,0,215,1,'ATATÜRK',1,0),(10310,120,0,215,1,'AYGÖREN',1,0),(10311,120,0,215,1,'BAHÇELİEVLER',1,0),(10312,120,0,215,1,'ÇAY',1,0),(10313,120,0,215,1,'DİNKÇİLER',1,0),(10314,120,0,215,1,'DUMLUPINAR',1,0),(10315,120,0,215,1,'EGE',1,0),(10316,120,0,215,1,'ESKİ KUYUMCULAR',1,0),(10317,120,0,215,1,'GAZİOSMANPAŞA',1,0),(10318,120,0,215,1,'GÜMÜSÇESME',1,0),(10319,120,0,215,1,'1.GÜNDOĞAN',1,0),(10320,120,0,215,1,'2.GÜNDOĞAN',1,0),(10321,120,0,215,1,'HACI İLBEY',1,0),(10322,120,0,215,1,'HACI İSMAİL',1,0),(10323,120,0,215,1,'HASAN BASRİ ÇANTAY',1,0),(10324,120,0,215,1,'HİSARİÇİ',1,0),(10325,120,0,215,1,'KARAOĞLAN',1,0),(10326,120,0,215,1,'KARESİ',1,0),(10327,120,0,215,1,'KASAPLAR',1,0),(10328,120,0,215,1,'KAYABEY',1,0),(10329,120,0,215,1,'KIZPINAR',1,0),(10330,120,0,215,1,'KUVA-İ MİLLİYE',1,0),(10331,120,0,215,1,'MALTEPE',1,0),(10332,120,0,215,1,'MİRZABEY',1,0),(10333,120,0,215,1,'1.ORUÇGAZİ',1,0),(10334,120,0,215,1,'2.ORUÇGAZİ',1,0),(10335,120,0,215,1,'PAŞA ALANI',1,0),(10336,120,0,215,1,'PLEVNE',1,0),(10337,120,0,215,1,'1.SAKARYA',1,0),(10338,120,0,215,1,'2.SAKARYA',1,0),(10339,120,0,215,1,'SÜTLÜCE',1,0),(10340,120,0,215,1,'TOYGAR',1,0),(10341,120,0,215,1,'VİCDANİYE',1,0),(10342,120,0,215,1,'YILDIRIM',1,0),(10343,120,0,215,1,'YILDIZ',1,0),(10344,120,0,215,1,'YENİ',1,0),(10355,121,0,215,1,'ALİ ÇETİNKAYA',1,0),(10356,121,0,215,1,'FETHİYE',1,0),(10357,121,0,215,1,'FEVZİPAŞA-VEHBİBEY',1,0),(10358,121,0,215,1,'HAMDİBEY',1,0),(10359,121,0,215,1,'HAYRETTİNPAŞA',1,0),(10360,121,0,215,1,'İSMETPAŞA',1,0),(10361,121,0,215,1,'KAZIMPAŞA',1,0),(10362,121,0,215,1,'KEMALPAŞA',1,0),(10363,121,0,215,1,'MİTHATPAŞA',1,0),(10364,121,0,215,1,'NAMIK KEMAL',1,0),(10365,121,0,215,1,'SAKARYA',1,0),(10366,121,0,215,1,'SEFA ÇAMLIK',1,0),(10368,121,0,215,1,'YENİ',1,0),(10369,121,0,215,1,'ZEKİBEY',1,0),(10370,121,0,215,1,'150 EVLER',1,0),(10371,121,0,215,1,'SAHİL KENT',1,0),(10382,122,0,215,1,'ENVERPAŞA',1,0),(10383,122,0,215,1,'KOCA CAMİİ',1,0),(10386,123,0,215,1,'AYYILDIZ',1,0),(10387,123,0,215,1,'BENTBAŞI',1,0),(10388,123,0,215,1,'ÇINARLI',1,0),(10389,123,0,215,1,'DERE',1,0),(10390,123,0,215,1,'GÜNAYDIN',1,0),(10391,123,0,215,1,'HACI YUSUF',1,0),(10392,123,0,215,1,'HAYDAR ÇAVUŞ',1,0),(10393,123,0,215,1,'İHSANİYE',1,0),(10394,123,0,215,1,'KAYACIK',1,0),(10395,123,0,215,1,'LEVENT',1,0),(10396,123,0,215,1,'PAŞABAYIR',1,0),(10397,123,0,215,1,'PAŞAMESCİT',1,0),(10398,123,0,215,1,'SUNULLAH',1,0),(10399,123,0,215,1,'YENİ',1,0),(10400,123,0,215,1,'100.YIL',1,0),(10401,123,0,215,1,'17 EYLÜL',1,0),(10402,123,0,215,1,'600 EVLER',1,0),(10403,123,0,215,1,'PAŞAKONAK',1,0),(10404,123,0,215,1,'PAŞAKENT',1,0),(10405,123,0,215,1,'ÇALIŞKANLAR',1,0),(10415,124,0,215,1,'ABACI',1,0),(10416,124,0,215,1,'CAMİİ',1,0),(10417,124,0,215,1,'ÇAVUŞ',1,0),(10418,124,0,215,1,'EMEK',1,0),(10419,124,0,215,1,'FETHİBEY',1,0),(10420,124,0,215,1,'KUYU',1,0),(10421,124,0,215,1,'ORTA',1,0),(10422,124,0,215,1,'SERVİ',1,0),(10423,124,0,215,1,'4 EYLÜL',1,0),(10429,125,0,215,1,'BAHÇELİEVLER',1,0),(10430,125,0,215,1,'CUMHURİYET',1,0),(10431,125,0,215,1,'GERİŞ',1,0),(10432,125,0,215,1,'HACIAHMET',1,0),(10433,125,0,215,1,'İSKELE',1,0),(10434,125,0,215,1,'KOCACAMİ',1,0),(10435,125,0,215,1,'MAHKEME',1,0),(10436,125,0,215,1,'MEMİŞ',1,0),(10437,125,0,215,1,'ÖĞRETMENLER',1,0),(10438,125,0,215,1,'ÖREN',1,0),(10439,125,0,215,1,'YUNUS',1,0),(10440,125,0,215,1,'HÜRRİYET',1,0),(10444,126,0,215,1,'BOZYOKUŞ',1,0),(10445,126,0,215,1,'CEBECİ',1,0),(10446,126,0,215,1,'ÇAKMAK',1,0),(10447,126,0,215,1,'ÇİFTÇİ',1,0),(10448,126,0,215,1,'FERAH',1,0),(10449,126,0,215,1,'İSTASYON',1,0),(10450,126,0,215,1,'MOLLAOĞLU',1,0),(10451,126,0,215,1,'ÜÇEYLÜL',1,0),(10452,126,0,215,1,'VAKIF',1,0),(10453,127,0,215,1,'CAMİVASAT',1,0),(10454,127,0,215,1,'CENNETAYAĞI',1,0),(10455,127,0,215,1,'CUMHURİYET',1,0),(10456,127,0,215,1,'DARSOFA',1,0),(10457,127,0,215,1,'GAZİCELAL',1,0),(10458,127,0,215,1,'GAZİİLYAS',1,0),(10459,127,0,215,1,'HACITUĞRUL',1,0),(10460,127,0,215,1,'HAMİDİYE',1,0),(10461,127,0,215,1,'HEKİMZADE',1,0),(10462,127,0,215,1,'İBRAHİMCE',1,0),(10463,127,0,215,1,'KAPICIBAŞI',1,0),(10464,127,0,215,1,'SOĞANYEMEZ',1,0),(10465,127,0,215,1,'TURHANBEY',1,0),(10466,127,0,215,1,'TUZCUMURAT',1,0),(10485,128,0,215,1,'ALAATTİN',1,0),(10486,128,0,215,1,'ATATÜRK',1,0),(10487,128,0,215,1,'HALİTPAŞA',1,0),(10488,128,0,215,1,'YALI',1,0),(10491,129,0,215,1,'KEMALPAŞA',1,0),(10492,129,0,215,1,'MİTHATPAŞA',1,0),(10493,129,0,215,1,'YAYA',1,0),(10495,130,0,215,1,'AKÇAALİ',1,0),(10496,130,0,215,1,'ALTAY',1,0),(10498,130,0,215,1,'GÜNDOĞDU',1,0),(10499,130,0,215,1,'KARŞIYAKA',1,0),(10500,130,0,215,1,'KURTULUŞ',1,0),(10501,130,0,215,1,'MALKOÇ',1,0),(10502,130,0,215,1,'PLEVNE',1,0),(10503,130,0,215,1,'REŞADİYE',1,0),(10504,130,0,215,1,'RÜSTEM',1,0),(10505,130,0,215,1,'TIRNOVA',1,0),(10506,130,0,215,1,'100.YIL',1,0),(10511,131,0,215,1,'CAMİİKEBİR',1,0),(10512,131,0,215,1,'ÇİĞİTZADE',1,0),(10513,131,0,215,1,'EBUBEKİR',1,0),(10514,131,0,215,1,'HAMAMBAŞI',1,0),(10515,131,0,215,1,'MESCİT',1,0),(10516,131,0,215,1,'TEKKE',1,0),(10517,131,0,215,1,'YENİ',1,0),(10522,132,0,215,1,'BEDRETTİN',1,0),(10523,132,0,215,1,'KURTULUŞ',1,0),(10524,132,0,215,1,'SAKARYA',1,0),(10525,132,0,215,1,'7EYLÜL',1,0),(10539,133,0,215,1,'CAMİİATİK',1,0),(10540,133,0,215,1,'CAMİİCEDİT',1,0),(10541,133,0,215,1,'İHSANİYE',1,0),(10542,133,0,215,1,'KASAPZADE',1,0),(10543,133,0,215,1,'MAHKEME',1,0),(10544,133,0,215,1,'YENİCE',1,0),(10545,134,0,215,1,'ÇARŞI',1,0),(10546,134,0,215,1,'MALTEPE',1,0),(10547,134,0,215,1,'YENİ',1,0),(10553,135,0,215,1,'CUMHURİYET',1,0),(10554,135,0,215,1,'HÜRRİYET',1,0),(10555,135,0,215,1,'OKULLAR',1,0),(10561,135,0,215,1,'ÇINARLI',1,0),(10564,136,0,215,1,'CUMHURİYET',1,0),(10565,136,0,215,1,'FATİH',1,0),(10566,136,0,215,1,'HÜRRİYET',1,0),(10567,136,0,215,1,'İSTİKLAL',1,0),(10568,136,0,215,1,'ZAFER',1,0),(10574,137,0,215,1,'CAMİİCEDİT',1,0),(10575,137,0,215,1,'CAMİİKEBİR',1,0),(10576,137,0,215,1,'ÇAVDAROĞLU',1,0),(10577,137,0,215,1,'KURTULUŞ',1,0),(10578,137,0,215,1,'RIZAİYE',1,0),(10579,137,0,215,1,'KOCAKONAK',1,0),(10591,138,0,215,1,'BURHANİYE',1,0),(10592,138,0,215,1,'HAN',1,0),(10593,138,0,215,1,'KARŞIYAKA',1,0),(10594,138,0,215,1,'KIŞLA',1,0),(10595,138,0,215,1,'ORTA',1,0),(10596,138,0,215,1,'SULTANİYE',1,0),(10597,138,0,215,1,'ŞEKER',1,0),(10598,138,0,215,1,'YENİ',1,0),(10610,139,0,215,1,'BAHÇELİEVLER',1,0),(10611,139,0,215,1,'BEŞİKTAŞ',1,0),(10612,139,0,215,1,'CUMHURİYET',1,0),(10613,139,0,215,1,'ERTUĞRULGAZİ',1,0),(10614,139,0,215,1,'GAZİPAŞA',1,0),(10615,139,0,215,1,'HÜRRİYET',1,0),(10616,139,0,215,1,'İSMETPAŞA',1,0),(10617,139,0,215,1,'İSTASYON',1,0),(10618,139,0,215,1,'İSTİKLAL',1,0),(10619,139,0,215,1,'ORHANGAZİ',1,0),(10620,139,0,215,1,'HÜRRİYETOSB',1,0),(10628,140,0,215,1,'ÇARŞI',1,0),(10629,140,0,215,1,'KASIMPAŞA',1,0),(10630,140,0,215,1,'TEKKE',1,0),(10631,140,0,215,1,'YEDİLER',1,0),(10632,140,0,215,1,'YENİ',1,0),(10633,140,0,215,1,'4 EYLÜL',1,0),(10641,141,0,215,1,'BAHÇELİEVLER',1,0),(10642,141,0,215,1,'İSMETPAŞA',1,0),(10643,141,0,215,1,'İSTİKLAL',1,0),(10644,141,0,215,1,'ORTA',1,0),(10645,141,0,215,1,'REŞADİYE',1,0),(10646,142,0,215,1,'AKKUM',1,0),(10647,142,0,215,1,'GÜNER ORBAY',1,0),(10648,142,0,215,1,'KARAAĞAÇ',1,0),(10649,142,0,215,1,'ZAFER',1,0),(10651,143,0,215,1,'CAMİ CEDİT',1,0),(10652,143,0,215,1,'CAMİ KEBİR',1,0),(10653,143,0,215,1,'HACELOĞLU',1,0),(10654,143,0,215,1,'İNÖNÜ',1,0),(10655,144,0,215,1,'BEŞİKLİ',1,0),(10656,144,0,215,1,'ÇARŞI',1,0),(10657,144,0,215,1,'DEREBOĞAZ',1,0),(10658,144,0,215,1,'DOĞANLAR',1,0),(10659,144,0,215,1,'YENİ',1,0),(10660,144,0,215,1,'YÜZBAŞI',1,0),(10661,144,0,215,1,'PAMUCAKOSB',1,0),(10662,145,0,215,1,'BALABAN',1,0),(10663,145,0,215,1,'CUMHURİYET',1,0),(10664,145,0,215,1,'KAYHAN',1,0),(10665,145,0,215,1,'ORTA',1,0),(10666,145,0,215,1,'TÜRKMENBAŞI',1,0),(10672,146,0,215,1,'ÇÖTE',1,0),(10673,146,0,215,1,'OSMANGAZİ',1,0),(10674,146,0,215,1,'YENİ',1,0),(10675,146,0,215,1,'ZAFER',1,0),(10676,147,0,215,1,'AYDINSU',1,0),(10677,147,0,215,1,'BAHÇELİEVLER',1,0),(10678,147,0,215,1,'ŞEHİT MUSTAFA GÜNDOĞDU',1,0),(10679,147,0,215,1,'İNÖNÜ',1,0),(10680,147,0,215,1,'KALEÖNÜ',1,0),(10681,147,0,215,1,'KARŞIYAKA',1,0),(10682,147,0,215,1,'KÜLTÜR',1,0),(10683,147,0,215,1,'MİRZAN',1,0),(10684,147,0,215,1,'SARAY',1,0),(10685,147,0,215,1,'RECEP TAYYİP ERDOĞAN',1,0),(10686,147,0,215,1,'YENİ',1,0),(10687,147,0,215,1,'YENİŞEHİR',1,0),(10688,147,0,215,1,'YEŞİLYURT',1,0),(10703,148,0,215,1,'MERKEZ',1,0),(10704,148,0,215,1,'GÜNGÖRSÜN',1,0),(10705,148,0,215,1,'DÖŞLÜCE',1,0),(10706,148,0,215,1,'DANATEPE',1,0),(10707,148,0,215,1,'ARICA',1,0),(10708,149,0,215,1,'CUMHURİYET',1,0),(10709,149,0,215,1,'KÜLTÜR',1,0),(10710,149,0,215,1,'YENİŞEHİR',1,0),(10711,149,0,215,1,'YEŞİLDERE',1,0),(10712,149,0,215,1,'YOLDAŞAN',1,0),(10721,150,0,215,1,'KANIREŞ',1,0),(10722,150,0,215,1,'SEYRAN TEPE',1,0),(10723,150,0,215,1,'YEŞİLYURT',1,0),(10724,150,0,215,1,'TURGUT ÖZAL',1,0),(10726,151,0,215,1,'ESKİŞEHİR',1,0),(10727,151,0,215,1,'YENİŞEHİR',1,0),(10728,151,0,215,1,'YEŞİLYURT',1,0),(10729,152,0,215,1,'BOĞLAN',1,0),(10730,152,0,215,1,'HALİME PINAR',1,0),(10731,152,0,215,1,'YENİ',1,0),(10732,152,0,215,1,'YEŞİLOVA',1,0),(10736,153,0,215,1,'AKÇADAMLAR',1,0),(10737,153,0,215,1,'HASKÖY',1,0),(10738,153,0,215,1,'MERKEZ',1,0),(10739,153,0,215,1,'SARI TOSUN',1,0),(10740,153,0,215,1,'YOLGÜDEN',1,0),(10741,153,0,215,1,'HAKTANIR',1,0),(10742,154,0,215,1,'DÖŞENGİ',1,0),(10743,154,0,215,1,'KABAOLUK',1,0),(10744,154,0,215,1,'KOŞAN',1,0),(10745,154,0,215,1,'MERKEZ',1,0),(10746,155,0,215,1,'ATATÜRK',1,0),(10747,155,0,215,1,'BEŞ MİNARE',1,0),(10748,155,0,215,1,'GAZİ BEY',1,0),(10749,155,0,215,1,'HERSAN',1,0),(10750,155,0,215,1,'HÜSREV PAŞA',1,0),(10751,155,0,215,1,'İNÖNÜ',1,0),(10752,155,0,215,1,'MUŞTAKBABA',1,0),(10753,155,0,215,1,'SARAY',1,0),(10754,155,0,215,1,'SEKİZ AĞUSTOS',1,0),(10755,155,0,215,1,'ŞEMSİ BİTLİS',1,0),(10756,155,0,215,1,'TAŞ',1,0),(10757,155,0,215,1,'YÜKSELİŞ',1,0),(10758,155,0,215,1,'ZEYDAN',1,0),(10767,156,0,215,1,'ALACAATLI',1,0),(10768,156,0,215,1,'ATATÜRK',1,0),(10769,156,0,215,1,'CEVİZLİ',1,0),(10770,156,0,215,1,'ÇAYIR',1,0),(10771,156,0,215,1,'EVRENPAŞA',1,0),(10772,156,0,215,1,'HIDIRŞAH',1,0),(10773,156,0,215,1,'KALEBOYNU',1,0),(10774,156,0,215,1,'ORTA',1,0),(10782,157,0,215,1,'ERKİZAN',1,0),(10783,157,0,215,1,'HARABA ŞEHİR',1,0),(10784,157,0,215,1,'KALE ',1,0),(10785,157,0,215,1,'İKİ KUBBE',1,0),(10786,157,0,215,1,'KACER',1,0),(10787,157,0,215,1,'KIRKLAR',1,0),(10788,157,0,215,1,'KULAKSIZ',1,0),(10789,157,0,215,1,'SELÇUKLU',1,0),(10790,157,0,215,1,'TAHTI SÜLEYMAN',1,0),(10791,157,0,215,1,'TUNUS',1,0),(10797,158,0,215,1,'BAĞLAR',1,0),(10798,158,0,215,1,'BÖLMEDERE',1,0),(10799,158,0,215,1,'EVREN',1,0),(10800,158,0,215,1,'GİRNE',1,0),(10801,158,0,215,1,'HAYDAR',1,0),(10802,158,0,215,1,'KÜMBET',1,0),(10803,158,0,215,1,'ŞENEVLER',1,0),(10804,158,0,215,1,'ŞENTEPE',1,0),(10805,158,0,215,1,'YEŞİLOVA',1,0),(10806,158,0,215,1,'ŞENOVA',1,0),(10808,158,0,215,1,'NURTEPE',1,0),(10809,158,0,215,1,'BARAJYOLU',1,0),(10810,158,0,215,1,'ERENTEPE',1,0),(10811,158,0,215,1,'ŞİRİNTEPE',1,0),(10825,159,0,215,1,'ALTINOLUK',1,0),(10826,159,0,215,1,'AŞAĞIKARASU',1,0),(10827,159,0,215,1,'BAHÇELİEVLER',1,0),(10828,159,0,215,1,'ESENTEPE',1,0),(10829,159,0,215,1,'GÖKÇİMEN',1,0),(10830,159,0,215,1,'KÜLTÜR',1,0),(10831,159,0,215,1,'TAŞLI PINAR',1,0),(10832,159,0,215,1,'YEMİŞLİ',1,0),(10833,159,0,215,1,'YENİ KENT',1,0),(10834,159,0,215,1,'YEŞİL OVA',1,0),(10840,160,0,215,1,'PINARBAŞI',1,0),(10841,160,0,215,1,'TAŞLI PINAR',1,0),(10842,160,0,215,1,'YENİ',1,0),(10843,160,0,215,1,'YENİBAĞ',1,0),(10852,161,0,215,1,'AYDINLAR',1,0),(10853,161,0,215,1,'BAHÇELİEVLER',1,0),(10854,161,0,215,1,'CUMHURİYET',1,0),(10855,161,0,215,1,'ÇAĞLAYAN',1,0),(10856,161,0,215,1,'DUMLUPINAR',1,0),(10857,161,0,215,1,'ESENTEPE',1,0),(10858,161,0,215,1,'FATİH',1,0),(10859,161,0,215,1,'FUAR',1,0),(10860,161,0,215,1,'HİDAYET',1,0),(10861,161,0,215,1,'İŞLETME',1,0),(10862,161,0,215,1,'KALE',1,0),(10863,161,0,215,1,'KARATAŞ',1,0),(10864,161,0,215,1,'KARŞIYAKA',1,0),(10865,161,0,215,1,'KÜLTÜR',1,0),(10866,161,0,215,1,'PINARBAŞI',1,0),(10867,161,0,215,1,'SAHİL',1,0),(10868,161,0,215,1,'SARAY',1,0),(10869,161,0,215,1,'SOSYAL',1,0),(10870,161,0,215,1,'ŞİRİNEVLER',1,0),(10871,161,0,215,1,'TUĞ',1,0),(10872,161,0,215,1,'YENİ',1,0),(10873,161,0,215,1,'YEŞİL MEZRA',1,0),(10874,162,0,215,1,'AKPINAR',1,0),(10875,162,0,215,1,'AKTAŞ',1,0),(10876,162,0,215,1,'ALPAGUTBEY',1,0),(10877,162,0,215,1,'AŞAĞISOKU',1,0),(10878,162,0,215,1,'BAHÇELİEVLER',1,0),(10879,162,0,215,1,'BEŞKAVAKLAR',1,0),(10880,162,0,215,1,'BORAZANLAR',1,0),(10881,162,0,215,1,'BÜYÜKCAMİ',1,0),(10882,162,0,215,1,'ÇIKINLAR',1,0),(10883,162,0,215,1,'GÖLYÜZÜ',1,0),(10884,162,0,215,1,'İHSANİYE',1,0),(10885,162,0,215,1,'İZZET BAYSAL',1,0),(10886,162,0,215,1,'KARAÇAYIR',1,0),(10887,162,0,215,1,'KARAMANLI',1,0),(10888,162,0,215,1,'KÖROĞLU',1,0),(10889,162,0,215,1,'KÜLTÜR',1,0),(10890,162,0,215,1,'SAĞLIK',1,0),(10891,162,0,215,1,'SEMERKANT',1,0),(10892,162,0,215,1,'SÜMER',1,0),(10893,162,0,215,1,'TABAKLAR',1,0),(10894,162,0,215,1,'TEPECİK',1,0),(10895,162,0,215,1,'UMUTKENT',1,0),(10896,162,0,215,1,'YAŞAMKENT',1,0),(10897,162,0,215,1,'DAĞKENT',1,0),(10898,162,0,215,1,'KURUÇAY',1,0),(10900,163,0,215,1,'ÇAVUŞLAR',1,0),(10901,163,0,215,1,'KADILAR',1,0),(10902,164,0,215,1,'DAYIOĞLU',1,0),(10903,164,0,215,1,'DEMİRCİLER',1,0),(10904,164,0,215,1,'KABİLLER',1,0),(10905,164,0,215,1,'KİTİRLER',1,0),(10906,164,0,215,1,'ORTA',1,0),(10907,164,0,215,1,'SEVİLLER',1,0),(10908,164,0,215,1,'YENİ',1,0),(10909,164,0,215,1,'KABİLLEROSB',1,0),(10910,164,0,215,1,'DEMİRCİLEROSB',1,0),(10911,165,0,215,1,'CUMA',1,0),(10912,165,0,215,1,'ÇEŞME',1,0),(10913,165,0,215,1,'HACI ABDİ',1,0),(10914,165,0,215,1,'KEPKEBİR',1,0),(10915,165,0,215,1,'SOFU ALİ',1,0),(10916,165,0,215,1,'YENİCE',1,0),(10917,166,0,215,1,'KARADOĞAN',1,0),(10918,166,0,215,1,'KÖROĞLU',1,0),(10919,167,0,215,1,'BEŞLER',1,0),(10920,167,0,215,1,'KARAPINAR',1,0),(10921,167,0,215,1,'TABAKLAR YAZIYAKA',1,0),(10922,167,0,215,1,'TÜRKBEYLİ',1,0),(10929,168,0,215,1,'BÜYÜKCAMİİ',1,0),(10930,168,0,215,1,'HIZIRFAKI',1,0),(10931,168,0,215,1,'KARACAKAYA',1,0),(10932,168,0,215,1,'KAYGANA',1,0),(10933,168,0,215,1,'MUSALLA',1,0),(10934,168,0,215,1,'SEYRANCIK',1,0),(10935,168,0,215,1,'YILDIRIM BEYAZIT',1,0),(10937,169,0,215,1,'ÇARŞI',1,0),(10938,169,0,215,1,'KESKİNLİ',1,0),(10939,170,0,215,1,'ASİL BEY',1,0),(10940,170,0,215,1,'CAMİATİK',1,0),(10941,170,0,215,1,'GÖLYÜZÜ',1,0),(10942,171,0,215,1,'AKIN',1,0),(10943,171,0,215,1,'ARMAĞAN İLCİ',1,0),(10944,171,0,215,1,'ATATÜRK',1,0),(10945,171,0,215,1,'AYDINLIKEVLER',1,0),(10946,171,0,215,1,'BAĞLAR',1,0),(10947,171,0,215,1,'BAHÇELİEVLER',1,0),(10948,171,0,215,1,'BOZKURT',1,0),(10949,171,0,215,1,'BURÇ',1,0),(10950,171,0,215,1,'CEMİL',1,0),(10951,171,0,215,1,'ÇEŞMEDAMI',1,0),(10952,171,0,215,1,'DEĞİRMENLER',1,0),(10953,171,0,215,1,'DERE',1,0),(10954,171,0,215,1,'EMEK ',1,0),(10955,171,0,215,1,'FEVZİ ÇAKMAK',1,0),(10956,171,0,215,1,'HIZIR İLYAS',1,0),(10957,171,0,215,1,'İNÖNÜ',1,0),(10958,171,0,215,1,'KARASENİR',1,0),(10959,171,0,215,1,'KIŞLA',1,0),(10960,171,0,215,1,'KONAK',1,0),(10961,171,0,215,1,'KUYU',1,0),(10962,171,0,215,1,'MEHMET AKİF ERSOY',1,0),(10963,171,0,215,1,'MENDERES',1,0),(10964,171,0,215,1,'NECATİ BEY',1,0),(10965,171,0,215,1,'ÖZGÜR',1,0),(10966,171,0,215,1,'PAZAR',1,0),(10967,171,0,215,1,'RECEP',1,0),(10968,171,0,215,1,'SAKARYA',1,0),(10969,171,0,215,1,'SİNAN',1,0),(10970,171,0,215,1,'ŞEKER EVLERİ',1,0),(10971,171,0,215,1,'ŞİRİNEVLER',1,0),(10972,171,0,215,1,'TEPE',1,0),(10973,171,0,215,1,'ÜÇDİBEK',1,0),(10974,171,0,215,1,'YENİ',1,0),(10975,171,0,215,1,'YENİCE',1,0),(10976,171,0,215,1,'ZAFER',1,0),(10977,171,0,215,1,'KIŞLAOSB',1,0),(10985,172,0,215,1,'BALA',1,0),(10986,172,0,215,1,'HAMAM',1,0),(10987,172,0,215,1,'KIRAÇ',1,0),(10988,172,0,215,1,'KUM',1,0),(10989,172,0,215,1,'SAKARCA',1,0),(10994,173,0,215,1,'GÜLPINAR',1,0),(10995,173,0,215,1,'HEYBELİ',1,0),(10996,173,0,215,1,'TAŞYAKA',1,0),(10997,173,0,215,1,'YENİ',1,0),(10998,174,0,215,1,'ALAATTİN',1,0),(10999,174,0,215,1,'BARBOROS',1,0),(11000,174,0,215,1,'CAMİİ',1,0),(11001,174,0,215,1,'ÇAVUŞLAR',1,0),(11002,174,0,215,1,'ÇUKUR',1,0),(11003,174,0,215,1,'FATİH',1,0),(11004,174,0,215,1,'KARAYVATLAR',1,0),(11005,174,0,215,1,'KONAK',1,0),(11006,174,0,215,1,'MEHMET AKİF',1,0),(11007,174,0,215,1,'MİMAR SİNAN',1,0),(11008,174,0,215,1,'OĞUZHAN',1,0),(11009,174,0,215,1,'PAZAR',1,0),(11010,174,0,215,1,'SANAYİ',1,0),(11011,174,0,215,1,'YENİ',1,0),(11012,174,0,215,1,'YÖRÜKLER',1,0),(11013,174,0,215,1,'YUNUS EMRE',1,0),(11014,174,0,215,1,'ATİLLA ',1,0),(11015,174,0,215,1,'ONAÇ',1,0),(11016,174,0,215,1,'ÇAMLICA',1,0),(11017,174,0,215,1,'YETMİŞ EVLER',1,0),(11018,174,0,215,1,'ÇAMLICAOSB',1,0),(11035,175,0,215,1,'ATATÜRK',1,0),(11036,175,0,215,1,'ÇINAR',1,0),(11037,175,0,215,1,'PAZAR',1,0),(11038,175,0,215,1,'MENEVŞELİK',1,0),(11039,175,0,215,1,'KOCAPINAR',1,0),(11051,176,0,215,1,'CAMİİ',1,0),(11052,176,0,215,1,'KONAK',1,0),(11055,177,0,215,1,'ARMUTLU',1,0),(11056,177,0,215,1,'ÇAKMAK',1,0),(11057,177,0,215,1,'ÇEŞME',1,0),(11058,177,0,215,1,'FATİH',1,0),(11059,177,0,215,1,'HORZUM',1,0),(11060,177,0,215,1,'KONAK',1,0),(11061,177,0,215,1,'MERKEZ CAMİİ',1,0),(11062,177,0,215,1,'PAZAR',1,0),(11063,177,0,215,1,'ULUCAMİİ',1,0),(11067,177,0,215,1,'YUSUFÇA AŞAĞI',1,0),(11068,177,0,215,1,'YUSUFÇA YENİ',1,0),(11069,177,0,215,1,'YUSUFÇA YUKARI',1,0),(11070,178,0,215,1,'BARBAROS',1,0),(11071,178,0,215,1,'CAFER',1,0),(11072,178,0,215,1,'CAMİİ',1,0),(11073,178,0,215,1,'ÇAMLIK',1,0),(11074,178,0,215,1,'EŞELER',1,0),(11075,178,0,215,1,'FATİH',1,0),(11076,178,0,215,1,'HÜRRİYET',1,0),(11077,178,0,215,1,'İSTİKLAL',1,0),(11078,178,0,215,1,'KARAMAN',1,0),(11079,178,0,215,1,'PAZAR',1,0),(11080,178,0,215,1,'YENİ',1,0),(11081,178,0,215,1,'ZAFER',1,0),(11082,179,0,215,1,'KONAK',1,0),(11083,179,0,215,1,'SARAY',1,0),(11084,179,0,215,1,'YENİ CAMİİ',1,0),(11085,180,0,215,1,'ESENTEPE',1,0),(11086,180,0,215,1,'EŞELER',1,0),(11087,180,0,215,1,'FATİH',1,0),(11088,180,0,215,1,'KIR',1,0),(11089,180,0,215,1,'PAZAR',1,0),(11090,180,0,215,1,'YENİCE',1,0),(11091,180,0,215,1,'YOKUŞ',1,0),(11092,180,0,215,1,'ZAFER',1,0),(11099,181,0,215,1,'BAHCELİEVLER',1,0),(11100,181,0,215,1,'DEĞİRMEN',1,0),(11101,181,0,215,1,'EMEK',1,0),(11102,181,0,215,1,'KOYUNLAR ÇEŞME',1,0),(11103,181,0,215,1,'MERKEZ',1,0),(11108,182,0,215,1,'BALATOSB',1,0),(11109,182,0,215,1,'IŞIKTEPEOSB',1,0),(11110,182,0,215,1,'MİNARELİÇAVUŞOSB',1,0),(11111,182,0,215,1,'FETHİYEOSB',1,0),(11112,182,0,215,1,'ÜRÜNLÜ',1,0),(11113,182,0,215,1,'ODUNLUK',1,0),(11114,182,0,215,1,'ALAADDİNBEY',1,0),(11115,182,0,215,1,'ÖZLÜCE',1,0),(11116,182,0,215,1,'ERTUĞRUL',1,0),(11117,182,0,215,1,'ÇAMLICA',1,0),(11118,182,0,215,1,'KÜLTÜR',1,0),(11119,182,0,215,1,'GÜMÜŞTEPE',1,0),(11120,182,0,215,1,'DEMİRCİ',1,0),(11121,182,0,215,1,'KONAK',1,0),(11122,182,0,215,1,'ÜÇEVLER',1,0),(11123,182,0,215,1,'AHMET YESEVİ',1,0),(11124,182,0,215,1,'BALAT',1,0),(11125,182,0,215,1,'MİNARELİ ÇAVUŞ',1,0),(11126,182,0,215,1,'FETHİYE',1,0),(11127,182,0,215,1,'KARAMAN',1,0),(11128,182,0,215,1,'İHSANİYE',1,0),(11129,182,0,215,1,'IŞIK TEPE',1,0),(11130,182,0,215,1,'ESENTEPE',1,0),(11131,182,0,215,1,'CUMHURİYET',1,0),(11132,182,0,215,1,'ATAEVLER',1,0),(11133,182,0,215,1,'BARIŞ',1,0),(11134,182,0,215,1,'ALTIN ŞEHİR',1,0),(11135,182,0,215,1,'BEŞEVLER',1,0),(11136,182,0,215,1,'AKÇALAR KURTULUŞ',1,0),(11137,182,0,215,1,'AKÇALAR ZAFER',1,0),(11138,182,0,215,1,'ÇALI',1,0),(11140,182,0,215,1,'BAYIR',1,0),(11141,182,0,215,1,'GÖLYAZI MERKEZ',1,0),(11142,182,0,215,1,'GÖRÜKLE SAKARYA',1,0),(11143,182,0,215,1,'GÖRÜKLE DUMLUPINAR',1,0),(11144,182,0,215,1,'GÖRÜKLE KURTULUŞ',1,0),(11145,182,0,215,1,'IRFANIYE KOYU',1,0),(11146,182,0,215,1,'GOKCEKOY',1,0),(11147,182,0,215,1,'GÖRÜKLE ZAFER',1,0),(11148,182,0,215,1,'BUYUKBALIKLI',1,0),(11150,182,0,215,1,'HASANAĞA',1,0),(11151,182,0,215,1,'KIZILCIKLI',1,0),(11152,182,0,215,1,'KAYAPA ÇAMLIK',1,0),(11153,182,0,215,1,'KAYAPA İSTİKLAL',1,0),(11154,182,0,215,1,'KAYAPA ZAFER',1,0),(11155,183,0,215,1,'ADALET',1,0),(11156,183,0,215,1,'AHMETPAŞA',1,0),(11157,183,0,215,1,'AKPINAR',1,0),(11158,183,0,215,1,'AKTARHÜSSAM',1,0),(11159,183,0,215,1,'ALAADDİN',1,0),(11160,183,0,215,1,'ALACAHIRKA',1,0),(11161,183,0,215,1,'ALACAMESCİT',1,0),(11162,183,0,215,1,'ALAŞARKÖY',1,0),(11163,183,0,215,1,'ALEMDAR',1,0),(11164,183,0,215,1,'ALİPAŞA',1,0),(11165,183,0,215,1,'ALTINOVA',1,0),(11166,183,0,215,1,'ALTIPARMAK',1,0),(11167,183,0,215,1,'ARMUTKÖY',1,0),(11168,183,0,215,1,'ATICILAR',1,0),(11169,183,0,215,1,'BAĞLARBAŞI',1,0),(11170,183,0,215,1,'BAHAR',1,0),(11171,183,0,215,1,'BAŞARAN',1,0),(11172,183,0,215,1,'ÇEKİRGE',1,0),(11173,183,0,215,1,'ÇELTİKKÖY',1,0),(11174,183,0,215,1,'ÇIRPAN',1,0),(11175,183,0,215,1,'ÇİFTEHAVUZLAR',1,0),(11176,183,0,215,1,'ÇİRİŞHANE',1,0),(11177,183,0,215,1,'ÇUKURCAKÖY',1,0),(11178,183,0,215,1,'DEMİRKAPI',1,0),(11179,183,0,215,1,'DEMİRTAŞPAŞA',1,0),(11180,183,0,215,1,'DEREÇAVUŞKÖY',1,0),(11181,183,0,215,1,'DOBURCA',1,0),(11182,183,0,215,1,'DOĞANBEY',1,0),(11183,183,0,215,1,'DOĞANEVLER',1,0),(11184,183,0,215,1,'ELMASBAHÇELER',1,0),(11185,183,0,215,1,'FATİH',1,0),(11186,183,0,215,1,'GAZİAKDEMİR',1,0),(11187,183,0,215,1,'GEÇİT',1,0),(11188,183,0,215,1,'GÜLBAHÇE',1,0),(11189,183,0,215,1,'HACI İLYAS',1,0),(11190,183,0,215,1,'HAMİTLER',1,0),(11191,183,0,215,1,'HAMZABEY',1,0),(11192,183,0,215,1,'HOCAHASAN',1,0),(11193,183,0,215,1,'HÜDAVENDİGAR',1,0),(11194,183,0,215,1,'HÜRRİYET',1,0),(11195,183,0,215,1,'İBRAHİMPAŞA',1,0),(11196,183,0,215,1,'İNKAYA',1,0),(11197,183,0,215,1,'İNTİZAM',1,0),(11198,183,0,215,1,'İSMETİYE',1,0),(11199,183,0,215,1,'İSTİKLAL',1,0),(11200,183,0,215,1,'İVAZPAŞA',1,0),(11201,183,0,215,1,'KAVAKLI',1,0),(11202,183,0,215,1,'KAYHAN',1,0),(11203,183,0,215,1,'KEMERÇEŞME',1,0),(11204,183,0,215,1,'KIRCAALİ',1,0),(11205,183,0,215,1,'EBU İSHAK',1,0),(11206,183,0,215,1,'KİREMİTÇİ',1,0),(11207,183,0,215,1,'KOCANAİP',1,0),(11208,183,0,215,1,'KOĞUKÇINAR',1,0),(11209,183,0,215,1,'KURUÇEŞME',1,0),(11210,183,0,215,1,'KÜÇÜKBALIKLI',1,0),(11211,183,0,215,1,'KÜKÜRTLÜ',1,0),(11212,183,0,215,1,'KÜPLÜPINAR',1,0),(11213,183,0,215,1,'MAKSEM',1,0),(11214,183,0,215,1,'MEHMET AKİF',1,0),(11215,183,0,215,1,'MOLLAFENARİ',1,0),(11216,183,0,215,1,'MOLLAGÜRANİ',1,0),(11217,183,0,215,1,'MURADİYE',1,0),(11218,183,0,215,1,'NALBANTOĞLU',1,0),(11219,183,0,215,1,'NAMIK KEMAL',1,0),(11220,183,0,215,1,'ORHANBEY',1,0),(11221,183,0,215,1,'OSMANGAZİ',1,0),(11222,183,0,215,1,'PANAYIR',1,0),(11223,183,0,215,1,'PINARBAŞI',1,0),(11224,183,0,215,1,'REYHAN',1,0),(11225,183,0,215,1,'SAKARYA',1,0),(11226,183,0,215,1,'SANTRAL GARAJ',1,0),(11227,183,0,215,1,'SELAMET',1,0),(11228,183,0,215,1,'SELÇUKHATUN',1,0),(11229,183,0,215,1,'SELİMİYE',1,0),(11230,183,0,215,1,'SIRAMEŞELER',1,0),(11231,183,0,215,1,'SOĞANLI',1,0),(11232,183,0,215,1,'SOĞUKKUYU',1,0),(11233,183,0,215,1,'ŞEHABETTİNPAŞA',1,0),(11234,183,0,215,1,'ŞEHREKÜSTÜ',1,0),(11235,183,0,215,1,'TAHTAKALE',1,0),(11236,183,0,215,1,'TAYAKADIN',1,0),(11237,183,0,215,1,'TUNA',1,0),(11238,183,0,215,1,'TUZPAZARI',1,0),(11239,183,0,215,1,'ULU',1,0),(11240,183,0,215,1,'VEYSEL KARANİ',1,0),(11241,183,0,215,1,'YAHŞİBEY',1,0),(11242,183,0,215,1,'YENİCEABAT',1,0),(11243,183,0,215,1,'YENİKARAMAN',1,0),(11244,183,0,215,1,'YEŞİLOVA',1,0),(11245,183,0,215,1,'YUNUSELİ',1,0),(11246,183,0,215,1,'ZAFER',1,0),(11247,183,0,215,1,'DİKKALDIRIM',1,0),(11248,183,0,215,1,'GÜNDOĞDU',1,0),(11249,183,0,215,1,'ALAŞAROSB',1,0),(11250,183,0,215,1,'BARBAROS',1,0),(11251,183,0,215,1,'CUMHURİYET',1,0),(11252,183,0,215,1,'DEMİRTAŞ SAKARYA',1,0),(11253,183,0,215,1,'DUMLUPINAR',1,0),(11254,183,0,215,1,'DUMLUPINAROSB',1,0),(11255,183,0,215,1,'EMEK ADNAN MENDERES',1,0),(11256,183,0,215,1,'EMEK FATİH SULTAN MEHMET',1,0),(11257,183,0,215,1,'EMEK ZEKAİ GÜMÜŞDİŞ',1,0),(11258,183,0,215,1,'KİRAZLI',1,0),(11260,183,0,215,1,'ÇEŞMEBAŞI',1,0),(11261,183,0,215,1,'EĞİTİM',1,0),(11262,183,0,215,1,'OVAAKÇA MERKEZ',1,0),(11263,183,0,215,1,'SANTRAL',1,0),(11264,184,0,215,1,'ERİKLİ',1,0),(11265,184,0,215,1,'BAĞLARALTI',1,0),(11266,184,0,215,1,'MİMARSİNAN',1,0),(11267,184,0,215,1,'GÜLLÜK',1,0),(11268,184,0,215,1,'ORTABAĞLAR',1,0),(11269,184,0,215,1,'SIRACEVİZLER',1,0),(11270,184,0,215,1,'YEŞİLYAYLA',1,0),(11271,184,0,215,1,'EMİRSULTAN',1,0),(11272,184,0,215,1,'SELÇUKBEY',1,0),(11273,184,0,215,1,'EĞİTİM',1,0),(11274,184,0,215,1,'152EVLER',1,0),(11275,184,0,215,1,'BEYAZIT',1,0),(11276,184,0,215,1,'BARUTHANE',1,0),(11277,184,0,215,1,'DAVUTDEDE',1,0),(11278,184,0,215,1,'YEDİSELVİLER',1,0),(11279,184,0,215,1,'VAKIF',1,0),(11280,184,0,215,1,'İSABEY',1,0),(11281,184,0,215,1,'DEMETEVLER',1,0),(11282,184,0,215,1,'SAMANLI',1,0),(11283,184,0,215,1,'MİLLET',1,0),(11284,184,0,215,1,'ŞİRİNEVLER',1,0),(11285,184,0,215,1,'KARAPINAR',1,0),(11286,184,0,215,1,'DEĞİRMENÖNÜ',1,0),(11287,184,0,215,1,'YİĞİTLER',1,0),(11288,184,0,215,1,'ESENEVLER',1,0),(11289,184,0,215,1,'DUAÇINARI',1,0),(11290,184,0,215,1,'YUNUSEMRE',1,0),(11291,184,0,215,1,'YEŞİL',1,0),(11292,184,0,215,1,'KURTOĞLU',1,0),(11293,184,0,215,1,'KARAMAZAK',1,0),(11294,184,0,215,1,'KARAAĞAÇ',1,0),(11295,184,0,215,1,'MOLLAARAP',1,0),(11296,184,0,215,1,'VATAN',1,0),(11297,184,0,215,1,'ANADOLU',1,0),(11298,184,0,215,1,'KAZIM KARABEKİR',1,0),(11299,184,0,215,1,'YAVUZSELIM',1,0),(11300,184,0,215,1,'MEVLANA',1,0),(11301,184,0,215,1,'ŞÜKRANİYE',1,0),(11302,184,0,215,1,'SİNANDEDE',1,0),(11303,184,0,215,1,'HACISEYFETTİN',1,0),(11304,184,0,215,1,'MEHMETAKİFERSOY',1,0),(11305,184,0,215,1,'YILDIRIM',1,0),(11306,184,0,215,1,'HOCATAŞKIN',1,0),(11307,184,0,215,1,'MUSABABA',1,0),(11308,184,0,215,1,'UMURBEY',1,0),(11309,184,0,215,1,'TEFERRÜÇ',1,0),(11310,184,0,215,1,'PİREMİR',1,0),(11311,184,0,215,1,'FİDYEKIZIK',1,0),(11312,184,0,215,1,'SİTELER',1,0),(11313,184,0,215,1,'KAPLIKAYA',1,0),(11314,184,0,215,1,'ERTUĞRULGAZİ',1,0),(11315,184,0,215,1,'DEĞİRMENLİKIZIK',1,0),(11316,184,0,215,1,'HACİVAT',1,0),(11317,184,0,215,1,'ÇINARÖNÜ',1,0),(11318,184,0,215,1,'ARABAYATAĞI',1,0),(11319,184,0,215,1,'ULUS',1,0),(11320,184,0,215,1,'MEYDANCIK',1,0),(11321,184,0,215,1,'SELİMZADE',1,0),(11322,184,0,215,1,'DAVUTKADI',1,0),(11323,184,0,215,1,'CUMALIKIZIK',1,0),(11324,184,0,215,1,'75.YIL',1,0),(11325,184,0,215,1,'NAMAZGAH',1,0),(11326,184,0,215,1,'YENIMAHALLE',1,0),(11327,184,0,215,1,'ZÜMRÜTEVLER',1,0),(11328,184,0,215,1,'MALTEPE',1,0),(11329,184,0,215,1,'AKÇAĞLAYAN',1,0),(11331,185,0,215,1,'CUMHURİYET',1,0),(11333,185,0,215,1,'HOCAHASAN',1,0),(11334,185,0,215,1,'ORHAN',1,0),(11335,185,0,215,1,'ARMUTÇUK',1,0),(11336,185,0,215,1,'İSMETİYE',1,0),(11339,186,0,215,1,'ATA',1,0),(11340,186,0,215,1,'BALIKPAZARI',1,0),(11341,186,0,215,1,'CUMHURİYET',1,0),(11342,186,0,215,1,'DEMİRSUBAŞI',1,0),(11343,186,0,215,1,'DR.ZİYA KAYA',1,0),(11344,186,0,215,1,'EŞREF DİNÇER',1,0),(11345,186,0,215,1,'HALİTPAŞA',1,0),(11346,186,0,215,1,'HAMİDİYE',1,0),(11347,186,0,215,1,'HİSAR',1,0),(11348,186,0,215,1,'KAYHAN',1,0),(11349,186,0,215,1,'ORHANİYE',1,0),(11350,186,0,215,1,'OSMANİYE',1,0),(11351,186,0,215,1,'YENİ',1,0),(11352,186,0,215,1,'GENÇALİ',1,0),(11353,186,0,215,1,'ATATÜRK',1,0),(11354,186,0,215,1,'KURŞUNLU CUMHURİYET',1,0),(11355,186,0,215,1,'ŞÜKRÜKAYA',1,0),(11356,186,0,215,1,'GÜZEL YALI',1,0),(11357,186,0,215,1,'MEMİREİS',1,0),(11358,186,0,215,1,'SİTELER',1,0),(11359,186,0,215,1,'ŞÜKRÜ ALEMDAR',1,0),(11360,186,0,215,1,'UMURBEY ORHANİYE',1,0),(11361,186,0,215,1,'PARSBEY',1,0),(11362,187,0,215,1,'İSTİKLAL',1,0),(11363,187,0,215,1,'KURTULUŞ',1,0),(11364,187,0,215,1,'YENİDOĞAN',1,0),(11365,187,0,215,1,'ZAFER',1,0),(11366,187,0,215,1,'ADAKÖY',1,0),(11367,187,0,215,1,'AĞAKÖY',1,0),(11368,187,0,215,1,'HASANKÖY',1,0),(11369,187,0,215,1,'KUMLUKALANI',1,0),(11370,187,0,215,1,'YENİDOĞANOSB',1,0),(11371,187,0,215,1,'KURTULUŞOSB',1,0),(11372,188,0,215,1,'ÇAMOĞLU',1,0),(11373,188,0,215,1,'ECE',1,0),(11374,188,0,215,1,'MERKEZ',1,0),(11375,188,0,215,1,'SAÇAKLI',1,0),(11376,188,0,215,1,'KEPEKDERE',1,0),(11377,188,0,215,1,'KILAVUZLAR',1,0),(11378,188,0,215,1,'YAYABAŞI',1,0),(11379,188,0,215,1,'BALLISARAY',1,0),(11380,188,0,215,1,'KARACA',1,0),(11381,189,0,215,1,'BURHANİYE',1,0),(11382,189,0,215,1,'CUMA',1,0),(11383,189,0,215,1,'HAMİDİYE',1,0),(11384,189,0,215,1,'KEMALPAŞA',1,0),(11385,189,0,215,1,'MAHMUDİYE',1,0),(11386,189,0,215,1,'MESUDİYE',1,0),(11387,189,0,215,1,'ORHANİYE',1,0),(11388,189,0,215,1,'OSMANİYE',1,0),(11389,189,0,215,1,'SİNANBEY',1,0),(11390,189,0,215,1,'SÜLEYMANİYE',1,0),(11391,189,0,215,1,'TURGUTALP',1,0),(11392,189,0,215,1,'YENİCE',1,0),(11393,189,0,215,1,'HUZUR',1,0),(11394,189,0,215,1,'AKHİSAR',1,0),(11395,189,0,215,1,'SÜLEYMANİYEOSB',1,0),(11396,189,0,215,1,'CUMHURİYET',1,0),(11397,189,0,215,1,'ESENTEPE',1,0),(11398,189,0,215,1,'FATİH',1,0),(11399,189,0,215,1,'ÜÇEVLER',1,0),(11400,189,0,215,1,'YENİ',1,0),(11401,189,0,215,1,'YUNUSEMRE',1,0),(11415,190,0,215,1,'BEYLER',1,0),(11416,190,0,215,1,'EŞREFZADE',1,0),(11417,190,0,215,1,'MAHMUT ÇELEBİ',1,0),(11418,190,0,215,1,'MUSTAFA KEMAL PAŞA',1,0),(11419,190,0,215,1,'SELÇUK',1,0),(11420,190,0,215,1,'YENİ',1,0),(11421,190,0,215,1,'YEŞİL CAMİİ',1,0),(19962,191,0,215,1,'ABDULLAHPAŞA',1,0),(19963,191,0,215,1,'CANBALI',1,0),(19964,191,0,215,1,'DRAMA',1,0),(19965,191,0,215,1,'EMİRSULTAN',1,0),(19966,191,0,215,1,'ESENTEPE',1,0),(19967,191,0,215,1,'GARİPÇE',1,0),(19968,191,0,215,1,'GAZİ',1,0),(19969,191,0,215,1,'HAMİDİYE',1,0),(19970,191,0,215,1,'HÜDAVENDİGAR',1,0),(19971,191,0,215,1,'KARACAAHMET',1,0),(19973,191,0,215,1,'MAHMURİYET',1,0),(19974,191,0,215,1,'MECİDİYE',1,0),(19975,191,0,215,1,'NASRETTİN',1,0),(19976,191,0,215,1,'RUNGUŞPAŞA',1,0),(19977,191,0,215,1,'SAADET',1,0),(19978,191,0,215,1,'SELİMİYE',1,0),(19979,191,0,215,1,'SIRABADEMLER',1,0),(19980,191,0,215,1,'TABAKLAR',1,0),(19981,191,0,215,1,'TAVŞANLI',1,0),(19982,191,0,215,1,'YENİ',1,0),(19983,191,0,215,1,'YENİCE',1,0),(19986,192,0,215,1,'CUMA',1,0),(19987,192,0,215,1,'ÇUKUR',1,0),(19988,192,0,215,1,'ERTUĞRULGAZİ',1,0),(19989,192,0,215,1,'KÜÇÜK KOVACIK',1,0),(19990,192,0,215,1,'SOFULAR',1,0),(19991,192,0,215,1,'YENİCE',1,0),(19992,193,0,215,1,'AHMETVEFİKPAŞA',1,0),(19993,193,0,215,1,'KALE',1,0),(19994,193,0,215,1,'VANİMEHMET',1,0),(19995,193,0,215,1,'YENİ',1,0),(19996,193,0,215,1,'AHMET VEFİK PAŞAOSB',1,0),(19997,193,0,215,1,'YENİOSB',1,0),(19999,193,0,215,1,'BARAKFAKİH ZAFER',1,0),(20000,193,0,215,1,'SERME',1,0),(20001,194,0,215,1,'HALİTPAŞA',1,0),(20002,194,0,215,1,'HASANBEY',1,0),(20003,194,0,215,1,'MÜTAREKE',1,0),(20004,194,0,215,1,'ÖMERBEY',1,0),(20005,194,0,215,1,'ŞÜKRÜÇAVUŞ',1,0),(20006,194,0,215,1,'YENİ',1,0),(20007,194,0,215,1,'BADEMLİ',1,0),(20008,194,0,215,1,'HASKÖY',1,0),(20009,194,0,215,1,'ÜLKÜ',1,0),(20010,194,0,215,1,'GÜZELYALI BURGAZ',1,0),(20011,194,0,215,1,'GÜZELYALI EĞİTİM',1,0),(20012,194,0,215,1,'GÜZELYALI SİTELER',1,0),(20013,194,0,215,1,'GÜZELYALI YALI',1,0),(20019,195,0,215,1,'ATARİ',1,0),(20020,195,0,215,1,'ATATÜRK',1,0),(20021,195,0,215,1,'ÇIRPAN',1,0),(20022,195,0,215,1,'DERE',1,0),(20023,195,0,215,1,'FEVZİDEDE',1,0),(20024,195,0,215,1,'HAMİDİYE',1,0),(20025,195,0,215,1,'HAMZABEY',1,0),(20026,195,0,215,1,'LALAŞAHİN',1,0),(20027,195,0,215,1,'ORTA',1,0),(20028,195,0,215,1,'SELİMİYE',1,0),(20029,195,0,215,1,'ŞEREFİYE',1,0),(20030,195,0,215,1,'ŞEVKETİYE',1,0),(20031,195,0,215,1,'ŞEYHMÜFTÜ',1,0),(20032,195,0,215,1,'VIRACA',1,0),(20033,195,0,215,1,'YENİ',1,0),(20034,195,0,215,1,'YUNUS EMRE',1,0),(20035,195,0,215,1,'SABRİBEY',1,0),(20036,195,0,215,1,'ZÜFERBEY',1,0),(20037,195,0,215,1,'BARIŞ',1,0),(20038,195,0,215,1,'CUMHURİYET',1,0),(20039,195,0,215,1,'ADALET',1,0),(20061,196,0,215,1,'İSMETPAŞA',1,0),(20062,196,0,215,1,'GAZİPAŞA',1,0),(20063,196,0,215,1,'KARABEKİRPAŞA',1,0),(20064,196,0,215,1,'300 EVLER',1,0),(20065,196,0,215,1,'ESENTEPE',1,0),(20066,196,0,215,1,'FEVZİPAŞA',1,0),(20072,197,0,215,1,'ARAPZADE',1,0),(20073,197,0,215,1,'CAMİİKEBİR',1,0),(20074,197,0,215,1,'HÜRRİYET',1,0),(20075,197,0,215,1,'MURADİYE',1,0),(20076,197,0,215,1,'TEKKE',1,0),(20077,197,0,215,1,'TOP SELVİ',1,0),(20088,198,0,215,1,'ÇAYIR',1,0),(20089,198,0,215,1,'GÜNDOĞAN',1,0),(20090,198,0,215,1,'HIDIRBALİ',1,0),(20091,198,0,215,1,'KURTULUŞ',1,0),(20092,198,0,215,1,'TABAKHANE',1,0),(20093,198,0,215,1,'ULUCAMİ',1,0),(20094,198,0,215,1,'YENİ',1,0),(20095,198,0,215,1,'YENİGÜN',1,0),(20096,198,0,215,1,'YILMAZ',1,0),(20097,198,0,215,1,'100. YIL',1,0),(20098,199,0,215,1,'BARBAROS',1,0),(20099,199,0,215,1,'CEVAT PAŞA',1,0),(20100,199,0,215,1,'ESENLER',1,0),(20101,199,0,215,1,'FEVZİPAŞA',1,0),(20102,199,0,215,1,'İSMETPAŞA',1,0),(20103,199,0,215,1,'KEMALPAŞA',1,0),(20104,199,0,215,1,'NAMIK KEMAL',1,0),(20111,200,0,215,1,'FATİH',1,0),(20112,200,0,215,1,'HAMDİBEY',1,0),(20113,200,0,215,1,'ÜMMÜHAN',1,0),(20118,201,0,215,1,'CAMİCEDİT',1,0),(20119,201,0,215,1,'CAMİKEBİR',1,0),(20120,201,0,215,1,'MENDERES',1,0),(20121,201,0,215,1,'TEPECİK',1,0),(20122,202,0,215,1,'CUMHURİYET',1,0),(20123,202,0,215,1,'GAZİKEMAL',1,0),(20124,202,0,215,1,'HAMDİBEY',1,0),(20125,202,0,215,1,'İSTİKLAL',1,0),(20126,202,0,215,1,'SAKARYA',1,0),(20127,202,0,215,1,'ŞİRİNTEPE',1,0),(20128,202,0,215,1,'TURAN',1,0),(20139,203,0,215,1,'ALAYBEY',1,0),(20140,203,0,215,1,'CUMHURİYET',1,0),(20141,204,0,215,1,'ATATÜRK',1,0),(20142,204,0,215,1,'CUMHURİYET',1,0),(20143,204,0,215,1,'FATİH',1,0),(20144,204,0,215,1,'İSTİKLAL',1,0),(20145,204,0,215,1,'KARŞIYAKA',1,0),(20146,204,0,215,1,'OSMANEFENDİ',1,0),(20147,204,0,215,1,'SERAMİK',1,0),(20150,205,0,215,1,'İSMETPAŞA',1,0),(20151,205,0,215,1,'KEMALPAŞA',1,0),(20152,206,0,215,1,'CAMİKEBİR',1,0),(20153,206,0,215,1,'CUMHURİYET',1,0),(20154,206,0,215,1,'DANİŞMENT',1,0),(20155,206,0,215,1,'GAZİ',1,0),(20156,206,0,215,1,'SEFERŞAH',1,0),(20162,207,0,215,1,'ALAADDİN',1,0),(20163,207,0,215,1,'CAMİİKEBİR',1,0),(20164,207,0,215,1,'GAZİ SÜLEYMAN PAŞA',1,0),(20165,207,0,215,1,'HOCA HAMZA',1,0),(20166,207,0,215,1,'YAZICIZADE',1,0),(20187,208,0,215,1,'ÇINARLI',1,0),(20188,208,0,215,1,'FATİH',1,0),(20189,208,0,215,1,'YENİ',1,0),(20190,209,0,215,1,'CUMHURİYET',1,0),(20191,209,0,215,1,'GAZİ SÜLEYMAN PAŞA',1,0),(20192,209,0,215,1,'DALYAN',1,0),(20200,210,0,215,1,'ESKİ YENİCE',1,0),(20201,210,0,215,1,'KIŞLALAR',1,0),(20202,210,0,215,1,'KURTULUŞ',1,0),(20203,210,0,215,1,'YENİ',1,0),(20213,211,0,215,1,'ABDULHALİK RENDA',1,0),(20214,211,0,215,1,'AKSU',1,0),(20215,211,0,215,1,'ALİBEY',1,0),(20216,211,0,215,1,'BUĞDAY PAZARI',1,0),(20217,211,0,215,1,'CUMHURİYET',1,0),(20218,211,0,215,1,'ESENTEPE',1,0),(20219,211,0,215,1,'FATİH',1,0),(20220,211,0,215,1,'İNCİLİ  ÇEŞME',1,0),(20221,211,0,215,1,'KARATAŞ',1,0),(20222,211,0,215,1,'KARATEKİN',1,0),(20223,211,0,215,1,'KIRKEVLER',1,0),(20224,211,0,215,1,'MİMAR SİNAN',1,0),(20225,211,0,215,1,'TABAKHANE',1,0),(20226,211,0,215,1,'YENİ',1,0),(20228,212,0,215,1,'GAZİBEY',1,0),(20229,212,0,215,1,'İLKER',1,0),(20230,212,0,215,1,'KIRAN',1,0),(20231,212,0,215,1,'HOCA',1,0),(20232,212,0,215,1,'MOLLAOSMAN',1,0),(20237,213,0,215,1,'KÖPRÜLÜBEY',1,0),(20238,213,0,215,1,'MERKEZ',1,0),(20239,213,0,215,1,'ZÜBEYDE HANIM',1,0),(20240,214,0,215,1,'İDRİS',1,0),(20241,214,0,215,1,'İSTASYON',1,0),(20242,214,0,215,1,'KARALAR',1,0),(20243,214,0,215,1,'KARAMUKLU',1,0),(20244,214,0,215,1,'KURTLAR',1,0),(20245,214,0,215,1,'OKÇULAR',1,0),(20246,214,0,215,1,'ULUSU',1,0),(20247,214,0,215,1,'YENİ',1,0),(20248,214,0,215,1,'YENİ KENT',1,0),(20249,214,0,215,1,'CUMHURİYET',1,0),(20252,215,0,215,1,'CAMİ',1,0),(20253,215,0,215,1,'ÇAY',1,0),(20254,216,0,215,1,'FATİH',1,0),(20255,216,0,215,1,'GAZİ DEDE',1,0),(20256,216,0,215,1,'KARATAŞ',1,0),(20257,216,0,215,1,'ŞENTEPE',1,0),(20258,216,0,215,1,'ULUPINAR',1,0),(20259,216,0,215,1,'YAVUZ',1,0),(20260,216,0,215,1,'YENİ',1,0),(20261,216,0,215,1,'YUKARI',1,0),(20262,216,0,215,1,'ZİRAAT',1,0),(20268,217,0,215,1,'HÜSEYİNLİ',1,0),(20269,217,0,215,1,'OSMANLI',1,0),(20270,217,0,215,1,'YENİ',1,0),(20271,218,0,215,1,'BÜYÜK',1,0),(20272,218,0,215,1,'DOĞU',1,0),(20273,218,0,215,1,'ULUDAĞ',1,0),(20274,218,0,215,1,'BÜYÜKOSB',1,0),(20275,219,0,215,1,'BEŞPINAR',1,0),(20276,219,0,215,1,'CÖMERTLER',1,0),(20277,219,0,215,1,'ÇAL',1,0),(20278,219,0,215,1,'ERENLER',1,0),(20279,219,0,215,1,'HACI BEKİR',1,0),(20280,219,0,215,1,'KALE',1,0),(20281,219,0,215,1,'KALEKAPU',1,0),(20282,219,0,215,1,'MÜSLÜM',1,0),(20283,219,0,215,1,'YENİ',1,0),(20284,219,0,215,1,'YEŞİL',1,0),(20292,220,0,215,1,'CEM SULTAN',1,0),(20293,220,0,215,1,'ESKİ YAYLA',1,0),(20294,220,0,215,1,'KANLICA',1,0),(20295,220,0,215,1,'SULTAN BEYAZIT',1,0),(20311,221,0,215,1,'CUMHURİYET',1,0),(20312,221,0,215,1,'MAHMUDİYE',1,0),(20313,221,0,215,1,'SAĞLIK',1,0),(20314,221,0,215,1,'YENİ',1,0),(20315,221,0,215,1,'YENİOSB',1,0),(20322,222,0,215,1,'AŞAĞI',1,0),(20323,222,0,215,1,'CAMİKEBİR',1,0),(20324,222,0,215,1,'YUKARI',1,0),(20328,223,0,215,1,'BAHÇELİEVLER',1,0),(20329,223,0,215,1,'BUHARAEVLER',1,0),(20330,223,0,215,1,'ÇEPNİ',1,0),(20331,223,0,215,1,'ÇÖPLÜ',1,0),(20332,223,0,215,1,'GÜLABİBEY',1,0),(20333,223,0,215,1,'KALE',1,0),(20334,223,0,215,1,'KARAKEÇİLİ',1,0),(20335,223,0,215,1,'KUNDUZHAN',1,0),(20336,223,0,215,1,'MİMARSİNAN',1,0),(20337,223,0,215,1,'ULUKAVAK',1,0),(20338,223,0,215,1,'ÜÇTUTLAR',1,0),(20339,223,0,215,1,'YAVRUTURNA',1,0),(20340,223,0,215,1,'YENİYOL',1,0),(20353,224,0,215,1,'AYHAN',1,0),(20354,224,0,215,1,'CENGİZHAN',1,0),(20355,224,0,215,1,'CUMHURİYET',1,0),(20356,224,0,215,1,'DENİZHAN',1,0),(20357,224,0,215,1,'GÜNHAN ',1,0),(20358,224,0,215,1,'ÖZHAN',1,0),(20359,224,0,215,1,'YILDIZHAN',1,0),(20370,225,0,215,1,'DERE',1,0),(20371,225,0,215,1,'KAYABAŞI',1,0),(20372,225,0,215,1,'TEPEBAYAT',1,0),(20373,225,0,215,1,'YATUKCU',1,0),(20374,225,0,215,1,'YENİ',1,0),(20385,226,0,215,1,'ÇARŞI',1,0),(20386,226,0,215,1,'HATTUSAS',1,0),(20387,226,0,215,1,'HİSAR',1,0),(20395,227,0,215,1,'ÇATAR',1,0),(20396,227,0,215,1,'DOĞU',1,0),(20397,227,0,215,1,'ESENTEPE',1,0),(20398,227,0,215,1,'OKUL',1,0),(20399,227,0,215,1,'ULUCAMİ',1,0),(20404,228,0,215,1,'BAHABEY',1,0),(20405,228,0,215,1,'BÜYÜKTAŞ',1,0),(20406,228,0,215,1,'ÇAVUŞ',1,0),(20407,228,0,215,1,'EKİZOĞLU',1,0),(20408,228,0,215,1,'ERENLER',1,0),(20409,228,0,215,1,'HACIPİRİ',1,0),(20410,228,0,215,1,'KALEBOĞAZI',1,0),(20411,228,0,215,1,'MEYDAN',1,0),(20412,228,0,215,1,'MUTAFLAR',1,0),(20413,228,0,215,1,'SAKARYA',1,0),(20414,228,0,215,1,'TABAKHANE',1,0),(20415,228,0,215,1,'ULAŞTEPE',1,0),(20416,228,0,215,1,'ULUDERE',1,0),(20417,228,0,215,1,'YENİCAMİ',1,0),(20418,229,0,215,1,'BAHÇELİEVLER',1,0),(20419,229,0,215,1,'İMAMBEY',1,0),(20420,229,0,215,1,'MİHRİHATUN',1,0),(20421,229,0,215,1,'ORTA',1,0),(20422,229,0,215,1,'YENİ',1,0),(20428,230,0,215,1,'BAHÇELİEVLER',1,0),(20429,230,0,215,1,'FATİH',1,0),(20430,230,0,215,1,'YENİ',1,0),(20438,231,0,215,1,'BAHÇELİEVLER',1,0),(20439,231,0,215,1,'CAMİKEBİR',1,0),(20440,231,0,215,1,'DOĞU',1,0),(20441,231,0,215,1,'HIDIRLIK',1,0),(20442,231,0,215,1,'MESCİT',1,0),(20443,231,0,215,1,'SARIDEDE',1,0),(20444,231,0,215,1,'ŞEHLER',1,0),(20445,231,0,215,1,'TUTLUK',1,0),(20449,232,0,215,1,'BİRTATLI',1,0),(20450,232,0,215,1,'ÇARŞI',1,0),(20451,232,0,215,1,'ÇEŞME',1,0),(20452,232,0,215,1,'GÖLBAŞI',1,0),(20453,232,0,215,1,'KARADONLU',1,0),(20454,232,0,215,1,'KIZILCAPELİT',1,0),(20455,233,0,215,1,'BAHÇELİEVLER',1,0),(20456,233,0,215,1,'CUMHURİYET',1,0),(20457,233,0,215,1,'SUYOLU',1,0),(20462,234,0,215,1,'CUMHURİYET',1,0),(20463,234,0,215,1,'ÇAY',1,0),(20464,234,0,215,1,'ÇİFTLİKLER',1,0),(20465,234,0,215,1,'ESENTEPE',1,0),(20466,234,0,215,1,'EYMÜR',1,0),(20467,234,0,215,1,'GEMİCİ',1,0),(20468,234,0,215,1,'GÜNEY',1,0),(20469,234,0,215,1,'GÜRLEYİK',1,0),(20470,234,0,215,1,'HIDIRLIK',1,0),(20471,234,0,215,1,'KARAPINAR',1,0),(20472,234,0,215,1,'KIZILIRMAK',1,0),(20473,234,0,215,1,'KOYUNBABA',1,0),(20474,234,0,215,1,'ŞENYURT',1,0),(20475,234,0,215,1,'TEMENCE',1,0),(20476,234,0,215,1,'ULUCAMİİ',1,0),(20477,234,0,215,1,'YAZI',1,0),(20478,234,0,215,1,'YENİ',1,0),(20479,234,0,215,1,'YEŞİLÇATMA',1,0),(20484,235,0,215,1,'AKÇAY',1,0),(20485,235,0,215,1,'BAHÇELİEVLER',1,0),(20486,235,0,215,1,'BAŞPINAR',1,0),(20487,235,0,215,1,'FEVZİ PAŞA',1,0),(20488,235,0,215,1,'GÜRPINAR',1,0),(20489,235,0,215,1,'HACETTEPE',1,0),(20490,235,0,215,1,'İSMETPAŞA',1,0),(20491,235,0,215,1,'SUNGUROĞLU',1,0),(20492,235,0,215,1,'ŞEKERPINAR',1,0),(20493,235,0,215,1,'TURAN',1,0),(20494,235,0,215,1,'YENİDOĞAN',1,0),(20495,235,0,215,1,'YENİHAYAT',1,0),(20496,235,0,215,1,'FATİH ',1,0),(20497,235,0,215,1,'ÖRNEKEVLER',1,0),(20519,236,0,215,1,'BELKAVAK',1,0),(20520,236,0,215,1,'KARŞIYAKA',1,0),(20521,236,0,215,1,'TUTPINAR',1,0),(20522,236,0,215,1,'YENİCAMİİ',1,0),(20523,236,0,215,1,'YEŞİLYURT',1,0),(20524,236,0,215,1,'YÜZGEÇ',1,0),(20533,237,0,215,1,'SIRAKAPILAR',1,0),(20537,237,0,215,1,'İLBADE',1,0),(20538,237,0,215,1,'ALTINTOP',1,0),(20540,237,0,215,1,'SARAYLAR',1,0),(20541,237,0,215,1,'KARAMAN',1,0),(20542,237,0,215,1,'CUMHURiYET',1,0),(20547,237,0,215,1,'ATALAR',1,0),(20548,237,0,215,1,'DOKUZKAVAKLAR',1,0),(20551,237,0,215,1,'MURATDEDE',1,0),(20552,237,0,215,1,'AKKONAK',1,0),(20553,237,0,215,1,'DELIKTAŞ',1,0),(20554,237,0,215,1,'İNCİLİPINAR',1,0),(20556,237,0,215,1,'SÜMER',1,0),(20557,237,0,215,1,'HACIKAPLANLAR',1,0),(20560,237,0,215,1,'BAHÇELİEVLER',1,0),(20561,237,0,215,1,'SEVİNDİK',1,0),(20562,237,0,215,1,'İSTİKLAL',1,0),(20563,237,0,215,1,'PELİTLİBAĞ',1,0),(20565,237,0,215,1,'AKTEPE',1,0),(20566,237,0,215,1,'ANAFARTALAR',1,0),(20567,237,0,215,1,'MERKEZ FATİH',1,0),(20568,237,0,215,1,'MERKEZ EFENDI',1,0),(20569,237,0,215,1,'DEĞİRMENÖNÜ',1,0),(20571,237,0,215,1,'KUŞPINAR',1,0),(20572,237,0,215,1,'MEHMET AKİF ERSOY',1,0),(20576,237,0,215,1,'KARŞIYAKA',1,0),(20577,237,0,215,1,'TOPRAKLıK',1,0),(20578,237,0,215,1,'FESLEĞEN',1,0),(20579,237,0,215,1,'MEHMETÇİK',1,0),(20580,237,0,215,1,'YENİŞEHİR',1,0),(20583,237,0,215,1,'ZEYTİNKÖY',1,0),(20584,237,0,215,1,'BAĞBAŞI MERKEZ',1,0),(20585,237,0,215,1,'ZÜMRÜT',1,0),(20586,237,0,215,1,'KERVANSARAY',1,0),(20589,237,0,215,1,'ADALET',1,0),(20590,237,0,215,1,'BEREKETLER',1,0),(20591,237,0,215,1,'BARUTÇULAR',1,0),(20592,237,0,215,1,'CANKURTARAN',1,0),(20594,237,0,215,1,'GÖVEÇLİK FATİH',1,0),(20595,237,0,215,1,'BARBAROS',1,0),(20598,237,0,215,1,'GÜMÜŞLER YENİ ',1,0),(20599,237,0,215,1,'GÜMÜŞÇAY',1,0),(20600,237,0,215,1,'GÜLTEPE',1,0),(20601,237,0,215,1,'AKÇEŞME',1,0),(20602,237,0,215,1,'ALPASLAN',1,0),(20603,237,0,215,1,'ZAFER',1,0),(20604,237,0,215,1,'ŞEMİKLER',1,0),(20605,237,0,215,1,'KAYALAR',1,0),(20606,237,0,215,1,'1200 EVLER',1,0),(20607,237,0,215,1,'ÇAMLICA',1,0),(20611,237,0,215,1,'HÜRRİYET',1,0),(20612,237,0,215,1,'KAYHAN MERKEZ',1,0),(20613,237,0,215,1,'ÇAMLARALTI',1,0),(20614,237,0,215,1,'SİTELER',1,0),(20615,237,0,215,1,'YUNUSEMRE',1,0),(20616,237,0,215,1,'ASMALIEVLER',1,0),(20617,237,0,215,1,'KORUCUK MERKEZ',1,0),(20624,237,0,215,1,'TEKKE',1,0),(20625,237,0,215,1,'GÖKPINAR YENİ',1,0),(20629,237,0,215,1,'ERENLER',1,0),(20630,237,0,215,1,'YEŞİLKÖY',1,0),(20631,237,0,215,1,'AKHAN',1,0),(20632,237,0,215,1,'KALE',1,0),(20633,237,0,215,1,'ÜÇLER CUMHURİYET',1,0),(20634,237,0,215,1,'ÇAKMAK',1,0),(20635,237,0,215,1,'YENİŞAFAK',1,0),(20636,237,0,215,1,'KARAHASANLI',1,0),(20637,237,0,215,1,'HACIEYÜPLÜ',1,0),(20638,238,0,215,1,'AŞAĞI',1,0),(20639,238,0,215,1,'ÇAMLIK',1,0),(20640,238,0,215,1,'GEDİKLİ',1,0),(20641,238,0,215,1,'YENİ',1,0),(20642,238,0,215,1,'YUKARI',1,0),(20672,239,0,215,1,'ADNAN MENDERES',1,0),(20673,239,0,215,1,'ATATÜRK',1,0),(20674,239,0,215,1,'FATİH',1,0),(20675,239,0,215,1,'MAHMUT SÖNMEZ',1,0),(20676,239,0,215,1,'MAREŞAL FEVZİ ÇAKMAK',1,0),(20677,239,0,215,1,'OĞUZ',1,0),(20678,239,0,215,1,'SAMİ TÜREL',1,0),(20680,240,0,215,1,'CUMHURİYET',1,0),(20681,240,0,215,1,'GAZİ',1,0),(20682,240,0,215,1,'GÜNDOĞDU',1,0),(20683,241,0,215,1,'GÖKPINAR',1,0),(20684,241,0,215,1,'HÜSAMETTİN DEDE',1,0),(20688,242,0,215,1,'BAHÇELİ',1,0),(20689,242,0,215,1,'YAHYALAR',1,0),(20690,242,0,215,1,'YENİ',1,0),(20692,243,0,215,1,'CUMHURİYET',1,0),(20693,243,0,215,1,'HÜRRİYET',1,0),(20694,243,0,215,1,'ZAFER',1,0),(20695,243,0,215,1,'YENİ',1,0),(20696,243,0,215,1,'SUBAŞI',1,0),(20697,243,0,215,1,'FATİH',1,0),(20698,243,0,215,1,'ÇAMLIK',1,0),(20699,244,0,215,1,'HAMDİYE',1,0),(20700,244,0,215,1,'MAHMUDİYE',1,0),(20701,244,0,215,1,'MİMAR SİNAN',1,0),(20702,244,0,215,1,'BARBAROS',1,0),(20703,244,0,215,1,'MEHMETÇİK',1,0),(20704,244,0,215,1,'FATİH',1,0),(20709,245,0,215,1,'BURSA',1,0),(20710,245,0,215,1,'CUMHURİYET',1,0),(20711,245,0,215,1,'ÇARŞI',1,0),(20712,245,0,215,1,'ÇAYBAŞI',1,0),(20713,245,0,215,1,'DÖRT EYLÜL',1,0),(20714,245,0,215,1,'DÜZALAN',1,0),(20715,245,0,215,1,'GİRNE',1,0),(20716,245,0,215,1,'GÖLBAŞI',1,0),(20717,245,0,215,1,'GÜROLUK',1,0),(20718,245,0,215,1,'HELVACILAR',1,0),(20719,245,0,215,1,'KARŞIYAKA',1,0),(20720,245,0,215,1,'KURTULUŞ',1,0),(20721,245,0,215,1,'TURAN',1,0),(20722,245,0,215,1,'YALÇINKAYA',1,0),(20723,245,0,215,1,'YENİ',1,0),(20724,245,0,215,1,'YEŞİL DERE',1,0),(20729,246,0,215,1,'HÜSEYİNLER',1,0),(20730,246,0,215,1,'İSMAİLLER',1,0),(20731,246,0,215,1,'YEŞİLYURT',1,0),(20747,247,0,215,1,'YENİ',1,0),(20748,247,0,215,1,'YUMRUTAŞ',1,0),(20749,247,0,215,1,'YUNUSPINAR',1,0),(20750,248,0,215,1,'BAHÇELİEVLER',1,0),(20751,248,0,215,1,'CUMHURİYET',1,0),(20752,248,0,215,1,'ÇINAR',1,0),(20753,248,0,215,1,'HÜRRİYET',1,0),(20754,248,0,215,1,'İSTİKLAL',1,0),(20755,248,0,215,1,'SARAY',1,0),(20756,248,0,215,1,'ÖZDEMİR SABANCIOSB',1,0),(20757,248,0,215,1,'ÇARDAK ÖZDEMİR SABANCI OSB',1,0),(20763,249,0,215,1,'AŞAĞI',1,0),(20764,249,0,215,1,'ÇARŞI',1,0),(20765,249,0,215,1,'ÇATLAR',1,0),(20766,249,0,215,1,'ÇAYIR',1,0),(20767,249,0,215,1,'HAMAM',1,0),(20768,249,0,215,1,'SARAY',1,0),(20769,249,0,215,1,'STADYUM',1,0),(20770,249,0,215,1,'YUKARI',1,0),(20800,250,0,215,1,'FATİH',1,0),(20801,250,0,215,1,'KARAAĞAÇLI',1,0),(20802,250,0,215,1,'ORTA',1,0),(20803,250,0,215,1,'TİLKİLİK',1,0),(20804,250,0,215,1,'YAĞCILAR',1,0),(20805,250,0,215,1,'YENİ',1,0),(20806,250,0,215,1,'ÜÇ EYLÜL',1,0),(20810,251,0,215,1,'CUMHURİYET',1,0),(20811,251,0,215,1,'HAYDAR',1,0),(20812,251,0,215,1,'HİSAR',1,0),(20813,251,0,215,1,'HÜRRİYET',1,0),(20814,251,0,215,1,'YENİ',1,0),(20816,251,0,215,1,'DENİZLİ OSB',1,0),(20831,252,0,215,1,'CEVHERPAŞA',1,0),(20832,252,0,215,1,'CUMHURİYET',1,0),(20833,252,0,215,1,'HÜRRİYET',1,0),(20834,252,0,215,1,'ULUÇAM',1,0),(20839,253,0,215,1,'AŞAĞI',1,0),(20840,253,0,215,1,'ATATÜRK',1,0),(20841,253,0,215,1,'BALA',1,0),(20842,253,0,215,1,'CUMHURİYET',1,0),(20843,253,0,215,1,'SAKARYA',1,0),(20844,253,0,215,1,'TRAFO',1,0),(20845,253,0,215,1,'TURAN',1,0),(20855,254,0,215,1,'AŞAĞI',1,0),(20856,254,0,215,1,'KAYA',1,0),(20857,254,0,215,1,'ORTA',1,0),(20858,254,0,215,1,'PINARCIK',1,0),(20859,254,0,215,1,'YENİCE',1,0),(20860,254,0,215,1,'ŞAİR EŞREF  ',1,0),(20861,254,0,215,1,'CUMHURİYET',1,0),(20866,255,0,215,1,'ORTA',1,0),(20867,255,0,215,1,'SAMANLIK',1,0),(20868,255,0,215,1,'YAKA',1,0),(20869,255,0,215,1,'YENİ',1,0),(20905,929,0,215,1,'ALİPINAR',1,0),(20906,929,0,215,1,'BAĞCILAR',1,0),(20907,929,0,215,1,'FATİH',1,0),(20908,929,0,215,1,'KAYNARTEPE',1,0),(20909,929,0,215,1,'KÖRHAT',1,0),(20910,929,0,215,1,'MEVLANA HALİT',1,0),(20911,929,0,215,1,'MURADİYE',1,0),(20912,929,0,215,1,'SELAHATTİN EYYUBİ',1,0),(20913,929,0,215,1,'ŞEYH ŞAMİL',1,0),(20914,929,0,215,1,'YENİKÖY',1,0),(20915,929,0,215,1,'YUNUS EMRE',1,0),(20916,929,0,215,1,'5 NİSAN',1,0),(20917,929,0,215,1,'AĞAÇGEÇİT',1,0),(20918,929,0,215,1,'BATIÇANAKÇI ',1,0),(20920,929,0,215,1,'ÇİÇEKLİYURT',1,0),(20921,929,0,215,1,'ÇİFTLİK',1,0),(20922,929,0,215,1,'DEVELİ',1,0),(20923,929,0,215,1,'GÖMMETAŞ',1,0),(20924,929,0,215,1,'KABAHIDIR',1,0),(20925,929,0,215,1,'KOLLUDERE',1,0),(20926,929,0,215,1,'KÖRTEPE',1,0),(20927,929,0,215,1,'ÖZDEMİR ',1,0),(20928,929,0,215,1,'SARIDALLI',1,0),(20929,929,0,215,1,'TOPRAKTAŞ',1,0),(20930,929,0,215,1,'TOPYOLU',1,0),(20931,929,0,215,1,'YEŞİLDALLI',1,0),(20932,929,0,215,1,'TELLİKAYA ',1,0),(20933,929,0,215,1,'UZUNBAHÇE',1,0),(20934,929,0,215,1,'BUÇUKTEPE ',1,0),(20935,929,0,215,1,'PINAROĞLU ',1,0),(20936,929,0,215,1,'YUKARI MOLLAALİ ',1,0),(20937,929,0,215,1,'TAVŞANTEPE',1,0),(20938,929,0,215,1,'BATIKARAKOÇ ',1,0),(20939,933,0,215,1,'ABDALDEDE',1,0),(20940,933,0,215,1,'CAMİ KEBİR',1,0),(20941,933,0,215,1,'CAMİ NEBİ',1,0),(20942,933,0,215,1,'CEMAL YILMAZ',1,0),(20943,933,0,215,1,'CEVAT PAŞA',1,0),(20944,933,0,215,1,'DABANOĞLU',1,0),(20945,933,0,215,1,'FATİHPAŞA',1,0),(20946,933,0,215,1,'HASIRLI',1,0),(20947,933,0,215,1,'İSKENDERPAŞA',1,0),(20948,933,0,215,1,'KITILBIL',1,0),(20949,933,0,215,1,'LALEBEY',1,0),(20950,933,0,215,1,'MELİKAHMET',1,0),(20951,933,0,215,1,'SAVAŞ',1,0),(20952,933,0,215,1,'SÜLEYMAN NAZİF',1,0),(20953,933,0,215,1,'ZİYA GÖKALP',1,0),(20954,933,0,215,1,'ALİ PAŞA',1,0),(20955,933,0,215,1,'BÜYÜKKADI ',1,0),(20956,933,0,215,1,'ERİMLİ ',1,0),(20957,933,0,215,1,'ESENBAĞ',1,0),(20958,933,0,215,1,'HAVACILAR',1,0),(20959,933,0,215,1,'KARAÇALI ',1,0),(20960,933,0,215,1,'KARDEŞLER',1,0),(20961,933,0,215,1,'KÖPRÜBAŞI',1,0),(20962,933,0,215,1,'KÖŞK',1,0),(20963,933,0,215,1,'KUŞBURNU',1,0),(20964,933,0,215,1,'KÜÇÜKKADI',1,0),(20965,933,0,215,1,'SARIKAMIŞ',1,0),(20966,933,0,215,1,'SÜNGÜLER',1,0),(20967,933,0,215,1,'YİĞİTÇAVUŞ ',1,0),(20968,933,0,215,1,'YUKARIKILIÇTAŞI',1,0),(20969,933,0,215,1,'BAHÇECİK',1,0),(20970,933,0,215,1,'GÖLPINAR ',1,0),(20971,933,0,215,1,'HACIOSMAN',1,0),(20972,933,0,215,1,'BAĞPINAR ',1,0),(20973,933,0,215,1,'DOĞU ÇANAKÇI ',1,0),(20974,933,0,215,1,'KARABAŞ',1,0),(20975,933,0,215,1,'KUŞLUKBAĞI',1,0),(20976,933,0,215,1,'PINARDÜZÜ ',1,0),(20977,933,0,215,1,'TAVUKLU',1,0),(20978,933,0,215,1,'YEŞİLKÖY',1,0),(20979,933,0,215,1,'GENCAN',1,0),(20980,933,0,215,1,'HIZIR İLYAS',1,0),(20981,940,0,215,1,'AZİZİYE',1,0),(20982,940,0,215,1,'CUMHURİYET',1,0),(20983,940,0,215,1,'DİCLE',1,0),(20984,940,0,215,1,'FABRİKA',1,0),(20985,940,0,215,1,'FERİT KÖŞK',1,0),(20986,940,0,215,1,'GÜRDOĞAN',1,0),(20987,940,0,215,1,'KOOPERATİFLER',1,0),(20988,940,0,215,1,'SEYRANTEPE SANAYİ',1,0),(20989,940,0,215,1,'ŞEHİTLİK',1,0),(20990,940,0,215,1,'YENİŞEHİR',1,0),(20991,940,0,215,1,'ALPU',1,0),(20992,940,0,215,1,'BAŞİL',1,0),(20993,940,0,215,1,'BAHÇELİEVLER',1,0),(20994,932,0,215,1,'BENEKLİTAŞ',1,0),(20995,940,0,215,1,'DOKUZÇELTİK',1,0),(20996,940,0,215,1,'DÖKMETAŞ ',1,0),(20997,940,0,215,1,'DÖNÜMLÜ',1,0),(20998,940,0,215,1,'ELİDOLU ',1,0),(20999,940,0,215,1,'ESER',1,0),(21000,940,0,215,1,'GÜVENDERE',1,0),(21001,940,0,215,1,'GÜVERCİNLİK ',1,0),(21002,940,0,215,1,'İLBAŞ ',1,0),(21003,940,0,215,1,'KESİKAĞAÇ ',1,0),(21004,940,0,215,1,'YUKARI NASIRLAR',1,0),(21005,940,0,215,1,'SANCAR',1,0),(21006,940,0,215,1,'TANIŞIK ',1,0),(21007,940,0,215,1,'ÜÇKUYU',1,0),(21008,940,0,215,1,'YÜKSEK',1,0),(21009,940,0,215,1,'GÜZELKÖY ',1,0),(21010,940,0,215,1,'YOLALTI',1,0),(21011,933,0,215,1,'DİCLE',1,0),(21012,933,0,215,1,'KARPUZLU',1,0),(21013,933,0,215,1,'KERVANPINAR',1,0),(21014,933,0,215,1,'BOZDEMİR',1,0),(21015,933,0,215,1,'KOZAN',1,0),(21016,933,0,215,1,'SATİ',1,0),(21017,933,0,215,1,'TANOĞLU',1,0),(21018,933,0,215,1,'YEŞİLVADİ',1,0),(21019,933,0,215,1,'KIRMASIRT ',1,0),(21023,932,0,215,1,'HUZUREVLERİ',1,0),(21024,932,0,215,1,'PEYAS',1,0),(21025,932,0,215,1,'CANKATRAN',1,0),(21026,932,0,215,1,'CÜCÜK',1,0),(21027,932,0,215,1,'ÇÖLGÜZELİ',1,0),(21028,932,0,215,1,'GÖZALAN',1,0),(21029,932,0,215,1,'GÖZEGÖL',1,0),(21030,932,0,215,1,'UYANDIK',1,0),(21031,932,0,215,1,'YOLBOYU PİRİNÇLİK ',1,0),(21032,932,0,215,1,'TALAYTEPE',1,0),(21033,932,0,215,1,'BARIŞ',1,0),(21036,257,0,215,1,'AKPINAR',1,0),(21037,257,0,215,1,'ALTIOK',1,0),(21038,257,0,215,1,'BOZKURT',1,0),(21039,257,0,215,1,'DİCLE',1,0),(21040,257,0,215,1,'DUMLUPINAR',1,0),(21041,257,0,215,1,'ESENTEPE',1,0),(21042,257,0,215,1,'FATİH',1,0),(21043,257,0,215,1,'KURTULUŞ',1,0),(21044,257,0,215,1,'SANAYİ',1,0),(21045,257,0,215,1,'SEYRANTEPE',1,0),(21046,257,0,215,1,'ŞENTEPE',1,0),(21047,257,0,215,1,'TEKEL',1,0),(21053,258,0,215,1,'ÇUKUR',1,0),(21054,258,0,215,1,'KALA',1,0),(21055,258,0,215,1,'SARAY',1,0),(21056,258,0,215,1,'TEPE',1,0),(21058,259,0,215,1,'CUMHURİYET',1,0),(21059,259,0,215,1,'ESKİ',1,0),(21060,259,0,215,1,'FATİH',1,0),(21061,259,0,215,1,'GAZİ',1,0),(21062,259,0,215,1,'YENİ',1,0),(21063,259,0,215,1,'YEŞİL',1,0),(21074,260,0,215,1,'CAMİİSUK',1,0),(21075,260,0,215,1,'CAMİİ KEBİR',1,0),(21076,260,0,215,1,'KARŞIYAKA',1,0),(21077,261,0,215,1,'BAĞLARBAŞI',1,0),(21078,261,0,215,1,'ÇELEBİ',1,0),(21079,261,0,215,1,'YEŞİLTEPE',1,0),(21080,261,0,215,1,'27 MAYIS',1,0),(21083,262,0,215,1,'DERE',1,0),(21084,262,0,215,1,'GÜNDOĞURAN',1,0),(21085,262,0,215,1,'KALE',1,0),(21086,262,0,215,1,'YENİŞEHİR',1,0),(21087,263,0,215,1,'ADNAN MENDERES',1,0),(21088,263,0,215,1,'AZİZİYE',1,0),(21089,263,0,215,1,'FATİH',1,0),(21090,263,0,215,1,'FEVZİ ÇAKMAK',1,0),(21091,263,0,215,1,'İSMETPAŞA',1,0),(21092,263,0,215,1,'İSTASYON',1,0),(21093,263,0,215,1,'KEMALİYE',1,0),(21094,263,0,215,1,'KEMERTAŞ',1,0),(21095,263,0,215,1,'NAMIK KEMAL',1,0),(21096,263,0,215,1,'SANAYİ',1,0),(21097,263,0,215,1,'SARAY',1,0),(21098,263,0,215,1,'ŞİRİNEVLER',1,0),(21101,264,0,215,1,'ÇARŞI',1,0),(21102,264,0,215,1,'DERELİ',1,0),(21103,264,0,215,1,'ZİRVE',1,0),(21104,264,0,215,1,'MERKEZ',1,0),(21105,264,0,215,1,'VEZİRİ',1,0),(21108,265,0,215,1,'BAHÇE',1,0),(21109,265,0,215,1,'CAMİ',1,0),(21110,265,0,215,1,'ÇÖKEKSU',1,0),(21111,265,0,215,1,'ELHUVAN',1,0),(21112,265,0,215,1,'HÜRRİYET',1,0),(21113,265,0,215,1,'İŞKAR',1,0),(21114,265,0,215,1,'TOPALAN',1,0),(21115,266,0,215,1,'ÇAKMAKLI',1,0),(21116,266,0,215,1,'ÇAYIRLI',1,0),(21117,266,0,215,1,'EYÜPLER',1,0),(21118,266,0,215,1,'HACI RAŞİT',1,0),(21119,266,0,215,1,'KAYA',1,0),(21120,266,0,215,1,'KOKULUPINAR',1,0),(21121,266,0,215,1,'ŞEYH ŞERAFETTİN',1,0),(21122,266,0,215,1,'ŞERİFOĞULLARI',1,0),(21123,266,0,215,1,'YENİŞEHİR',1,0),(21124,267,0,215,1,'MERKEZ ESKİ',1,0),(21125,267,0,215,1,'TEPECİK',1,0),(21126,267,0,215,1,'MERKEZ YENİ',1,0),(21127,267,0,215,1,'YEŞİLKÖY',1,0),(21128,267,0,215,1,'TURGUT ÖZAL',1,0),(21131,268,0,215,1,'CAMİKEBİR',1,0),(21132,268,0,215,1,'ÇARŞI',1,0),(21133,268,0,215,1,'DELVAN',1,0),(21134,268,0,215,1,'KALİ',1,0),(21135,268,0,215,1,'KARAHASAN',1,0),(21136,268,0,215,1,'KELVAN',1,0),(21137,268,0,215,1,'KÖRTÜK',1,0),(21138,268,0,215,1,'KUMLUCA',1,0),(21139,268,0,215,1,'MULLA',1,0),(21140,268,0,215,1,'MURADİYE',1,0),(21141,268,0,215,1,'MÜMİNAĞA',1,0),(21142,268,0,215,1,'ŞAAR',1,0),(21143,268,0,215,1,'YENİŞEHİR',1,0),(21144,268,0,215,1,'YEŞİLBURÇ',1,0),(21145,269,0,215,1,'BAĞLAR',1,0),(21146,269,0,215,1,'BAHÇELİEVLER',1,0),(21147,269,0,215,1,'CAMİİ',1,0),(21148,269,0,215,1,'FERİDUN',1,0),(21149,269,0,215,1,'KALE',1,0),(21150,269,0,215,1,'KONAK',1,0),(21151,269,0,215,1,'MESCİT',1,0),(21152,269,0,215,1,'SELAHATTİN',1,0),(21153,269,0,215,1,'TEKEL',1,0),(21154,269,0,215,1,'YENİŞEHİR',1,0),(21155,269,0,215,1,'YÜKSEK',1,0),(21158,270,0,215,1,'ABDURRAHMAN',1,0),(21159,270,0,215,1,'BABADEMİRTAŞ',1,0),(21160,270,0,215,1,'BARUTLUK',1,0),(21161,270,0,215,1,'ÇAVUŞBEY',1,0),(21162,270,0,215,1,'DİLAVERBEY',1,0),(21163,270,0,215,1,'FATİH',1,0),(21164,270,0,215,1,'İSTASYON',1,0),(21165,270,0,215,1,'KARAAĞAÇ',1,0),(21166,270,0,215,1,'KOCA SİNAN',1,0),(21167,270,0,215,1,'MEDRESE ALİ BEY',1,0),(21168,270,0,215,1,'MENZİLAHIR',1,0),(21169,270,0,215,1,'MEYDAN',1,0),(21170,270,0,215,1,'MİTHAT PAŞA',1,0),(21171,270,0,215,1,'NİŞANCIPAŞA',1,0),(21172,270,0,215,1,'SABUNİ',1,0),(21173,270,0,215,1,'SARICAPAŞA',1,0),(21174,270,0,215,1,'ŞÜKRÜPAŞA',1,0),(21175,270,0,215,1,'TALATPAŞA',1,0),(21176,270,0,215,1,'UMURBEY',1,0),(21177,270,0,215,1,'YANCIKÇI ŞAHİN',1,0),(21178,270,0,215,1,'YENİİMARET',1,0),(21179,270,0,215,1,'YILDIRIM BEYAZIT',1,0),(21180,270,0,215,1,'YILDIRIM HACI SARRAF',1,0),(21181,270,0,215,1,'1.MURAT',1,0),(21189,271,0,215,1,'ÇATALTEPE',1,0),(21190,271,0,215,1,'GAZİÖMERBEY',1,0),(21191,271,0,215,1,'YENİ',1,0),(21192,272,0,215,1,'CUMHURİYET',1,0),(21193,272,0,215,1,'HACIGAZİ',1,0),(21194,272,0,215,1,'HACIİSA',1,0),(21195,272,0,215,1,'HELVACI',1,0),(21196,272,0,215,1,'VAROŞ',1,0),(21197,272,0,215,1,'YENİ',1,0),(21198,273,0,215,1,'BAYRAMBEY',1,0),(21199,273,0,215,1,'BOZKURT',1,0),(21200,273,0,215,1,'KAPUCU',1,0),(21201,273,0,215,1,'KÖPRÜ',1,0),(21202,273,0,215,1,'SARAÇ İLYAS',1,0),(21220,274,0,215,1,'AŞAĞI ZAFERİYE',1,0),(21221,274,0,215,1,'BÜYÜK CAMİ',1,0),(21222,274,0,215,1,'CUMHURİYET',1,0),(21223,274,0,215,1,'İSPAT CAMİ',1,0),(21224,274,0,215,1,'YENİMESCİT',1,0),(21225,274,0,215,1,'YUKARI ZAFERİYE',1,0),(21226,274,0,215,1,'İSTASYON',1,0),(21227,274,0,215,1,'MUSTAFA KEMAL PAŞA ',1,0),(21228,274,0,215,1,'YENİ',1,0),(21253,276,0,215,1,'B.DOĞANCA',1,0),(21254,276,0,215,1,'K. DOĞANCA',1,0),(21259,277,0,215,1,'CUMHURİYET',1,0),(21260,277,0,215,1,'MERKEZ',1,0),(21261,277,0,215,1,'YENİ',1,0),(21262,277,0,215,1,'ŞAFAK',1,0),(21263,277,0,215,1,'ORGANİZE SANAYİ BÖLGESİ',1,0),(21264,278,0,215,1,'AŞÇIOĞLU',1,0),(21265,278,0,215,1,'ATATÜRK',1,0),(21266,278,0,215,1,'BÜYÜK ŞEHSUVARBEY',1,0),(21267,278,0,215,1,'DEMİRTAŞ',1,0),(21268,278,0,215,1,'HABİB HOCA',1,0),(21269,278,0,215,1,'HALİSE HATUN',1,0),(21270,278,0,215,1,'KAVAK',1,0),(21271,278,0,215,1,'KÜÇÜK ŞEHSUVARBEY',1,0),(21272,278,0,215,1,'MAREŞAL FEVZİ ÇAKMAK',1,0),(21273,278,0,215,1,'MESCİT',1,0),(21274,278,0,215,1,'MURADİYE',1,0),(21275,278,0,215,1,'MURADİYE CAMİ',1,0),(21276,278,0,215,1,'RIZAEFENDİ',1,0),(21277,278,0,215,1,'CUMHURİYET',1,0),(21278,278,0,215,1,'ÇÖPKÖY',1,0),(21289,278,0,215,1,'YENİKÖY',1,0),(21292,279,0,215,1,'ABDULLAH PAŞA',1,0),(21293,279,0,215,1,'AKPINAR',1,0),(21294,279,0,215,1,'AKSARAY',1,0),(21295,279,0,215,1,'ALA YAPRAK',1,0),(21296,279,0,215,1,'CUMHURİYET',1,0),(21297,279,0,215,1,'ÇARŞI',1,0),(21298,279,0,215,1,'ÇATAL ÇEŞME',1,0),(21299,279,0,215,1,'DOĞU KENT',1,0),(21300,279,0,215,1,'ESEN TEPE',1,0),(21301,279,0,215,1,'FEVZİ ÇAKMAK',1,0),(21302,279,0,215,1,'GÖLLÜ BAĞ',1,0),(21303,279,0,215,1,'GÜMÜŞ KAVAK',1,0),(21304,279,0,215,1,'HARPUT',1,0),(21305,279,0,215,1,'HİCRET',1,0),(21306,279,0,215,1,'HİLALKENT',1,0),(21307,279,0,215,1,'İCADİYE',1,0),(21308,279,0,215,1,'İZZET PAŞA',1,0),(21309,279,0,215,1,'KARŞIYAKA',1,0),(21310,279,0,215,1,'KIRKLAR',1,0),(21311,279,0,215,1,'KIZILAY',1,0),(21312,279,0,215,1,'KÜLTÜR',1,0),(21313,279,0,215,1,'MUSTAFA PAŞA',1,0),(21314,279,0,215,1,'NAİL BEY',1,0),(21315,279,0,215,1,'OLGUNLAR',1,0),(21316,279,0,215,1,'RIZAİYE',1,0),(21317,279,0,215,1,'RÜSTEM PAŞA',1,0),(21318,279,0,215,1,'SAFRAN',1,0),(21319,279,0,215,1,'SALI BABA',1,0),(21320,279,0,215,1,'SANAYİ',1,0),(21321,279,0,215,1,'SARAYATİK',1,0),(21322,279,0,215,1,'SUGÖZÜ',1,0),(21323,279,0,215,1,'SÜRSÜRÜ',1,0),(21324,279,0,215,1,'ULU KENT',1,0),(21325,279,0,215,1,'ÜNİVERSİTE',1,0),(21326,279,0,215,1,'YENİ',1,0),(21327,279,0,215,1,'YILDIZ BAĞLARI',1,0),(21364,280,0,215,1,'AKPINAR',1,0),(21366,280,0,215,1,'BAŞPINAR',1,0),(21370,280,0,215,1,'ŞENPINAR',1,0),(21374,281,0,215,1,'GÜLAMAN',1,0),(21375,281,0,215,1,'SİTE',1,0),(21376,282,0,215,1,'SAMAN',1,0),(21377,282,0,215,1,'HALİL YAVUZ ',1,0),(21378,282,0,215,1,'HÜRRİYET',1,0),(21379,282,0,215,1,'GÜMÜŞYAKA',1,0),(21380,282,0,215,1,'VALİ GÖKTAYOĞLU ',1,0),(21381,282,0,215,1,'SERİNEVLER',1,0),(21397,283,0,215,1,'CANBEYLER',1,0),(21398,283,0,215,1,'CUMHURİYET',1,0),(21399,283,0,215,1,'ESKİBASKİL',1,0),(21400,283,0,215,1,'ODABAŞI',1,0),(21401,283,0,215,1,'ŞEFKAT',1,0),(21402,283,0,215,1,'MUSTAFA DEMİREL',1,0),(21403,284,0,215,1,'GÖLPINAR',1,0),(21404,284,0,215,1,'KARŞIYAKA',1,0),(21405,284,0,215,1,'KIRKPINAR',1,0),(21406,284,0,215,1,'KULUBABA',1,0),(21407,284,0,215,1,'TEPE',1,0),(21408,284,0,215,1,'YENİ',1,0),(21409,284,0,215,1,'BAHÇELİEVLER',1,0),(21412,285,0,215,1,'BARAJ',1,0),(21413,285,0,215,1,'DEĞİRMENBAŞI',1,0),(21414,285,0,215,1,'FIRAT',1,0),(21415,285,0,215,1,'KALLAR',1,0),(21416,286,0,215,1,'BAĞLAR',1,0),(21417,286,0,215,1,'BAHÇELİEVLER',1,0),(21418,286,0,215,1,'ÇARŞI BAŞI',1,0),(21419,286,0,215,1,'ÇAY BAŞI',1,0),(21420,286,0,215,1,'FATİH',1,0),(21421,286,0,215,1,'HEYBET',1,0),(21422,286,0,215,1,'İSMET PAŞA',1,0),(21423,286,0,215,1,'TUNA',1,0),(21432,287,0,215,1,'BAHÇELİEVLER',1,0),(21433,287,0,215,1,'CAMİİ KEBİR',1,0),(21436,288,0,215,1,'AŞAĞI',1,0),(21437,288,0,215,1,'CUMHURİYET',1,0),(21438,288,0,215,1,'ÇARŞI',1,0),(21439,288,0,215,1,'KARŞI BAHÇELER',1,0),(21440,288,0,215,1,'KÜLTÜR',1,0),(21441,288,0,215,1,'NUMUNE',1,0),(21442,288,0,215,1,'KALEKENT',1,0),(21443,288,0,215,1,'YUKARI PALU',1,0),(21444,288,0,215,1,'YENİ MAHALLLE',1,0),(21451,289,0,215,1,'GÖLBAŞI',1,0),(21452,289,0,215,1,'HAZAR',1,0),(21453,289,0,215,1,'KÜLTÜR',1,0),(21454,289,0,215,1,'OLGUNLAR',1,0),(21455,289,0,215,1,'AKPINAR',1,0),(21456,289,0,215,1,'KARAÇALI',1,0),(21457,289,0,215,1,'SANAYİ',1,0),(21458,290,0,215,1,'BARBAROS',1,0),(21459,290,0,215,1,'YUNUS EMRE',1,0),(21460,290,0,215,1,'KAZIM KARABEKİR',1,0),(21461,290,0,215,1,'ATATÜRK',1,0),(21462,290,0,215,1,'MİMAR SİNAN',1,0),(21463,290,0,215,1,'YENİ',1,0),(21464,290,0,215,1,'KARAAĞAÇ',1,0),(21465,290,0,215,1,'GÜLABİBEY',1,0),(21466,290,0,215,1,'KIZILAY',1,0),(21467,290,0,215,1,'YAVUZ SELİM',1,0),(21468,290,0,215,1,'AKŞEMSETTİN',1,0),(21469,290,0,215,1,'HALİTPAŞA',1,0),(21470,290,0,215,1,'HOCABEY',1,0),(21471,290,0,215,1,'TAKSİM',1,0),(21472,290,0,215,1,'CUMHURİYET',1,0),(21473,290,0,215,1,'ARSLANLI',1,0),(21474,290,0,215,1,'ERGENEKON',1,0),(21475,290,0,215,1,'İNÖNÜ',1,0),(21476,290,0,215,1,'MENGÜCELİ',1,0),(21477,290,0,215,1,'BAHÇELİEVLER',1,0),(21478,290,0,215,1,'İZZETPAŞA',1,0),(21479,290,0,215,1,'ÇARŞI',1,0),(21480,290,0,215,1,'FATİH',1,0),(21481,290,0,215,1,'BAŞBAĞLAR',1,0),(21540,291,0,215,1,'ATATÜRK',1,0),(21541,291,0,215,1,'BARBAROS',1,0),(21542,291,0,215,1,'FATİH',1,0),(21543,292,0,215,1,'ABDULLAH PAŞA',1,0),(21544,292,0,215,1,'FATİH',1,0),(21545,292,0,215,1,'İSTASYON',1,0),(21546,292,0,215,1,'KAZIM KARABEKİR',1,0),(21547,293,0,215,1,'ÇARŞI',1,0),(21548,293,0,215,1,'GÖĞÜSBAĞI',1,0),(21549,293,0,215,1,'PÖRHENKBAŞI',1,0),(21550,293,0,215,1,'AŞAĞIGEDİK',1,0),(21551,293,0,215,1,'BEKLİMÇAY',1,0),(21552,293,0,215,1,'CİRGİŞİN',1,0),(21553,293,0,215,1,'KARŞIBAĞ',1,0),(21554,293,0,215,1,'MEKTEPÖNÜ',1,0),(21555,293,0,215,1,'ORTAGEDİK',1,0),(21556,293,0,215,1,'YUKARI',1,0),(21557,294,0,215,1,'ARİKİ',1,0),(21558,294,0,215,1,'BAHÇE',1,0),(21559,294,0,215,1,'DÖRTYOLAĞZI',1,0),(21560,294,0,215,1,'GENÇAĞA',1,0),(21561,294,0,215,1,'HACI YUSUF',1,0),(21562,294,0,215,1,'HALİLAĞA',1,0),(21563,294,0,215,1,'İSHAKPAŞA',1,0),(21564,294,0,215,1,'NAİP',1,0),(21565,294,0,215,1,'SANDIKBAĞI',1,0),(21566,294,0,215,1,'TAŞDİBİ',1,0),(21567,295,0,215,1,'MEHMET AKİF ERSOY',1,0),(21568,295,0,215,1,'ŞEHİTLER',1,0),(21569,295,0,215,1,'FATİH',1,0),(21570,296,0,215,1,'CAMİİŞERİF',1,0),(21571,296,0,215,1,'HAKOĞLU',1,0),(21572,296,0,215,1,'KEMALİYE',1,0),(21573,296,0,215,1,'YENİDOĞAN',1,0),(21574,297,0,215,1,'AHMET YESEVİ',1,0),(21575,297,0,215,1,'ATATÜRK',1,0),(21576,297,0,215,1,'FATİH',1,0),(21577,297,0,215,1,'KAZIM KARABEKİR',1,0),(21578,297,0,215,1,'MAMAHATUN',1,0),(21579,297,0,215,1,'YAVUZ SELİM',1,0),(21590,298,0,215,1,'BABACAN',1,0),(21591,298,0,215,1,'BAHÇEŞEHİR',1,0),(21592,298,0,215,1,'CİMİNLİ BABA',1,0),(21593,298,0,215,1,'ÇAVUŞLU',1,0),(21594,298,0,215,1,'ÇAY',1,0),(21595,298,0,215,1,'FATİH',1,0),(21596,298,0,215,1,'ORUÇLU',1,0),(21597,298,0,215,1,'PİRİ SAMİ',1,0),(21598,298,0,215,1,'TERZİBABA',1,0),(21599,298,0,215,1,'ÜÇLER',1,0),(21600,298,0,215,1,'YUNUS EMRE',1,0),(21601,298,0,215,1,'GEYİKLİ',1,0),(21615,304,0,215,1,'DADAŞKENT 200 EVLER',1,0),(21616,304,0,215,1,'ABDULHAMİTHAN',1,0),(21617,304,0,215,1,'GEZ KÖYÜ',1,0),(21618,304,0,215,1,'AHMET YESEVİ',1,0),(21619,304,0,215,1,'SULTAN ALPARSLAN',1,0),(21620,304,0,215,1,'SAKALIKESİK',1,0),(21621,304,0,215,1,'ADAÇAY',1,0),(21622,304,0,215,1,'ÖZBEK',1,0),(21623,304,0,215,1,'AŞAĞI YENİCE',1,0),(21624,304,0,215,1,'BİLALİ HABEŞ',1,0),(21625,304,0,215,1,'TINAZLI',1,0),(21626,304,0,215,1,'YARIMCA',1,0),(21627,942,0,215,1,'GEZ KÖYÜOSB',1,0),(21628,942,0,215,1,'ÇAĞLAYAN',1,0),(21629,942,0,215,1,'AZİZİYE',1,0),(21630,942,0,215,1,'ABDURRAHMAN AĞA',1,0),(21631,942,0,215,1,'MECİDİYE',1,0),(21632,942,0,215,1,'EVRENPAŞA',1,0),(21633,942,0,215,1,'ÖMER NASUHİ BİLMEN',1,0),(21634,942,0,215,1,'YUKARI SANAYİ',1,0),(21635,942,0,215,1,'KAVAK',1,0),(21636,942,0,215,1,'İSTASYON',1,0),(21637,942,0,215,1,'EDİP SOMUNOĞLU',1,0),(21638,942,0,215,1,'GAZİLER',1,0),(21639,942,0,215,1,'ŞÜKRÜPAŞA',1,0),(21640,942,0,215,1,'ŞEHİTLER',1,0),(21641,942,0,215,1,'İBRAHİM HAKKI',1,0),(21642,942,0,215,1,'AŞAĞI SANAYİ',1,0),(21643,941,0,215,1,'ŞEHİTLERKÖYÜ',1,0),(21644,942,0,215,1,'EMİN KURBU',1,0),(21645,941,0,215,1,'HANCIĞAZKÖY',1,0),(21646,942,0,215,1,'SOĞUCAKKÖY',1,0),(21647,941,0,215,1,'UZUN AHMETKÖY',1,0),(21648,942,0,215,1,'KÖSE MEHMETKÖYÜ',1,0),(21649,941,0,215,1,'NENE HATUNKÖYÜ',1,0),(21650,941,0,215,1,'ALİ BEZİRGANKÖYÜ',1,0),(21651,941,0,215,1,'YIKILHANKÖYÜ',1,0),(21652,941,0,215,1,'GÜLLÜKÖYÜ',1,0),(21653,941,0,215,1,'ÇEPERLİKÖYÜ',1,0),(21654,941,0,215,1,'SIĞIRLIKÖYÜ',1,0),(21655,942,0,215,1,'ÇAYIRTEPEKÖYÜ',1,0),(21656,941,0,215,1,'TOPARLAKKÖYÜ',1,0),(21657,942,0,215,1,'HASANİ BASRİ',1,0),(21658,942,0,215,1,'KADANA',1,0),(21659,942,0,215,1,'MURATPAŞA',1,0),(21660,942,0,215,1,'MÜLK KÖYÜ',1,0),(21661,942,0,215,1,'AKTOPRAK',1,0),(21662,942,0,215,1,'DEĞİRMENLER',1,0),(21663,942,0,215,1,'ORTA DÜZÜ',1,0),(21664,942,0,215,1,'ALTINTEPE',1,0),(21665,942,0,215,1,'GEZ',1,0),(21666,942,0,215,1,'TOPÇU OĞLU',1,0),(21667,942,0,215,1,'ALTINBULAK',1,0),(21668,942,0,215,1,'AYAZPAŞA',1,0),(21669,942,0,215,1,'MİRZA MEHMET',1,0),(21670,942,0,215,1,'HACI CUMA',1,0),(21671,942,0,215,1,'KARAKÖSE',1,0),(21672,942,0,215,1,'ATATÜRK',1,0),(21673,942,0,215,1,'AŞAĞI  YONCALIK',1,0),(21674,942,0,215,1,'BAKIRCI',1,0),(21675,942,0,215,1,'RABİA HATUN',1,0),(21676,942,0,215,1,'DEVRİŞ AGA',1,0),(21677,942,0,215,1,'TAŞ MESCİT',1,0),(21678,942,0,215,1,'YEĞEN AĞA',1,0),(21679,942,0,215,1,'AŞAĞI MUMCU',1,0),(21680,942,0,215,1,'VEYİSEFENDİ',1,0),(21681,942,0,215,1,'KIRMACI',1,0),(21682,942,0,215,1,'EMİRŞEYH',1,0),(21683,942,0,215,1,'HABİPEFENDİ',1,0),(21684,942,0,215,1,'YUKARI YONCALIK',1,0),(21685,942,0,215,1,'YUKARI MUMCU',1,0),(21686,942,0,215,1,'LALAPAŞA',1,0),(21687,942,0,215,1,'CAMİİ KEBİR',1,0),(21688,942,0,215,1,'İBRAHİM PAŞA',1,0),(21689,942,0,215,1,'AŞAĞI KÖŞK',1,0),(21690,942,0,215,1,'ALİPAŞA',1,0),(21691,942,0,215,1,'DERE',1,0),(21692,942,0,215,1,'KAZIMKARABEKİR',1,0),(21693,942,0,215,1,'VANİEFENDİ',1,0),(21694,942,0,215,1,'CAFERİYE',1,0),(21695,942,0,215,1,'KÖSE ÖMER',1,0),(21696,942,0,215,1,'KULOĞLU',1,0),(21697,942,0,215,1,'TERMİNAL',1,0),(21698,942,0,215,1,'CEDİT',1,0),(21699,942,0,215,1,'ÇİFTLİK',1,0),(21700,942,0,215,1,'SULTANMELİK',1,0),(21701,942,0,215,1,'NARMANLI',1,0),(21702,942,0,215,1,'ŞEYHLER',1,0),(21703,942,0,215,1,'ATALAR',1,0),(21704,942,0,215,1,'MEHDİ EFENDİ',1,0),(21705,942,0,215,1,'ÇIRÇIR',1,0),(21706,942,0,215,1,'UMUDUM KÖYÜ',1,0),(21707,942,0,215,1,'YAZI PINARI KÖYÜ',1,0),(21708,942,0,215,1,'YEŞİLOVA KÖYÜ',1,0),(21709,942,0,215,1,'UZUNYAYLA KÖYÜ',1,0),(21710,942,0,215,1,'ÇAYIRCA KÖYÜ',1,0),(21711,942,0,215,1,'YERLİ SU',1,0),(21712,942,0,215,1,'ARIBAHÇE',1,0),(21713,941,0,215,1,'YUKARI KÖŞK',1,0),(21714,941,0,215,1,'YUNUSEMRE',1,0),(21715,941,0,215,1,'HÜSEYİN AVNİ ULAŞ',1,0),(21716,941,0,215,1,'HACI AHMET BABA',1,0),(21717,941,0,215,1,'OSMAN BEKTAŞ',1,0),(21718,941,0,215,1,'ERTUĞRUL GAZİ',1,0),(21719,941,0,215,1,'ŞEHİT ÜSTTEĞMEN İSMAİL AKSU',1,0),(21720,941,0,215,1,'ABDURRAHMAN GAZİ',1,0),(21721,941,0,215,1,'SOLAKZADE',1,0),(21722,941,0,215,1,'MEHMET AKİF ERSOY',1,0),(21723,941,0,215,1,'HARPUT',1,0),(21724,941,0,215,1,'KAZIM YURDALAN',1,0),(21725,941,0,215,1,'MAKSUT EFENDİ',1,0),(21726,941,0,215,1,'HACI SALİH EFENDİ',1,0),(21727,941,0,215,1,'ADNAN MENDERES',1,0),(21728,941,0,215,1,'OSMAN GAZİ',1,0),(21729,941,0,215,1,'TEPEKÖY',1,0),(21730,941,0,215,1,'YAĞMURCUK KÖYÜ',1,0),(21731,941,0,215,1,'KONAKLI',1,0),(21732,941,0,215,1,'BÖREKLİ',1,0),(21733,941,0,215,1,'TEKE DERESİ',1,0),(21734,941,0,215,1,'KÜMBET',1,0),(21735,941,0,215,1,'TAŞLIGÜNEY',1,0),(21736,941,0,215,1,'TUZCU',1,0),(21737,941,0,215,1,'PALANDÖKEN',1,0),(21739,942,0,215,1,'FATİH SULTAN MEHMET',1,0),(21740,942,0,215,1,'DADAŞKÖY İBRAHİM PAŞA',1,0),(21741,942,0,215,1,'AYDINLIK',1,0),(21742,942,0,215,1,'GÜLPINAR',1,0),(21743,942,0,215,1,'GÜZELOVA',1,0),(21744,942,0,215,1,'MURATGELDİ',1,0),(21745,942,0,215,1,'DUMLU ŞEHİTLER',1,0),(21746,942,0,215,1,'YEŞİLYAYLA',1,0),(21747,942,0,215,1,'YOLGEÇTİ',1,0),(21748,942,0,215,1,'KIRMIZITAŞ',1,0),(21749,300,0,215,1,'BAHÇELİEVLER',1,0),(21750,300,0,215,1,'CAHİT AYBAR',1,0),(21751,300,0,215,1,'ÇARŞI',1,0),(21752,300,0,215,1,'EMEK',1,0),(21753,300,0,215,1,'İSTASYON',1,0),(21754,300,0,215,1,'KIBRIS',1,0),(21755,300,0,215,1,'MEYDAN',1,0),(21756,300,0,215,1,'ŞAFAK',1,0),(21757,300,0,215,1,'YENİ',1,0),(21758,300,0,215,1,'YEŞİLOVA',1,0),(21759,300,0,215,1,'YENİKÖY HALİTPAŞA',1,0),(23856,223,0,215,1,'PINARÇAYOSB',1,0),(29940,301,0,215,1,'KIZILCA',1,0),(29941,301,0,215,1,'OYUKLU',1,0),(29942,301,0,215,1,'TUZLUCA',1,0),(29945,302,0,215,1,'AŞAĞIKAYABAŞI',1,0),(29946,302,0,215,1,'BAHÇE',1,0),(29947,302,0,215,1,'GÜLİSTAN',1,0),(29948,302,0,215,1,'KARAKULA',1,0),(29949,302,0,215,1,'KOLHİSAR',1,0),(29950,302,0,215,1,'KÖPRÜBAŞI',1,0),(29951,302,0,215,1,'PINARBAŞI',1,0),(29952,302,0,215,1,'SARILI',1,0),(29953,302,0,215,1,'YENİKENT',1,0),(29954,302,0,215,1,'YEŞİLBAHÇE',1,0),(29955,302,0,215,1,'YUKARIKAYABAŞI',1,0),(29958,303,0,215,1,'ADNAN MENDERES',1,0),(29959,303,0,215,1,'CAMİİ KEBİR',1,0),(29960,303,0,215,1,'ESENTEPE',1,0),(29961,303,0,215,1,'FATİH SULTAN MEHMET',1,0),(29962,303,0,215,1,'HASANBABA',1,0),(29963,303,0,215,1,'İNÖNÜ',1,0),(29964,303,0,215,1,'KAZIM KARABEKİR',1,0),(29965,303,0,215,1,'MÜMTAZ TURAN',1,0),(29966,303,0,215,1,'ŞEREFİYE',1,0),(29967,303,0,215,1,'YENİ',1,0),(29968,304,0,215,1,'AĞÖREN',1,0),(29969,304,0,215,1,'ALAYBEYİ',1,0),(29970,304,0,215,1,'BEYPINARI',1,0),(29971,304,0,215,1,'DEMİRGEÇİT',1,0),(29972,304,0,215,1,'DÜZTOPRAK',1,0),(29973,304,0,215,1,'KAHRAMANLAR',1,0),(29974,304,0,215,1,'KAYAPA',1,0),(29975,304,0,215,1,'KUŞÇU',1,0),(29976,304,0,215,1,'KUMLUYAZI',1,0),(29977,304,0,215,1,'ÖMERTEPE',1,0),(29978,304,0,215,1,'ÖZBİLEN',1,0),(29979,304,0,215,1,'SÖĞÜTLÜ',1,0),(29980,304,0,215,1,'SARIYAYLA',1,0),(29981,304,0,215,1,'TEBRİZCİK',1,0),(29982,304,0,215,1,'YEŞİL',1,0),(29983,304,0,215,1,'FİDANLIK',1,0),(29985,304,0,215,1,'BAHÇELİEVLER',1,0),(29986,304,0,215,1,'YENİ',1,0),(29987,304,0,215,1,'ESKİ',1,0),(29988,304,0,215,1,'FERAH',1,0),(29990,305,0,215,1,'AŞAĞIÖZBAĞ',1,0),(29991,305,0,215,1,'ÇAMLICA',1,0),(29992,305,0,215,1,'ÇİÇEKLİ',1,0),(29993,305,0,215,1,'GAZİLER',1,0),(29994,305,0,215,1,'GÜLHAS',1,0),(29995,305,0,215,1,'GÜLLÜBAĞ',1,0),(29996,305,0,215,1,'İKİSU',1,0),(29997,305,0,215,1,'KARŞIYAKA',1,0),(29998,305,0,215,1,'YUKARI',1,0),(29999,305,0,215,1,'YUKARIÖZBAĞ',1,0),(30008,306,0,215,1,'BAĞLAR',1,0),(30009,306,0,215,1,'BAHÇELİ',1,0),(30010,306,0,215,1,'ERHANLAR',1,0),(30011,306,0,215,1,'HACILAR',1,0),(30012,306,0,215,1,'KAVAKLI',1,0),(30013,306,0,215,1,'SARIVELİ',1,0),(30014,306,0,215,1,'SEYHAN',1,0),(30017,307,0,215,1,'BAYRAKTAR',1,0),(30018,307,0,215,1,'ELMAAĞAÇ',1,0),(30020,307,0,215,1,'YENİ',1,0),(30021,307,0,215,1,'KARŞIYAKA',1,0),(30022,308,0,215,1,'CAMİKEBİR',1,0),(30023,308,0,215,1,'ŞEHİTLER',1,0),(30024,308,0,215,1,'ZİYARET',1,0),(30028,309,0,215,1,'CAMİİKEBİR',1,0),(30029,309,0,215,1,'CAMİİSAĞIR',1,0),(30030,309,0,215,1,'TUZLA',1,0),(30034,310,0,215,1,'KARABEKİR',1,0),(30035,310,0,215,1,'ASLANPAŞA',1,0),(30036,310,0,215,1,'CUMHURİYET',1,0),(30037,310,0,215,1,'YUSUF ZİYABEY',1,0),(30038,310,0,215,1,'ŞEHİTLER',1,0),(30039,310,0,215,1,'HALİTPAŞA',1,0),(30040,310,0,215,1,'YASİN HAŞİMOĞLU',1,0),(30044,311,0,215,1,'MERKEZ',1,0),(30045,311,0,215,1,'YEŞİL BAĞLAR',1,0),(30046,312,0,215,1,'AĞAÇMİNARE',1,0),(30047,312,0,215,1,'BAHÇELİEVLER',1,0),(30048,312,0,215,1,'CAMİKEBİR',1,0),(30049,312,0,215,1,'EMİRŞEYH',1,0),(30050,312,0,215,1,'ERZURUMKAPI',1,0),(30051,312,0,215,1,'HASANDEDE',1,0),(30052,312,0,215,1,'KAPLICALAR',1,0),(30053,312,0,215,1,'KASIMPAŞA',1,0),(30054,312,0,215,1,'KETHUDA',1,0),(30055,312,0,215,1,'KURTULUŞ',1,0),(30056,312,0,215,1,'PAŞABEY',1,0),(30057,312,0,215,1,'REŞADİYE',1,0),(30058,312,0,215,1,'SİVAS',1,0),(30059,312,0,215,1,'YAMAÇ',1,0),(30060,312,0,215,1,'YENİ',1,0),(30063,313,0,215,1,'ALIÇLI',1,0),(30064,313,0,215,1,'BURÇAKLI',1,0),(30065,313,0,215,1,'DELİKTAŞ',1,0),(30066,313,0,215,1,'KÜMBETTEPE',1,0),(30067,313,0,215,1,'MERKEZ',1,0),(30068,313,0,215,1,'SÜLEYMANBAĞI',1,0),(30069,313,0,215,1,'YENİ',1,0),(30070,313,0,215,1,'21HAZİRAN',1,0),(30071,313,0,215,1,'AKBULUT',1,0),(30072,314,0,215,1,'AŞAĞI',1,0),(30073,314,0,215,1,'YUKARI',1,0),(30077,315,0,215,1,'AYDINLIK',1,0),(30078,315,0,215,1,'CİHAN',1,0),(30079,315,0,215,1,'HÜRRİYET',1,0),(30080,315,0,215,1,'İSMETPAŞA',1,0),(30081,315,0,215,1,'VATAN',1,0),(30082,316,0,215,1,'HALİTPAŞA',1,0),(30083,316,0,215,1,'KONAK',1,0),(30084,316,0,215,1,'YEŞİLDERE',1,0),(30085,316,0,215,1,'SÖĞÜTLÜ',1,0),(30086,316,0,215,1,'KALEDİBİ',1,0),(30087,316,0,215,1,'ÇAMLICA',1,0),(30088,316,0,215,1,'BAHÇELİ',1,0),(30089,316,0,215,1,'ALPARSLAN',1,0),(30090,316,0,215,1,'FATİH',1,0),(30122,317,0,215,1,'CÖMERTLER',1,0),(30123,317,0,215,1,'ÇAYBAŞI',1,0),(30124,317,0,215,1,'ERİKLİ',1,0),(30125,317,0,215,1,'MERKEZ',1,0),(30126,317,0,215,1,'MURATEFENDİ',1,0),(30127,317,0,215,1,'SEYİTEFENDİ',1,0),(30128,317,0,215,1,'UZUNDERE',1,0),(30129,317,0,215,1,'YAYLA',1,0),(30149,943,0,215,1,'OSB',1,0),(30150,943,0,215,1,'71 EVLER',1,0),(30151,943,0,215,1,'75.YIL (SULTANDERE)',1,0),(30152,943,0,215,1,'AKARBAŞI',1,0),(30153,943,0,215,1,'AKCAMİ',1,0),(30154,943,0,215,1,'AKÇAĞLAN',1,0),(30155,943,0,215,1,'ALANÖNÜ',1,0),(30156,943,0,215,1,'ARİFİYE',1,0),(30157,943,0,215,1,'BÜYÜKDERE',1,0),(30158,943,0,215,1,'CUNUDİYE',1,0),(30159,943,0,215,1,'ÇANKAYA',1,0),(30160,943,0,215,1,'DEDE',1,0),(30161,943,0,215,1,'DELİKLİTAŞ',1,0),(30162,943,0,215,1,'EMEK',1,0),(30163,943,0,215,1,'ERENKÖY',1,0),(30164,943,0,215,1,'GÖKMEYDAN',1,0),(30165,943,0,215,1,'GÖZTEPE',1,0),(30166,943,0,215,1,'GÜLTEPE',1,0),(30167,943,0,215,1,'GÜNDOĞDU',1,0),(30168,943,0,215,1,'HUZUR',1,0),(30169,943,0,215,1,'İSTİKLAL',1,0),(30170,943,0,215,1,'KARAPINAR',1,0),(30171,943,0,215,1,'KIRMIZITOPRAK',1,0),(30172,943,0,215,1,'KURTULUŞ',1,0),(30173,943,0,215,1,'ORHANGAZİ',1,0),(30174,943,0,215,1,'ORTA',1,0),(30175,943,0,215,1,'OSMANGAZİ',1,0),(30176,943,0,215,1,'PAŞA',1,0),(30177,943,0,215,1,'SÜMER',1,0),(30178,943,0,215,1,'ŞARKİYE',1,0),(30179,943,0,215,1,'VİŞNELİK',1,0),(30180,943,0,215,1,'YENİDOĞAN',1,0),(30181,943,0,215,1,'YENİKENT',1,0),(30182,943,0,215,1,'YILDIZTEPE',1,0),(30183,943,0,215,1,'AŞAĞI ÇAĞLAN',1,0),(30184,943,0,215,1,'AĞAPINAR',1,0),(30185,943,0,215,1,'CAVLUM',1,0),(30186,943,0,215,1,'KARACAHÖYÜK',1,0),(30187,943,0,215,1,'KALKANLI',1,0),(30188,943,0,215,1,'KAYAPINAR',1,0),(30189,943,0,215,1,'SEVİNÇ',1,0),(30190,943,0,215,1,'YASSIHÖYÜK',1,0),(30191,944,0,215,1,'BAHÇELİEVLER',1,0),(30192,944,0,215,1,'BATIKENT',1,0),(30193,944,0,215,1,'CUMHURİYE',1,0),(30194,944,0,215,1,'ÇAMLICA',1,0),(30195,944,0,215,1,'ERTUĞRULGAZİ',1,0),(30196,944,0,215,1,'ESENTEPE',1,0),(30197,944,0,215,1,'ESKİBAĞLAR',1,0),(30198,944,0,215,1,'FATİH',1,0),(30199,944,0,215,1,'FEVZİÇAKMAK',1,0),(30200,944,0,215,1,'GÜLLÜK',1,0),(30201,944,0,215,1,'HACI ALİ BEY',1,0),(30202,944,0,215,1,'HACI SEYİT',1,0),(30203,944,0,215,1,'HAYRİYE',1,0),(30204,944,0,215,1,'HOŞNUDİYE',1,0),(30205,944,0,215,1,'IŞIKLAR',1,0),(30206,944,0,215,1,'İHSANİYE',1,0),(30207,944,0,215,1,'KUMLUBEL',1,0),(30208,944,0,215,1,'MAMURE',1,0),(30209,944,0,215,1,'MUSTAFA KEMAL PAŞA',1,0),(30210,944,0,215,1,'ÖMERAĞA',1,0),(30211,944,0,215,1,'SAZOVA',1,0),(30212,944,0,215,1,'SÜTLÜCE',1,0),(30213,944,0,215,1,'ŞARHÖYÜK',1,0),(30214,944,0,215,1,'ŞEKER',1,0),(30215,944,0,215,1,'ŞİRİNTEPE',1,0),(30216,944,0,215,1,'TUNALI',1,0),(30217,944,0,215,1,'ULUÖNDER',1,0),(30218,944,0,215,1,'MERKEZ YENİ',1,0),(30219,944,0,215,1,'YENİBAĞLAR',1,0),(30220,944,0,215,1,'YEŞİLTEPE',1,0),(30221,944,0,215,1,'ZAFER',1,0),(30222,944,0,215,1,'ZİNCİRLİKUYU',1,0),(30223,944,0,215,1,'ALINCA',1,0),(30224,944,0,215,1,'AŞAĞI SÖĞÜTÖNÜ',1,0),(30225,944,0,215,1,'BOYACIOĞLU',1,0),(30226,944,0,215,1,'EĞRİÖZ',1,0),(30227,944,0,215,1,'GÖKDERE',1,0),(30228,944,0,215,1,'HASANBEY',1,0),(30229,944,0,215,1,'KAVACIK',1,0),(30230,944,0,215,1,'KESKİN',1,0),(30231,944,0,215,1,'KOZKAYI',1,0),(30232,944,0,215,1,'SATILMIŞOĞLU',1,0),(30233,944,0,215,1,'YUKARI SÖĞÜTÖNÜ',1,0),(30234,944,0,215,1,'HİSAR',1,0),(30235,944,0,215,1,'ÇUKURHİSAR YENİ',1,0),(30238,944,0,215,1,'EMİRCEOĞLU',1,0),(30239,944,0,215,1,'EMİRLER',1,0),(30240,944,0,215,1,'GAZİPAŞA',1,0),(30241,944,0,215,1,'KOYUNLAR',1,0),(30242,944,0,215,1,'ORTA',1,0),(30243,944,0,215,1,'SAKİNTEPE',1,0),(30244,319,0,215,1,'EVRENPAŞA',1,0),(30245,319,0,215,1,'FATİH',1,0),(30246,319,0,215,1,'FEVZİ PAŞA',1,0),(30247,319,0,215,1,'KEMALPAŞA',1,0),(30252,320,0,215,1,'ATA',1,0),(30253,320,0,215,1,'KÖPRÜBAŞI',1,0),(30254,320,0,215,1,'KÜME',1,0),(30255,320,0,215,1,'YENİ',1,0),(30256,320,0,215,1,'YUNUS EMRE',1,0),(30257,321,0,215,1,'ADALAR',1,0),(30258,321,0,215,1,'ÇİFTÇİ',1,0),(30259,321,0,215,1,'ERBAB',1,0),(30260,321,0,215,1,'SAKARYA',1,0),(30261,321,0,215,1,'YENİ',1,0),(30262,321,0,215,1,'YENİ DOĞAN',1,0),(30263,322,0,215,1,'FATİH',1,0),(30264,322,0,215,1,'ÖZLER',1,0),(30265,322,0,215,1,'SÜMER',1,0),(30266,322,0,215,1,'YENİKENT',1,0),(30273,323,0,215,1,'ERTEN',1,0),(30274,323,0,215,1,'HACILAR',1,0),(30275,323,0,215,1,'HÜSREVPAŞA',1,0),(30276,323,0,215,1,'TEPEKÖY',1,0),(30277,324,0,215,1,'ÇARŞI',1,0),(30278,324,0,215,1,'İSMETPAŞA',1,0),(30279,324,0,215,1,'ORTA',1,0),(30280,324,0,215,1,'YENİCE',1,0),(30281,325,0,215,1,'ÇAL',1,0),(30282,325,0,215,1,'IŞIKLAR',1,0),(30283,325,0,215,1,'ORTA',1,0),(30284,325,0,215,1,'YENİ',1,0),(30285,326,0,215,1,'CUMHURİYET',1,0),(30286,326,0,215,1,'DOKUZ MAYIS',1,0),(30287,326,0,215,1,'HÜRRİYET',1,0),(30288,326,0,215,1,'İSTİKLAL',1,0),(30294,327,0,215,1,'CAMİKEBİR',1,0),(30295,327,0,215,1,'MEDRESE',1,0),(30301,328,0,215,1,'CAMİKEBİR',1,0),(30302,328,0,215,1,'SARIKAYA',1,0),(30303,328,0,215,1,'YENİ',1,0),(30304,328,0,215,1,'FATİH',1,0),(30305,328,0,215,1,'BİLAL HABEŞİ',1,0),(30308,329,0,215,1,'AŞAĞISÖĞÜT',1,0),(30309,329,0,215,1,'DEREBENEK',1,0),(30310,329,0,215,1,'İKİÇEŞME',1,0),(30311,329,0,215,1,'YUNUS',1,0),(30316,330,0,215,1,'CAMİKEBİR',1,0),(30317,330,0,215,1,'CUMHURİYET',1,0),(30318,330,0,215,1,'DEMİRCİ',1,0),(30319,330,0,215,1,'ELMALI',1,0),(30320,330,0,215,1,'GEDİK',1,0),(30321,330,0,215,1,'HIZIRBEY',1,0),(30322,330,0,215,1,'KARABAŞLI',1,0),(30323,330,0,215,1,'KARACALAR',1,0),(30324,330,0,215,1,'KILIÇ',1,0),(30325,330,0,215,1,'KUBBELİ',1,0),(30326,330,0,215,1,'KURŞUNLU',1,0),(30327,330,0,215,1,'YENİCE',1,0),(30328,330,0,215,1,'YUNUSEMRE',1,0),(30329,330,0,215,1,'YENİCEOSB',1,0),(30338,331,0,215,1,'AKYOL',1,0),(30339,331,0,215,1,'ALAYBEY',1,0),(30340,331,0,215,1,'ALİBABA',1,0),(30341,331,0,215,1,'ALLEBEN',1,0),(30342,331,0,215,1,'AYDINBABA',1,0),(30343,331,0,215,1,'BAHÇELİEVLER',1,0),(30344,331,0,215,1,'BARAK',1,0),(30345,331,0,215,1,'BARIŞ',1,0),(30346,331,0,215,1,'BEKİRBEY',1,0),(30347,331,0,215,1,'BEY',1,0),(30348,331,0,215,1,'BEYAZLAR',1,0),(30349,331,0,215,1,'BEYDİLLİ',1,0),(30350,331,0,215,1,'BİNEVLER',1,0),(30351,331,0,215,1,'BOSTANCI',1,0),(30352,331,0,215,1,'BOYACI',1,0),(30353,331,0,215,1,'BOZOKLAR',1,0),(30354,331,0,215,1,'CABİ',1,0),(30355,331,0,215,1,'CEMAL GÜRSEL',1,0),(30356,331,0,215,1,'CENGİZ TOPEL',1,0),(30357,331,0,215,1,'CUMHURİYET',1,0),(30358,331,0,215,1,'ÇAMLICA',1,0),(30359,331,0,215,1,'ÇUKUR',1,0),(30360,331,0,215,1,'DARACIK',1,0),(30361,331,0,215,1,'DELBES',1,0),(30362,331,0,215,1,'DENİZ',1,0),(30363,331,0,215,1,'DUMLUPINAR',1,0),(30364,331,0,215,1,'DÜĞMECİ',1,0),(30365,331,0,215,1,'DÜZTEPE',1,0),(30366,331,0,215,1,'ETİLER',1,0),(30367,331,0,215,1,'EYÜPOĞLU',1,0),(30368,331,0,215,1,'FIRAT',1,0),(30369,331,0,215,1,'FİDANLIK',1,0),(30370,331,0,215,1,'GÜLTEPE',1,0),(30371,331,0,215,1,'GÜMÜŞTEKİN',1,0),(30372,331,0,215,1,'GÜNDOĞDU',1,0),(30373,331,0,215,1,'GÜNEŞ',1,0),(30374,331,0,215,1,'GÜNEYKENT',1,0),(30375,331,0,215,1,'GÜZELVADİ',1,0),(30376,331,0,215,1,'HOŞGÖR',1,0),(30377,331,0,215,1,'İNÖNÜ',1,0),(30378,331,0,215,1,'İSMETPAŞA',1,0),(30379,331,0,215,1,'İSTİKLAL',1,0),(30380,331,0,215,1,'KAHVELİPINAR',1,0),(30381,331,0,215,1,'KANALICI',1,0),(30382,331,0,215,1,'KARAGÖZ',1,0),(30383,331,0,215,1,'KARATARLA',1,0),(30384,331,0,215,1,'KARAYILAN',1,0),(30385,331,0,215,1,'KAVAKLIK',1,0),(30386,331,0,215,1,'KEPENEK',1,0),(30387,331,0,215,1,'KIBRIS',1,0),(30388,331,0,215,1,'KILINÇOĞLU',1,0),(30389,331,0,215,1,'KOCAOĞLAN',1,0),(30390,331,0,215,1,'KOLEJTEPE',1,0),(30391,331,0,215,1,'KONAK',1,0),(30392,331,0,215,1,'KOZANLI',1,0),(30393,331,0,215,1,'KOZLUCA',1,0),(30394,331,0,215,1,'KURBANBABA',1,0),(30395,331,0,215,1,'KURTULUŞ',1,0),(30396,331,0,215,1,'MİMAR SİNAN',1,0),(30397,331,0,215,1,'NARLITEPE',1,0),(30398,331,0,215,1,'NURİPAZARBAŞI',1,0),(30399,331,0,215,1,'OCAKLAR',1,0),(30400,331,0,215,1,'OĞUZLAR',1,0),(30401,331,0,215,1,'ONUR',1,0),(30402,331,0,215,1,'ÖĞRETMENEVLERİ',1,0),(30403,331,0,215,1,'ÖZDEMİRBEY',1,0),(30404,331,0,215,1,'PERİLİKAYA',1,0),(30405,331,0,215,1,'SAÇAKLI',1,0),(30406,331,0,215,1,'SAKARYA',1,0),(30407,331,0,215,1,'SAVCILI',1,0),(30408,331,0,215,1,'SEFERPAŞA',1,0),(30409,331,0,215,1,'SERİNEVLER',1,0),(30410,331,0,215,1,'SULTAN SELİM',1,0),(30411,331,0,215,1,'SUYABATMAZ',1,0),(30412,331,0,215,1,'SÜLEYMANŞAH',1,0),(30413,331,0,215,1,'ŞAHİNBEY',1,0),(30414,331,0,215,1,'ŞAHVELİ',1,0),(30415,331,0,215,1,'ŞEKEROĞLU',1,0),(30416,331,0,215,1,'ŞENYURT',1,0),(30417,331,0,215,1,'TEPEBAŞI',1,0),(30418,331,0,215,1,'TIŞLAKİ',1,0),(30419,331,0,215,1,'TURAN EMEKSİZ',1,0),(30420,331,0,215,1,'TÜRKMENLER',1,0),(30421,331,0,215,1,'TÜRKTEPE',1,0),(30422,331,0,215,1,'ULAŞ',1,0),(30423,331,0,215,1,'ULUCANLAR',1,0),(30424,331,0,215,1,'ÜÇOKLAR',1,0),(30425,331,0,215,1,'ÜNALDI',1,0),(30426,331,0,215,1,'VATAN',1,0),(30427,331,0,215,1,'YAVUZLAR',1,0),(30428,331,0,215,1,'YAZICIK',1,0),(30429,331,0,215,1,'YEŞİLEVLER',1,0),(30430,331,0,215,1,'YUKARIBAYIR',1,0),(30431,331,0,215,1,'23 NİSAN',1,0),(30432,331,0,215,1,'25 ARALIK',1,0),(30433,331,0,215,1,'60.YIL',1,0),(30434,331,0,215,1,'75.YIL',1,0),(30435,331,0,215,1,'KARATAŞ',1,0),(30436,331,0,215,1,'AKBULUT',1,0),(30437,331,0,215,1,'BAĞLARBAŞI',1,0),(30438,331,0,215,1,'BAYRAMLI',1,0),(30439,331,0,215,1,'BOSTANCIK',1,0),(30440,331,0,215,1,'DEREDÜZÜ',1,0),(30441,331,0,215,1,'GENEYİK',1,0),(30442,331,0,215,1,'KARAÇOMAK',1,0),(30443,331,0,215,1,'KÜÇÜKKIZILHİSAR',1,0),(30444,331,0,215,1,'SARIBAŞAK',1,0),(30445,331,0,215,1,'SARISALKIM',1,0),(30446,331,0,215,1,'YAĞDÖVER',1,0),(30447,331,0,215,1,'YEŞİLKENT',1,0),(30448,331,0,215,1,'ÇAĞDAŞ',1,0),(30449,331,0,215,1,'YEDİTEPE',1,0),(30450,331,0,215,1,'ESENTEPE',1,0),(30451,331,0,215,1,'AKDERE',1,0),(30452,331,0,215,1,'BEYBAHÇE',1,0),(30453,331,0,215,1,'KERER',1,0),(30454,331,0,215,1,'KALEBOYNU',1,0),(30455,331,0,215,1,'OSMANLI',1,0),(30456,331,0,215,1,'MUHACİROSMAN',1,0),(30457,331,0,215,1,'SARIT',1,0),(30458,331,0,215,1,'DAMLACIK',1,0),(30459,331,0,215,1,'SERİNCE',1,0),(30460,331,0,215,1,'CEBELER',1,0),(30461,331,0,215,1,'KABARCIK',1,0),(30462,331,0,215,1,'BURÇ KARAKUYU',1,0),(30463,338,0,215,1,'BÜYÜKŞAHİNBEY HÜRRİYET',1,0),(30464,338,0,215,1,'İNÖNÜ',1,0),(30465,338,0,215,1,'ŞAHİNBEY',1,0),(30466,338,0,215,1,'MİMAR SİNAN',1,0),(30467,331,0,215,1,'BURÇ ESENTEPE',1,0),(30468,331,0,215,1,'KALE',1,0),(30469,331,0,215,1,'YEŞİLPINAR',1,0),(30470,331,0,215,1,'AKPINAR',1,0),(30471,331,0,215,1,'DURANTAŞ',1,0),(30472,331,0,215,1,'GÜLPINAR',1,0),(30473,331,0,215,1,'YAZIBAĞI',1,0),(30476,332,0,215,1,'AYDINLAR',1,0),(30477,332,0,215,1,'AYDINTEPE',1,0),(30478,332,0,215,1,'BAŞPINAR(ORGANİZE)OSB',1,0),(30479,332,0,215,1,'BOYNO',1,0),(30480,332,0,215,1,'BUDAK',1,0),(30481,332,0,215,1,'ÇAĞLAYAN',1,0),(30482,332,0,215,1,'ÇAKMAK',1,0),(30483,332,0,215,1,'ÇIKSORUT',1,0),(30484,332,0,215,1,'DEĞİRMİÇEM',1,0),(30485,332,0,215,1,'DÜLÜKBABA',1,0),(30486,332,0,215,1,'EMEK',1,0),(30487,332,0,215,1,'EYDİBABA',1,0),(30488,332,0,215,1,'EYÜPSULTAN',1,0),(30489,332,0,215,1,'FATİH',1,0),(30490,332,0,215,1,'FEVZİ PAŞA',1,0),(30491,332,0,215,1,'GAZİ',1,0),(30492,332,0,215,1,'GAZİKENT',1,0),(30493,332,0,215,1,'GİRNE',1,0),(30494,332,0,215,1,'GÖLLÜCE',1,0),(30495,332,0,215,1,'GÖZTEPE',1,0),(30496,332,0,215,1,'GÜVENEVLER',1,0),(30497,332,0,215,1,'GÜZELYURT',1,0),(30498,332,0,215,1,'HACIBABA',1,0),(30499,332,0,215,1,'HASIRCIOĞLU',1,0),(30500,332,0,215,1,'HÜRRİYET',1,0),(30501,332,0,215,1,'İNCİLİ PINAR',1,0),(30502,332,0,215,1,'KARACAOĞLAN',1,0),(30503,332,0,215,1,'KARAOĞLAN',1,0),(30504,332,0,215,1,'KARŞIYAKA',1,0),(30505,332,0,215,1,'KAYAÖNÜ',1,0),(30506,332,0,215,1,'KOCATEPE',1,0),(30507,332,0,215,1,'MEVLANA',1,0),(30508,332,0,215,1,'MİTHATPAŞA',1,0),(30509,332,0,215,1,'MÜCAHİTLER',1,0),(30510,332,0,215,1,'MÜNÜFPAŞA',1,0),(30511,332,0,215,1,'NURTEPE',1,0),(30512,332,0,215,1,'ÖZGÜRLÜK',1,0),(30513,332,0,215,1,'PANCARLI',1,0),(30514,332,0,215,1,'SANAYİ',1,0),(30515,332,0,215,1,'SARIGÜLLÜK',1,0),(30516,332,0,215,1,'SELİMİYE',1,0),(30517,332,0,215,1,'ŞİRİNEVLER',1,0),(30518,332,0,215,1,'ULUS',1,0),(30519,332,0,215,1,'UMUT',1,0),(30520,332,0,215,1,'YAPRAK',1,0),(30521,332,0,215,1,'YENİ',1,0),(30522,332,0,215,1,'YEŞİLOVA',1,0),(30523,332,0,215,1,'YUNUS EMRE',1,0),(30524,332,0,215,1,'ZEYTİNLİ',1,0),(30525,332,0,215,1,'29 EKİM',1,0),(30526,332,0,215,1,'8 ŞUBAT',1,0),(30527,332,0,215,1,'ŞEHİRGÖSTEREN',1,0),(30528,332,0,215,1,'KARACAAHMET',1,0),(30529,332,0,215,1,'ONAT KUTLAR',1,0),(30530,332,0,215,1,'MERVEŞEHİR',1,0),(30531,332,0,215,1,'SEYRANTEPE',1,0),(30532,332,0,215,1,'İNCİLİKAYA',1,0),(30533,332,0,215,1,'SELAHATTİN EYYUBİ',1,0),(30534,332,0,215,1,'OSMANGAZİ',1,0),(30535,332,0,215,1,'SEFAŞEHİR',1,0),(30536,332,0,215,1,'BURAK',1,0),(30537,332,0,215,1,'BELKIZ',1,0),(30538,332,0,215,1,'ATAKENT',1,0),(30539,332,0,215,1,'PİRSULTAN',1,0),(30540,332,0,215,1,'ATATÜRK',1,0),(30541,332,0,215,1,'BATIKENT',1,0),(30542,332,0,215,1,'ATABEK',1,0),(30543,332,0,215,1,'BİLEK',1,0),(30544,332,0,215,1,'IŞIKLI',1,0),(30545,332,0,215,1,'İBRAHİMLİ',1,0),(30546,332,0,215,1,'KARADEDE',1,0),(30547,332,0,215,1,'KARAHÜYÜK',1,0),(30548,332,0,215,1,'KIZIK KARASAKAL',1,0),(30549,332,0,215,1,'KOZLUYAZI',1,0),(30550,332,0,215,1,'KÜLLÜ',1,0),(30551,332,0,215,1,'SAM',1,0),(30552,332,0,215,1,'SİNAN',1,0),(30553,332,0,215,1,'TAŞLICA',1,0),(30554,332,0,215,1,'TUĞLU',1,0),(30555,332,0,215,1,'ZÜLFİKAR',1,0),(30556,332,0,215,1,'YUKARIBEYLERBEYİ',1,0),(30557,332,0,215,1,'DIMIŞKILI',1,0),(30558,332,0,215,1,'BEDİR KENT',1,0),(30559,332,0,215,1,'BAHÇELİEVLER',1,0),(30560,332,0,215,1,'AKTOPRAK CUMHURİYET',1,0),(30561,332,0,215,1,'HACIKAMBER',1,0),(30562,332,0,215,1,'NESİMİ',1,0),(30563,332,0,215,1,'ERİKLİ',1,0),(30564,332,0,215,1,'GÖKSÜNCÜK',1,0),(30565,332,0,215,1,'KARACABURÇ',1,0),(30566,332,0,215,1,'KIZIKHAMURKESEN',1,0),(30567,332,0,215,1,'ARIL HÜRRİYET',1,0),(30568,332,0,215,1,'İSTİKLAL',1,0),(30569,332,0,215,1,'İBRAHİMŞEHİR',1,0),(30570,333,0,215,1,'BAĞLICA',1,0),(30571,333,0,215,1,'DUMLUPINAR',1,0),(30572,333,0,215,1,'FEVZİ ÇAKMAK',1,0),(30573,333,0,215,1,'KALE',1,0),(30574,333,0,215,1,'MEHMET GÖKÇEK',1,0),(30575,333,0,215,1,'TURGUT ÖZAL',1,0),(30576,333,0,215,1,'YENİ ALTINTAŞ',1,0),(30577,333,0,215,1,'YEŞİLOVA',1,0),(30582,334,0,215,1,'ATATÜRK',1,0),(30583,334,0,215,1,'AYDINLIK',1,0),(30584,334,0,215,1,'BAHÇELİ',1,0),(30585,334,0,215,1,'BEYLER',1,0),(30586,334,0,215,1,'BURHANİYE',1,0),(30587,334,0,215,1,'CEVDETPAŞA',1,0),(30588,334,0,215,1,'CUMHURİYET',1,0),(30589,334,0,215,1,'ÇAMLICA',1,0),(30590,334,0,215,1,'HACİ ALİ ÖZTÜRK',1,0),(30591,334,0,215,1,'DERVİŞPAŞA',1,0),(30592,334,0,215,1,'ERENLER',1,0),(30593,334,0,215,1,'FEVZİ ÇAKMAK',1,0),(30594,334,0,215,1,'HÜRRİYET',1,0),(30595,334,0,215,1,'PINARBAŞI',1,0),(30596,334,0,215,1,'YENİ',1,0),(30613,335,0,215,1,'ÇARŞI',1,0),(30614,335,0,215,1,'KARŞIYAKA',1,0),(30615,335,0,215,1,'LOJMANLAR',1,0),(30616,335,0,215,1,'ETİLER',1,0),(30617,336,0,215,1,'ATATÜRK',1,0),(30618,336,0,215,1,'BELKIS',1,0),(30619,336,0,215,1,'CUMHURİYET',1,0),(30620,336,0,215,1,'FATİH SULTAN',1,0),(30621,336,0,215,1,'FEVKANİ',1,0),(30622,336,0,215,1,'FEVZİ PAŞA',1,0),(30623,336,0,215,1,'FIRAT',1,0),(30624,336,0,215,1,'HAFIZPAŞA',1,0),(30625,336,0,215,1,'İSTASYON',1,0),(30626,336,0,215,1,'İSTİKLAL',1,0),(30627,336,0,215,1,'KARŞIYAKA',1,0),(30628,336,0,215,1,'KIBRIS',1,0),(30629,336,0,215,1,'MENDERES',1,0),(30630,336,0,215,1,'MİMAR SİNAN',1,0),(30631,336,0,215,1,'NAMIK KEMAL',1,0),(30632,336,0,215,1,'PAZAR CAMİİ',1,0),(30633,336,0,215,1,'SAHA',1,0),(30634,336,0,215,1,'ŞAHİNBEY',1,0),(30635,336,0,215,1,'ŞIHLAR',1,0),(30636,336,0,215,1,'TAHTANİ',1,0),(30637,336,0,215,1,'YEŞİLEVLER',1,0),(30638,336,0,215,1,'YUNUS EMRE',1,0),(30639,336,0,215,1,'ZEYTİNLİK',1,0),(30655,337,0,215,1,'ASLANLI',1,0),(30656,337,0,215,1,'ATATÜRK',1,0),(30657,337,0,215,1,'BAŞPINAR',1,0),(30658,337,0,215,1,'KURUDERE',1,0),(30659,337,0,215,1,'YENİ',1,0),(30660,337,0,215,1,'FATİH',1,0),(30661,337,0,215,1,'MEHMET AKİF ERSOY',1,0),(30662,337,0,215,1,'ALPASLAN TÜRKEŞ',1,0),(30663,337,0,215,1,'ESENYURT',1,0),(30664,337,0,215,1,'YAVUZSELİM',1,0),(30675,338,0,215,1,'BULDUK',1,0),(30676,338,0,215,1,'FATİH',1,0),(30677,338,0,215,1,'GÜLLÜK',1,0),(30678,338,0,215,1,'HÜRRİYET',1,0),(30679,338,0,215,1,'KURTULUŞ',1,0),(30680,338,0,215,1,'OĞUZLAR',1,0),(30681,338,0,215,1,'SUBAŞI',1,0),(30682,338,0,215,1,'ALTINYURT',1,0),(30683,338,0,215,1,'SAZGIN',1,0),(30684,338,0,215,1,'CUMHURİYET',1,0),(30685,338,0,215,1,'GEDİK',1,0),(30686,338,0,215,1,'BEŞDELİ',1,0),(30687,338,0,215,1,'TAŞYAZI',1,0),(30688,338,0,215,1,'GÜZELCE',1,0),(30689,338,0,215,1,'KÜÇÜKKARACAVİRAN',1,0),(30690,338,0,215,1,'DİREKLİ',1,0),(30691,338,0,215,1,'TEPEBAŞI',1,0),(30692,338,0,215,1,'YEŞİLDERE YENİ',1,0),(30693,338,0,215,1,'YEŞİLDERE CUMHURİYET',1,0),(30694,338,0,215,1,'YALNIZBAĞ',1,0),(30695,338,0,215,1,'ÇAYBAŞI',1,0),(30696,339,0,215,1,'CİNGİFE',1,0),(30697,339,0,215,1,'CUMHURİYET',1,0),(30698,339,0,215,1,'FEVZİ ÇAKMAK',1,0),(30699,339,0,215,1,'HÜRRİYET',1,0),(30700,339,0,215,1,'SULTAN SELİM',1,0),(30701,340,0,215,1,'AKSU',1,0),(30702,340,0,215,1,'ÇINARLAR',1,0),(30703,340,0,215,1,'ÇITLAKKALE',1,0),(30704,340,0,215,1,'FEVZİ ÇAKMAK',1,0),(30705,340,0,215,1,'GAZİLER',1,0),(30706,340,0,215,1,'GEDİKKAYA',1,0),(30707,340,0,215,1,'GEMİLERÇEKEĞİ',1,0),(30708,340,0,215,1,'GÜRE',1,0),(30709,340,0,215,1,'HACI HÜSEYİN',1,0),(30710,340,0,215,1,'HACIMİKTAT',1,0),(30711,340,0,215,1,'HACISİYAM',1,0),(30712,340,0,215,1,'KALE',1,0),(30713,340,0,215,1,'KAPU',1,0),(30714,340,0,215,1,'KAVAKLAR',1,0),(30715,340,0,215,1,'KAYADİBİ',1,0),(30716,340,0,215,1,'NİZAMİYE',1,0),(30717,340,0,215,1,'OSMANİYE',1,0),(30718,340,0,215,1,'SAMANLIKKIRANI',1,0),(30719,340,0,215,1,'SELDEĞİRMENİ',1,0),(30720,340,0,215,1,'SULTAN SELİM',1,0),(30721,340,0,215,1,'ŞEYHKERAMETTİN',1,0),(30722,340,0,215,1,'TEYYAREDÜZÜ',1,0),(30723,340,0,215,1,'AYDINLAR',1,0),(30724,340,0,215,1,'ERİKLİMAN',1,0),(30735,341,0,215,1,'MESUDİYE',1,0),(30736,341,0,215,1,'YUNUS EMRE',1,0),(30737,341,0,215,1,'BABAPINAR',1,0),(30738,341,0,215,1,'TOPÇAM',1,0),(30739,341,0,215,1,'KARAAĞAÇ',1,0),(30740,341,0,215,1,'KEMALLI',1,0),(30741,342,0,215,1,'ACISU',1,0),(30742,342,0,215,1,'BAHÇELİEVLER',1,0),(30743,342,0,215,1,'BALLICA',1,0),(30744,342,0,215,1,'BULANCAK',1,0),(30745,342,0,215,1,'GÜZELYALI',1,0),(30746,342,0,215,1,'İHSANİYE',1,0),(30747,342,0,215,1,'İSMET PAŞA',1,0),(30748,342,0,215,1,'KIZILOT',1,0),(30749,342,0,215,1,'SANAYİİ',1,0),(30750,342,0,215,1,'SARAÇLI',1,0),(30751,342,0,215,1,'SİSİN',1,0),(30752,342,0,215,1,'ŞEMSETTİN',1,0),(30753,342,0,215,1,'TOPRAKDEĞİRMENİ',1,0),(30754,342,0,215,1,'UCARLI',1,0),(30761,343,0,215,1,'KURTULUŞ',1,0),(30762,343,0,215,1,'YUVACIK',1,0),(30763,343,0,215,1,'KÖROĞLU',1,0),(30764,343,0,215,1,'YAZILAR',1,0),(30765,343,0,215,1,'KARŞIYAKA',1,0),(30766,343,0,215,1,'HÜRRİYET',1,0),(30767,343,0,215,1,'KURUKOL',1,0),(30768,343,0,215,1,'DULUNDAS',1,0),(30771,344,0,215,1,'CAMİ YANI',1,0),(30772,344,0,215,1,'MERKEZ',1,0),(30773,344,0,215,1,'ORTA',1,0),(30774,344,0,215,1,'BEYLİ',1,0),(30778,345,0,215,1,'BAHÇELİ',1,0),(30779,345,0,215,1,'DERELİ',1,0),(30780,345,0,215,1,'KUŞLUHAN',1,0),(30781,345,0,215,1,'KUZCA',1,0),(30782,345,0,215,1,'SÜTLÜCE',1,0),(30786,346,0,215,1,'MERKEZ',1,0),(30788,346,0,215,1,'SADAKLI',1,0),(30789,346,0,215,1,'SÜTTAŞI',1,0),(30790,347,0,215,1,'ADABÜK',1,0),(30791,347,0,215,1,'AĞALIKMADENİ',1,0),(30792,347,0,215,1,'CİBRİL',1,0),(30793,347,0,215,1,'ÇAM',1,0),(30794,347,0,215,1,'ESENTEPE',1,0),(30795,347,0,215,1,'KALEBOYNU',1,0),(30796,347,0,215,1,'KARADERE',1,0),(30797,347,0,215,1,'MERKEZ',1,0),(30802,348,0,215,1,'GÜMÜŞÇAY',1,0),(30803,348,0,215,1,'MUHTELİF KÜMELER',1,0),(30804,348,0,215,1,'ALTINLI',1,0),(30805,348,0,215,1,'BOZTEPE',1,0),(30806,348,0,215,1,'KÖSELİ ',1,0),(30807,348,0,215,1,'DEREBAŞI ',1,0),(30814,349,0,215,1,'BAHÇELİEVLER',1,0),(30815,349,0,215,1,'BOZCAALİ',1,0),(30816,349,0,215,1,'ÇEŞMEBAŞI',1,0),(30817,349,0,215,1,'CİLLİOĞLU',1,0),(30818,349,0,215,1,'HENDEKBAŞI',1,0),(30819,349,0,215,1,'HÜRRİYET',1,0),(30820,349,0,215,1,'KABA',1,0),(30821,349,0,215,1,'KUMYALI',1,0),(30822,349,0,215,1,'SAYFİYE',1,0),(30823,349,0,215,1,'SOĞUKSU',1,0),(30824,349,0,215,1,'TEPEBAŞI',1,0),(30825,349,0,215,1,'ÜNLÜCE',1,0),(30826,349,0,215,1,'YEŞİLTEPE',1,0),(30827,349,0,215,1,'AYDINLIKEVLER',1,0),(30849,350,0,215,1,'GİYİMLİ',1,0),(30850,350,0,215,1,'GÜCE',1,0),(30851,350,0,215,1,'KEMALİYE',1,0),(30852,350,0,215,1,'TEVEKLİ',1,0),(30853,351,0,215,1,'ALAKAŞ',1,0),(30854,351,0,215,1,'BOZKURT',1,0),(30855,351,0,215,1,'FINDIKLI',1,0),(30856,351,0,215,1,'KARABEDİR',1,0),(30857,351,0,215,1,'UĞURCA',1,0),(30858,351,0,215,1,'YOLİÇİ',1,0),(30862,352,0,215,1,'AYDERE',1,0),(30863,352,0,215,1,'EREN',1,0),(30864,352,0,215,1,'ETLİKKIRAN',1,0),(30865,352,0,215,1,'KALEYANI',1,0),(30866,352,0,215,1,'KARGI',1,0),(30867,352,0,215,1,'MADEN',1,0),(30868,352,0,215,1,'ŞEYHLİ',1,0),(30869,352,0,215,1,'ŞIHKIRAN',1,0),(30870,352,0,215,1,'YENİ',1,0),(30875,353,0,215,1,'AKBUDAK',1,0),(30876,353,0,215,1,'AVUTMUŞ',1,0),(30877,353,0,215,1,'BİROĞUL',1,0),(30878,353,0,215,1,'BÜLBÜL',1,0),(30879,353,0,215,1,'ÇİFTLİK',1,0),(30880,353,0,215,1,'FATİH',1,0),(30881,353,0,215,1,'İKİOĞUL',1,0),(30882,353,0,215,1,'KAVAKLAR',1,0),(30883,353,0,215,1,'KIRKGÖZ',1,0),(30884,353,0,215,1,'KIZILCA',1,0),(30885,353,0,215,1,'KÜTKÜT',1,0),(30886,353,0,215,1,'MÜFTÜ',1,0),(30887,353,0,215,1,'TAMZARA',1,0),(30888,353,0,215,1,'TAŞ',1,0),(30889,354,0,215,1,'CİNTAŞI',1,0),(30890,354,0,215,1,'ÇARŞI',1,0),(30891,354,0,215,1,'DEMİRCİ',1,0),(30892,354,0,215,1,'HAMAM',1,0),(30893,354,0,215,1,'İSTİKLAL',1,0),(30894,354,0,215,1,'KÖRLİMAN',1,0),(30895,354,0,215,1,'YENİKÖY',1,0),(30896,355,0,215,1,'BÜK',1,0),(30897,355,0,215,1,'MERKEZ',1,0),(30898,355,0,215,1,'PALAKLI',1,0),(30908,355,0,215,1,'AKDOĞAN ',1,0),(30909,355,0,215,1,'KIZILELMA ',1,0),(30910,355,0,215,1,'AHALLI',1,0),(30911,355,0,215,1,'KURUCALI',1,0),(30912,355,0,215,1,'GÜNECE ',1,0),(30915,356,0,215,1,'BAĞLARBAŞI',1,0),(30916,356,0,215,1,'CANCA',1,0),(30917,356,0,215,1,'ÇAMLICA',1,0),(30918,356,0,215,1,'ESKİBAĞLAR',1,0),(30919,356,0,215,1,'HACIEMİN',1,0),(30920,356,0,215,1,'HASANBEY',1,0),(30921,356,0,215,1,'İNÖNÜ',1,0),(30922,356,0,215,1,'KARAER',1,0),(30923,356,0,215,1,'KARŞIYAKA',1,0),(30924,356,0,215,1,'ÖZCAN',1,0),(30925,356,0,215,1,'SÜLEYMANİYE',1,0),(30926,356,0,215,1,'YENİ',1,0),(30934,357,0,215,1,'ATATÜRK',1,0),(30935,357,0,215,1,'BAHÇELİEVLER',1,0),(30936,357,0,215,1,'BÜYÜKCAMİ',1,0),(30937,357,0,215,1,'CUMHURİYET',1,0),(30938,357,0,215,1,'İNÖNÜ',1,0),(30939,357,0,215,1,'KÜÇÜKCAMİ',1,0),(30954,358,0,215,1,'BAHÇELİEVLER',1,0),(30955,358,0,215,1,'CUMHURİYET',1,0),(30956,358,0,215,1,'FATİH',1,0),(30957,358,0,215,1,'YAVUZ SELİM',1,0),(30958,358,0,215,1,'YENİ',1,0),(30961,359,0,215,1,'AŞAĞI ULUKÖY',1,0),(30962,359,0,215,1,'CAMİ YANI',1,0),(30963,359,0,215,1,'KÖYİÇİ',1,0),(30964,359,0,215,1,'ORTAKÖY',1,0),(30965,359,0,215,1,'YUKARI ULUKÖY',1,0),(30966,359,0,215,1,'MELİKLİ',1,0),(30973,360,0,215,1,'FATİH',1,0),(30974,360,0,215,1,'KARACA',1,0),(30975,360,0,215,1,'MERTEKLİ',1,0),(30976,360,0,215,1,'ŞEHİT HAKAN',1,0),(30977,360,0,215,1,'TEKKE',1,0),(30981,361,0,215,1,'BAHÇECİK',1,0),(30982,361,0,215,1,'ÇAMLICA',1,0),(30983,361,0,215,1,'KALEDİBİ',1,0),(30984,361,0,215,1,'KÖPRÜBAŞI',1,0),(30985,361,0,215,1,'MERKEZ',1,0),(30986,361,0,215,1,'SOĞUKSU',1,0),(30987,361,0,215,1,'TUFANİYE',1,0),(30988,361,0,215,1,'TUĞRULBEY',1,0),(30992,362,0,215,1,'BAĞLAR',1,0),(30993,362,0,215,1,'BİÇER',1,0),(30994,362,0,215,1,'BULAK',1,0),(30995,362,0,215,1,'DAĞGÖL',1,0),(30996,362,0,215,1,'GAZİ',1,0),(30997,362,0,215,1,'KEKLİKPINAR',1,0),(30998,362,0,215,1,'KIRAN',1,0),(30999,362,0,215,1,'MEDRESE',1,0),(31000,362,0,215,1,'MERZAN',1,0),(31001,362,0,215,1,'PEHLİVAN',1,0),(31002,362,0,215,1,'YENİ',1,0),(31003,362,0,215,1,'SÜMBÜL',1,0),(31004,362,0,215,1,'KARŞIYAKA',1,0),(31005,362,0,215,1,'BERÇELAN ',1,0),(31006,362,0,215,1,'HALİFE DERVİŞ',1,0),(31013,363,0,215,1,'CUMHURİYET',1,0),(31014,363,0,215,1,'EMİRŞABAN',1,0),(31015,364,0,215,1,'YAYLA',1,0),(31016,364,0,215,1,'BEŞEVLER',1,0),(31017,364,0,215,1,'KARŞIYAKA',1,0),(31018,364,0,215,1,'MODA',1,0),(31019,364,0,215,1,'YENİ',1,0),(31027,365,0,215,1,'DİZE',1,0),(31028,365,0,215,1,'İPEK',1,0),(31029,365,0,215,1,'GÜNGÖR',1,0),(31030,365,0,215,1,'YENİ',1,0),(31031,365,0,215,1,'YEŞİLDERE',1,0),(31033,365,0,215,1,'ESENTEPE',1,0),(31035,365,0,215,1,'ESKİ KIŞLA',1,0),(31036,365,0,215,1,'ESEN YURT ',1,0),(31037,365,0,215,1,'CUMHURİYET',1,0),(31038,365,0,215,1,'MEZARLIK',1,0),(31048,366,0,215,1,'AKBABA',1,0),(31049,366,0,215,1,'AKDENİZ',1,0),(31050,366,0,215,1,'AKEVLER',1,0),(31051,366,0,215,1,'AKSARAY',1,0),(31052,366,0,215,1,'ALTINÇAY',1,0),(31053,366,0,215,1,'ARMUTLU',1,0),(31054,366,0,215,1,'AYDINLIKEVLER',1,0),(31055,366,0,215,1,'BAĞRIYANIK',1,0),(31056,366,0,215,1,'BARBAROS',1,0),(31057,366,0,215,1,'BİNİCİLER',1,0),(31058,366,0,215,1,'CEBRAİL',1,0),(31059,366,0,215,1,'CUMHURİYET',1,0),(31060,366,0,215,1,'DUTDİBİ',1,0),(31061,366,0,215,1,'ELEKTRİK',1,0),(31062,366,0,215,1,'EMEK',1,0),(31063,366,0,215,1,'ESENTEPE',1,0),(31064,366,0,215,1,'FEVZİ ÇAKMAK',1,0),(31065,366,0,215,1,'GAZİ',1,0),(31066,366,0,215,1,'GAZİ PAŞA',1,0),(31067,366,0,215,1,'GÜLLÜ BAHÇE',1,0),(31068,366,0,215,1,'HACI ÖMER ALPAGOT',1,0),(31069,366,0,215,1,'HARAPARASI',1,0),(31070,366,0,215,1,'HAVUZLAR',1,0),(31071,366,0,215,1,'İPLİK PAZARI',1,0),(31072,366,0,215,1,'KANATLI',1,0),(31073,366,0,215,1,'KANTARA',1,0),(31074,366,0,215,1,'KARAALİ BÖLÜĞÜ',1,0),(31075,366,0,215,1,'KARDEŞLER',1,0),(31076,366,0,215,1,'KIŞLA SARAY',1,0),(31077,366,0,215,1,'KOCAABDİ',1,0),(31078,366,0,215,1,'KUYULU',1,0),(31079,366,0,215,1,'MEYDAN',1,0),(31080,366,0,215,1,'ORHANLI',1,0),(31081,366,0,215,1,'SARAYKENT',1,0),(31082,366,0,215,1,'SOFULAR',1,0),(31083,366,0,215,1,'SÜMERLER',1,0),(31084,366,0,215,1,'ŞEHİTLER',1,0),(31085,366,0,215,1,'ŞEYHALİ',1,0),(31086,366,0,215,1,'ŞİRİNCE',1,0),(31087,366,0,215,1,'ULUCAMİİ',1,0),(31088,366,0,215,1,'ÜRGEN PAŞA',1,0),(31089,366,0,215,1,'YENİ CAMİİ',1,0),(31090,366,0,215,1,'ZENGİNLER',1,0),(31091,366,0,215,1,'ESENLİK',1,0),(31145,367,0,215,1,'FATİKLİ',1,0),(31146,367,0,215,1,'SARILAR',1,0),(31147,367,0,215,1,'YENİŞEHİR',1,0),(31155,368,0,215,1,'BAKRAS',1,0),(31156,368,0,215,1,'DEREBAHÇE',1,0),(31157,368,0,215,1,'HALİLBEY',1,0),(31158,368,0,215,1,'MUHLİSALİ',1,0),(31159,368,0,215,1,'SARIMAZI',1,0),(31160,368,0,215,1,'ŞENBÜK',1,0),(31161,368,0,215,1,'İSSUME',1,0),(31162,368,0,215,1,'FATİH',1,0),(31163,369,0,215,1,'ÇAYLI',1,0),(31164,369,0,215,1,'KIŞLALAR',1,0),(31165,369,0,215,1,'NUMUNE EVLER',1,0),(31166,369,0,215,1,'OCAKLI',1,0),(31167,369,0,215,1,'ÖZERLİ',1,0),(31168,369,0,215,1,'SANAYİ',1,0),(31169,369,0,215,1,'YEŞİL',1,0),(31194,370,0,215,1,'BAHÇELİEVLER',1,0),(31196,370,0,215,1,'CUMHURİYET',1,0),(31197,370,0,215,1,'HÜRRİYET',1,0),(31198,370,0,215,1,'İSALİ',1,0),(31199,370,0,215,1,'İSTİKLAL',1,0),(31200,370,0,215,1,'KARAMUSTAFALI',1,0),(31201,370,0,215,1,'MAHMUTLU',1,0),(31202,370,0,215,1,'MUSTAFALI',1,0),(31203,370,0,215,1,'ŞÜKRÜ PAŞA',1,0),(31204,370,0,215,1,'YENİ',1,0),(31205,371,0,215,1,'ÇAY',1,0),(31206,371,0,215,1,'DERVİŞ PAŞA',1,0),(31207,371,0,215,1,'GİRNE',1,0),(31208,371,0,215,1,'TEPEBAŞI',1,0),(31209,371,0,215,1,'YENİ',1,0),(31210,371,0,215,1,'15 KASIM',1,0),(31224,372,0,215,1,'BARBAROS',1,0),(31225,372,0,215,1,'BARIŞTEPE',1,0),(31226,372,0,215,1,'BULUTTEPE',1,0),(31227,372,0,215,1,'CUMHURİYET',1,0),(31228,372,0,215,1,'ÇAY',1,0),(31229,372,0,215,1,'DUMLUPINAR',1,0),(31230,372,0,215,1,'ESENTEPE',1,0),(31231,372,0,215,1,'FATİH SULTAN MEHMET',1,0),(31232,372,0,215,1,'GÜLTEPE',1,0),(31233,372,0,215,1,'GÜRSEL',1,0),(31234,372,0,215,1,'GÜZELÇAY',1,0),(31235,372,0,215,1,'HÜRRİYET',1,0),(31236,372,0,215,1,'İSMET İNÖNÜ',1,0),(31237,372,0,215,1,'KOCATEPE',1,0),(31238,372,0,215,1,'KURTULUŞ',1,0),(31239,372,0,215,1,'MEYDAN',1,0),(31240,372,0,215,1,'MODERNEVLER',1,0),(31241,372,0,215,1,'MURADİYE',1,0),(31242,372,0,215,1,'MUSTAFA KEMAL',1,0),(31243,372,0,215,1,'NUMUNE',1,0),(31244,372,0,215,1,'PINARBAŞI',1,0),(31245,372,0,215,1,'PİRİREİS',1,0),(31246,372,0,215,1,'SAKARYA',1,0),(31247,372,0,215,1,'SAVAŞ',1,0),(31248,372,0,215,1,'SÜLEYMANİYE',1,0),(31249,372,0,215,1,'YENİŞEHİR',1,0),(31250,372,0,215,1,'YILDIRIMTEPE',1,0),(31251,372,0,215,1,'YUNUS EMRE',1,0),(31291,373,0,215,1,'ALAKOYUN',1,0),(31292,373,0,215,1,'ALPARSLAN',1,0),(31293,373,0,215,1,'AYDINLI',1,0),(31294,373,0,215,1,'BAHÇELİEVLER',1,0),(31295,373,0,215,1,'BARBAROS',1,0),(31296,373,0,215,1,'CUMHURİYET',1,0),(31297,373,0,215,1,'ÇANKAYA',1,0),(31298,373,0,215,1,'FATİH',1,0),(31299,373,0,215,1,'GAZİ',1,0),(31300,373,0,215,1,'GÜNDÜZ',1,0),(31301,373,0,215,1,'KURTULUŞ',1,0),(31302,373,0,215,1,'MENDERES',1,0),(31303,373,0,215,1,'MİMAR SİNAN',1,0),(31304,373,0,215,1,'ÖZYÖRÜK',1,0),(31305,373,0,215,1,'YENİ',1,0),(31306,373,0,215,1,'408 EVLER',1,0),(31310,374,0,215,1,'CUMHURİYET',1,0),(31311,374,0,215,1,'FEVZİ ÇAKMAK',1,0),(31312,374,0,215,1,'GÖKÇEOĞLU',1,0),(31313,375,0,215,1,'ADABUCAK',1,0),(31314,375,0,215,1,'BAĞLAR',1,0),(31315,375,0,215,1,'BAHÇELİEVLER',1,0),(31316,375,0,215,1,'BAYIR',1,0),(31317,375,0,215,1,'CUMHURİYET',1,0),(31318,375,0,215,1,'DEĞİRMENKAŞI',1,0),(31319,375,0,215,1,'ESENTEPE',1,0),(31320,375,0,215,1,'FİDANLIK',1,0),(31321,375,0,215,1,'GÜLTEPE',1,0),(31322,375,0,215,1,'KURTULUŞ',1,0),(31323,375,0,215,1,'MUSTAFA KEMAL',1,0),(31324,375,0,215,1,'PINARBAŞI',1,0),(31325,375,0,215,1,'YENİ',1,0),(31326,375,0,215,1,'YENİŞEHİR',1,0),(31327,375,0,215,1,'YEŞİLOVA',1,0),(31328,375,0,215,1,'CÜDEYDE',1,0),(31329,376,0,215,1,'ATATÜRK',1,0),(31330,376,0,215,1,'CEMAL GÜRSEL',1,0),(31331,376,0,215,1,'CUMHURİYET',1,0),(31332,376,0,215,1,'ÇİĞDEDE',1,0),(31333,376,0,215,1,'DENİZ',1,0),(31334,376,0,215,1,'KURTDERESİ',1,0),(31335,376,0,215,1,'ŞÜKRÜ KANATLI',1,0),(31336,376,0,215,1,'YENİ',1,0),(31337,376,0,215,1,'YEŞİLADA',1,0),(31362,377,0,215,1,'ÇAMALTI',1,0),(31363,377,0,215,1,'KURTULUŞ',1,0),(31364,377,0,215,1,'TUTLUBAHÇE',1,0),(31370,378,0,215,1,'ANADOLU',1,0),(31371,378,0,215,1,'AYAZMANA',1,0),(31372,378,0,215,1,'BAĞLAR',1,0),(31373,378,0,215,1,'BAHÇELİEVLER',1,0),(31374,378,0,215,1,'BATIKENT',1,0),(31375,378,0,215,1,'BİNBİREVLER',1,0),(31376,378,0,215,1,'ÇELEBİLER',1,0),(31377,378,0,215,1,'ÇÜNÜR',1,0),(31378,378,0,215,1,'DAVRAZ',1,0),(31379,378,0,215,1,'DERE',1,0),(31380,378,0,215,1,'DOĞANCI',1,0),(31381,378,0,215,1,'EMRE',1,0),(31382,378,0,215,1,'FATİH',1,0),(31383,378,0,215,1,'GAZİ KEMAL',1,0),(31384,378,0,215,1,'GÜLCÜ',1,0),(31385,378,0,215,1,'GÜLEVLER',1,0),(31386,378,0,215,1,'GÜLİSTAN',1,0),(31387,378,0,215,1,'HALIKENT',1,0),(31388,378,0,215,1,'HALİFE SULTAN',1,0),(31389,378,0,215,1,'HIZIRBEY',1,0),(31390,378,0,215,1,'HİSAR',1,0),(31391,378,0,215,1,'IŞIKKENT',1,0),(31392,378,0,215,1,'İSKENDER',1,0),(31393,378,0,215,1,'İSTİKLAL',1,0),(31394,378,0,215,1,'KARAAĞAÇ',1,0),(31395,378,0,215,1,'KEÇECİ',1,0),(31396,378,0,215,1,'KEPECİ',1,0),(31397,378,0,215,1,'KURTULUŞ',1,0),(31398,378,0,215,1,'KUTLUBEY',1,0),(31399,378,0,215,1,'MEHMET TÖNGE',1,0),(31400,378,0,215,1,'MODERN EVLER',1,0),(31401,378,0,215,1,'MUZAFFER TÜRKEŞ',1,0),(31402,378,0,215,1,'PİRİMEHMET',1,0),(31403,378,0,215,1,'SANAYİ',1,0),(31404,378,0,215,1,'SERMET',1,0),(31405,378,0,215,1,'SİDRE',1,0),(31406,378,0,215,1,'SÜLÜBEY',1,0),(31407,378,0,215,1,'TURAN',1,0),(31408,378,0,215,1,'VATAN',1,0),(31409,378,0,215,1,'YAYLA',1,0),(31410,378,0,215,1,'YEDİŞEHİTLER',1,0),(31411,378,0,215,1,'YENİCE',1,0),(31412,378,0,215,1,'ZAFER',1,0),(31413,378,0,215,1,'VATANOSB',1,0),(31424,379,0,215,1,'AKÇAŞAR',1,0),(31425,379,0,215,1,'BAHÇELİ',1,0),(31426,379,0,215,1,'ÇAY',1,0),(31427,379,0,215,1,'HÜRRİYET',1,0),(31428,379,0,215,1,'İSTİKLAL',1,0),(31429,379,0,215,1,'KURTULUŞ',1,0),(31430,379,0,215,1,'ORTA',1,0),(31431,379,0,215,1,'PAZARCIK',1,0),(31432,379,0,215,1,'TEPE',1,0),(31436,380,0,215,1,'ALTUNBA',1,0),(31437,380,0,215,1,'ÇEŞME',1,0),(31438,380,0,215,1,'GEZİRLER',1,0),(31439,380,0,215,1,'MÜFTÜ',1,0),(31440,380,0,215,1,'ONAÇ',1,0),(31441,380,0,215,1,'PAZAR',1,0),(31442,380,0,215,1,'SİNAN',1,0),(31443,380,0,215,1,'SÖKMEN',1,0),(31444,380,0,215,1,'YENİ',1,0),(31449,381,0,215,1,'AĞA',1,0),(31450,381,0,215,1,'ALTINKUM',1,0),(31451,381,0,215,1,'BAĞBUYAN',1,0),(31452,381,0,215,1,'BAĞLAR',1,0),(31453,381,0,215,1,'CAMİİ',1,0),(31454,381,0,215,1,'DEMİRKAPI',1,0),(31455,381,0,215,1,'GÖKTAŞ',1,0),(31456,381,0,215,1,'HACIŞEYH',1,0),(31457,381,0,215,1,'HAMAM',1,0),(31458,381,0,215,1,'İMARET',1,0),(31459,381,0,215,1,'İSTASYON',1,0),(31460,381,0,215,1,'KALE',1,0),(31461,381,0,215,1,'KATİP',1,0),(31462,381,0,215,1,'KIZILCIBIK',1,0),(31463,381,0,215,1,'KONNE BUCAĞI',1,0),(31464,381,0,215,1,'KUBBELİ',1,0),(31465,381,0,215,1,'MENDERES',1,0),(31466,381,0,215,1,'PINAR PAZARI',1,0),(31467,381,0,215,1,'POYRAZ',1,0),(31468,381,0,215,1,'SANAYİ',1,0),(31469,381,0,215,1,'SEKİBAĞ',1,0),(31470,381,0,215,1,'SEYDİM',1,0),(31471,381,0,215,1,'YAZLA',1,0),(31472,381,0,215,1,'YENİ',1,0),(31473,381,0,215,1,'YEŞİLADA',1,0),(31493,382,0,215,1,'AŞAĞI',1,0),(31494,382,0,215,1,'HÜSEYİN AVNİ PAŞA',1,0),(31495,382,0,215,1,'MUHARREM',1,0),(31496,382,0,215,1,'ORTA',1,0),(31497,382,0,215,1,'SELÇUK',1,0),(31498,382,0,215,1,'YENİ',1,0),(31509,383,0,215,1,'ALACA MESCİT',1,0),(31510,383,0,215,1,'CAMİ',1,0),(31511,383,0,215,1,'KASAP',1,0),(31512,383,0,215,1,'MUSALLA',1,0),(31513,383,0,215,1,'PAZAR',1,0),(31514,383,0,215,1,'GÖLETEVLERİ ',1,0),(31519,384,0,215,1,'AŞAĞI',1,0),(31520,384,0,215,1,'CUMHURİYET',1,0),(31521,384,0,215,1,'HASANBEY',1,0),(31522,384,0,215,1,'KAYA',1,0),(31523,384,0,215,1,'ORTA',1,0),(31524,384,0,215,1,'TUZLA',1,0),(31525,384,0,215,1,'YENİCE',1,0),(31526,384,0,215,1,'YUKARI',1,0),(31527,384,0,215,1,'HACI KÖYÜ ',1,0),(31528,384,0,215,1,'KÜKÜRT',1,0),(31546,385,0,215,1,'CUMHURİYET',1,0),(31547,385,0,215,1,'HAMİDİYE',1,0),(31549,385,0,215,1,'İSTİKLAL',1,0),(31550,385,0,215,1,'KIBRIS',1,0),(31553,385,0,215,1,'SÜLEYMAN DEMİREL',1,0),(31554,385,0,215,1,'ŞEHLER',1,0),(31555,385,0,215,1,'TAŞMESCİT',1,0),(31556,385,0,215,1,'TURGUTLAR',1,0),(31560,385,0,215,1,'16 HAZİRAN',1,0),(31573,386,0,215,1,'BAŞKOZ',1,0),(31574,386,0,215,1,'BELEN',1,0),(31575,386,0,215,1,'BİRLİK',1,0),(31576,386,0,215,1,'CAMİİ',1,0),(31577,386,0,215,1,'ERENLER',1,0),(31578,386,0,215,1,'YEŞİLDERE',1,0),(31579,386,0,215,1,'YUKARI',1,0),(31592,387,0,215,1,'ALCIKLAR',1,0),(31593,387,0,215,1,'ASILKALE',1,0),(31594,387,0,215,1,'AŞAĞIKALE',1,0),(31595,387,0,215,1,'CAMİKEBİR',1,0),(31596,387,0,215,1,'FATİH',1,0),(31597,387,0,215,1,'KERKÜK',1,0),(31598,387,0,215,1,'ORTA',1,0),(31599,387,0,215,1,'ULVİKALE',1,0),(31611,388,0,215,1,'GÜREŞYERİ',1,0),(31612,388,0,215,1,'KABAAĞAÇ',1,0),(31613,388,0,215,1,'PAZAR',1,0),(31614,388,0,215,1,'TAŞKÖPRÜ',1,0),(31615,388,0,215,1,'TOPRAKLIK',1,0),(31616,388,0,215,1,'ZİNCİRLİ',1,0),(31617,388,0,215,1,'SELÇUKLU',1,0),(31618,388,0,215,1,'NAMAZGAH',1,0),(31619,388,0,215,1,'KÖSEHASAN',1,0),(31620,389,0,215,1,'ABACILAR',1,0),(31621,389,0,215,1,'AKKÖPRÜ',1,0),(31622,389,0,215,1,'BAĞLAR',1,0),(31623,389,0,215,1,'BAHÇELİEVLER',1,0),(31624,389,0,215,1,'CUMHURİYET',1,0),(31625,389,0,215,1,'ÇARŞI',1,0),(31626,389,0,215,1,'DEBBAĞLAR',1,0),(31627,389,0,215,1,'ESKİ',1,0),(31628,389,0,215,1,'FATİH',1,0),(31629,389,0,215,1,'GÖRGÜ BAYRAM',1,0),(31630,389,0,215,1,'GÖRGÜ CAMİİ',1,0),(31631,389,0,215,1,'GÖRGÜORTA',1,0),(31632,389,0,215,1,'HIDIRLIK',1,0),(31633,389,0,215,1,'KAŞAŞAĞI',1,0),(31634,389,0,215,1,'KAŞCAMİ',1,0),(31635,389,0,215,1,'KAŞHACIBEY',1,0),(31636,389,0,215,1,'KAŞYUKARI',1,0),(31637,389,0,215,1,'KIZILCA',1,0),(31638,389,0,215,1,'KUŞKU',1,0),(31639,389,0,215,1,'LEBLEBİCİLER',1,0),(31640,389,0,215,1,'MÜDERRİS',1,0),(31641,389,0,215,1,'PAZAR AŞAĞI',1,0),(31642,389,0,215,1,'PAZAR YUKARI',1,0),(31643,389,0,215,1,'SALUR',1,0),(31644,389,0,215,1,'SANAYİ',1,0),(31645,389,0,215,1,'SARAY',1,0),(31646,389,0,215,1,'SOFULAR',1,0),(31647,389,0,215,1,'ZAFER',1,0),(31711,390,0,215,1,'GÜNDOĞDU',1,0),(31712,390,0,215,1,'PINARBAŞI',1,0),(31713,390,0,215,1,'YENİCAMİ',1,0),(31714,390,0,215,1,'YENİCE',1,0),(31715,961,0,215,1,'BAHÇE',1,0),(31716,961,0,215,1,'BARIŞ',1,0),(31717,961,0,215,1,'CAMİ ŞERİF',1,0),(31718,961,0,215,1,'ÇANKAYA',1,0),(31719,961,0,215,1,'ÇAY',1,0),(31720,961,0,215,1,'ÇİLEK',1,0),(31721,961,0,215,1,'GÜNDOĞDU',1,0),(31722,961,0,215,1,'GÜNEŞ',1,0),(31723,961,0,215,1,'HAL',1,0),(31724,961,0,215,1,'HAMİDİYE',1,0),(31725,961,0,215,1,'İHSANİYE',1,0),(31726,961,0,215,1,'KARADUVAR',1,0),(31727,961,0,215,1,'KİREMİTHANE',1,0),(31728,961,0,215,1,'KÜLTÜR',1,0),(31729,961,0,215,1,'MAHMUDİYE',1,0),(31730,961,0,215,1,'MESUDİYE',1,0),(31731,961,0,215,1,'MİTHATPAŞA',1,0),(31732,961,0,215,1,'MÜFİDE İLHAN',1,0),(31733,961,0,215,1,'NUSRATİYE',1,0),(31734,961,0,215,1,'ÖZGÜRLÜK',1,0),(31735,961,0,215,1,'SİTELER',1,0),(31736,961,0,215,1,'ŞEVKETSÜMER',1,0),(31737,961,0,215,1,'TURGUTREİS',1,0),(31738,961,0,215,1,'ÜÇOCAK',1,0),(31739,961,0,215,1,'YENİ',1,0),(31740,963,0,215,1,'AKBELEN',1,0),(31741,963,0,215,1,'ALSANCAK',1,0),(31742,963,0,215,1,'ÇAĞDAŞKENT',1,0),(31743,963,0,215,1,'ÇAVUŞLU',1,0),(31744,963,0,215,1,'ÇUKUROVA',1,0),(31745,963,0,215,1,'DEMİRTAŞ',1,0),(31746,963,0,215,1,'GÜNEYKENT',1,0),(31747,963,0,215,1,'HALKKENT',1,0),(31748,963,0,215,1,'HÜSEYİN OKAN MERZECİ',1,0),(31749,963,0,215,1,'KORUKENT',1,0),(31750,963,0,215,1,'KURDALİ',1,0),(31751,963,0,215,1,'MİTHAT TOROĞLU',1,0),(31752,963,0,215,1,'MUSTAFA KEMAL',1,0),(31753,963,0,215,1,'OSMANİYE',1,0),(31754,963,0,215,1,'PORTAKAL',1,0),(31755,963,0,215,1,'SAĞLIK',1,0),(31756,963,0,215,1,'SELÇUKLAR',1,0),(31757,963,0,215,1,'TOROSLAR',1,0),(31758,963,0,215,1,'TOZKOPARAN',1,0),(31759,963,0,215,1,'TURGUT TÜRKALP',1,0),(31760,963,0,215,1,'TURUNÇLU',1,0),(31761,963,0,215,1,'YUSUF KILIÇ',1,0),(31762,963,0,215,1,'ZEKİ AYAN',1,0),(31763,963,0,215,1,'KARAİSALI',1,0),(31764,964,0,215,1,'AKKENT',1,0),(31765,964,0,215,1,'AYDINLIKEVLER',1,0),(31766,964,0,215,1,'BAHÇELİEVLER',1,0),(31767,964,0,215,1,'BARBAROS',1,0),(31768,964,0,215,1,'BATIKENT',1,0),(31769,964,0,215,1,'CUMHURİYET',1,0),(31770,964,0,215,1,'DUMLUPINAR',1,0),(31771,964,0,215,1,'EĞRİÇAM',1,0),(31772,964,0,215,1,'FUATMOREL',1,0),(31773,964,0,215,1,'GAZİ',1,0),(31774,964,0,215,1,'GÜVENEVLER',1,0),(31775,964,0,215,1,'HÜRRİYET',1,0),(31776,964,0,215,1,'İNÖNÜ',1,0),(31777,964,0,215,1,'LİMONLUK',1,0),(31778,964,0,215,1,'MENTEŞ',1,0),(31779,964,0,215,1,'PALMİYE',1,0),(31780,964,0,215,1,'PİRİREİS',1,0),(31781,964,0,215,1,'50. YIL',1,0),(31782,964,0,215,1,'DENİZ',1,0),(31783,964,0,215,1,'KOCAVİLAYET',1,0),(31784,964,0,215,1,'AFETEVLER ',1,0),(31785,963,0,215,1,'BAĞCILAR',1,0),(31786,963,0,215,1,'BAHÇECİLER',1,0),(31787,963,0,215,1,'ÇİFTÇİLER',1,0),(31788,963,0,215,1,'YEŞİLÇİMEN',1,0),(31789,964,0,215,1,'GÖKÇEBELEN',1,0),(31790,964,0,215,1,'ÇİFTLİKKÖY',1,0),(31791,962,0,215,1,'ANAYURT',1,0),(31792,962,0,215,1,'CUMHURİYET',1,0),(31793,962,0,215,1,'DAVULTEPE FATİH',1,0),(31794,962,0,215,1,'DAVULTEPE MERKEZ',1,0),(31795,962,0,215,1,'75.YIL',1,0),(31798,961,0,215,1,'AKDAM',1,0),(31799,961,0,215,1,'BEKİRDE',1,0),(31800,961,0,215,1,'YEŞİLYURT',1,0),(31801,961,0,215,1,'CİVANYAYLAĞI',1,0),(31802,963,0,215,1,'BULUKLU',1,0),(31803,963,0,215,1,'DÜĞDÜÖREN',1,0),(31804,963,0,215,1,'KAŞLI',1,0),(31808,962,0,215,1,'KUYULUK CUMHURİYET',1,0),(31809,962,0,215,1,'KUYULUK FATİH',1,0),(31810,962,0,215,1,'KUYULUK MERKEZ',1,0),(31811,962,0,215,1,'AKDENİZ',1,0),(31812,962,0,215,1,'ATATÜRK',1,0),(31813,962,0,215,1,'ESKİ',1,0),(31814,962,0,215,1,'FATİH',1,0),(31815,962,0,215,1,'MENDERES',1,0),(31816,962,0,215,1,'MERKEZ',1,0),(31817,962,0,215,1,'VİRANŞEHİR',1,0),(31818,962,0,215,1,'YENİ',1,0),(31819,962,0,215,1,'KALE',1,0),(31820,962,0,215,1,'ESENBAĞLAR',1,0),(31821,962,0,215,1,'TECE CUMHURİYET',1,0),(31822,962,0,215,1,'TECE FATİH',1,0),(31823,962,0,215,1,'HÜRRİYET',1,0),(31824,962,0,215,1,'TECE MERKEZ',1,0),(31825,962,0,215,1,'ŞAHİN TEPESİ',1,0),(31826,963,0,215,1,'YALINAYAK',1,0),(31829,961,0,215,1,'ANADOLU',1,0),(31830,961,0,215,1,'TOROSLAR',1,0),(31831,961,0,215,1,'BAHÇELİ KÜRKÇÜ',1,0),(31832,961,0,215,1,'BAHÇELİ AŞAĞIBURHAN',1,0),(31833,961,0,215,1,'BAHÇELİ YUKARIBURHAN',1,0),(31834,961,0,215,1,'DEMİRHİSAR',1,0),(31847,961,0,215,1,'CUMHURİYET',1,0),(31848,961,0,215,1,'HÜRRİYET',1,0),(31849,961,0,215,1,'KAZANLI YENİ',1,0),(31850,961,0,215,1,'ADANALIOĞLU AKDENİZ',1,0),(31851,961,0,215,1,'ADANALIOĞLU BAHÇE',1,0),(31852,961,0,215,1,'ADANALIOĞLU LİMONLU',1,0),(31853,961,0,215,1,'KARACAİLYAS AKDENİZ',1,0),(31854,961,0,215,1,'KARACAİLYAS EMEK',1,0),(31855,961,0,215,1,'KARACAİLYAS EVREN',1,0),(31856,961,0,215,1,'ŞAKİRGÜLMEN',1,0),(31857,961,0,215,1,'KARACAİLYAS YEŞİLYURT',1,0),(31865,392,0,215,1,'AKARCA',1,0),(31866,392,0,215,1,'ESENTEPE',1,0),(31867,392,0,215,1,'SARAY',1,0),(31868,392,0,215,1,'YILDIRIM BEYAZIT',1,0),(31869,392,0,215,1,'İSKELE',1,0),(31870,392,0,215,1,'AKDENİZ',1,0),(31871,392,0,215,1,'SULTAN ALAADDİN',1,0),(31872,392,0,215,1,'BAHÇE',1,0),(31873,392,0,215,1,'FATİH',1,0),(31874,392,0,215,1,'BAHÇELİEVLER',1,0),(31875,392,0,215,1,'GÜZELYURT ',1,0),(31876,392,0,215,1,'YALIEVLERİ',1,0),(31877,392,0,215,1,'SAĞLIK',1,0),(31878,392,0,215,1,'KALINÖREN',1,0),(31879,392,0,215,1,'GÖKTAŞ',1,0),(31880,392,0,215,1,'TOROSLAR',1,0),(31881,392,0,215,1,'YEŞİLYURT',1,0),(31890,393,0,215,1,'ATATÜRK',1,0),(31891,393,0,215,1,'MERKEZ',1,0),(31892,393,0,215,1,'CUMHURİYET',1,0),(31893,393,0,215,1,'HÜRRİYET',1,0),(31894,393,0,215,1,'YENİ',1,0),(31895,394,0,215,1,'BEYRELİ',1,0),(31896,394,0,215,1,'ÇOPURLU',1,0),(31897,394,0,215,1,'ÇUBUKKOYAĞI',1,0),(31898,394,0,215,1,'DENİZCİLER',1,0),(31899,394,0,215,1,'GÜRLEVİK',1,0),(31900,394,0,215,1,'KALEDİBİ',1,0),(31901,394,0,215,1,'KÖTEKLER',1,0),(31902,394,0,215,1,'MERKEZ',1,0),(31903,394,0,215,1,'SICAKYURT',1,0),(31904,394,0,215,1,'USTALAR',1,0),(31910,395,0,215,1,'CUMAYAKASI',1,0),(31911,395,0,215,1,'ÇAYIREKİNLİĞİ',1,0),(31912,395,0,215,1,'KALE',1,0),(39922,396,0,215,1,'ADNAN MENDERES',1,0),(39923,396,0,215,1,'AKDENİZ',1,0),(39924,396,0,215,1,'ALATA',1,0),(39925,396,0,215,1,'BARBAROS',1,0),(39926,396,0,215,1,'FATİH',1,0),(39927,396,0,215,1,'KARGICAK',1,0),(39928,396,0,215,1,'KOYUNCU',1,0),(39929,396,0,215,1,'MERKEZ',1,0),(39930,396,0,215,1,'TABİYE',1,0),(39931,396,0,215,1,'TÜRBE',1,0),(39932,396,0,215,1,'YARENLER',1,0),(39933,396,0,215,1,'YÜKSEK',1,0),(39980,397,0,215,1,'AKDENİZ',1,0),(39981,397,0,215,1,'AYVALI',1,0),(39982,397,0,215,1,'HACIPINAR',1,0),(39983,397,0,215,1,'SARAY',1,0),(39984,397,0,215,1,'SARIKAVAK',1,0),(40004,398,0,215,1,'CUMHURİYET',1,0),(40005,398,0,215,1,'DEVECİ',1,0),(40006,398,0,215,1,'DOĞANCI',1,0),(40007,398,0,215,1,'GÜLLÜK',1,0),(40008,398,0,215,1,'KALE',1,0),(40009,398,0,215,1,'KARŞIYAKA',1,0),(40010,398,0,215,1,'KÜLTÜR',1,0),(40011,398,0,215,1,'MEYDAN',1,0),(40012,398,0,215,1,'PINARBAŞI',1,0),(40013,398,0,215,1,'YATIRTAŞ',1,0),(40014,398,0,215,1,'YAZALANI',1,0),(40019,399,0,215,1,'ATİK',1,0),(40020,399,0,215,1,'BUCAKLI',1,0),(40021,399,0,215,1,'CAMİİKEBİR',1,0),(40022,399,0,215,1,'GAZİ',1,0),(40023,399,0,215,1,'GÖKSU',1,0),(40024,399,0,215,1,'MUKADDEM',1,0),(40025,399,0,215,1,'PAZARKAŞI',1,0),(40026,399,0,215,1,'SARAY',1,0),(40027,399,0,215,1,'SARICALAR',1,0),(40028,399,0,215,1,'SAY',1,0),(40029,399,0,215,1,'SAYAĞZI',1,0),(40030,399,0,215,1,'TOROS',1,0),(40031,399,0,215,1,'YENİ',1,0),(40032,399,0,215,1,'KABASAKALLI',1,0),(40067,400,0,215,1,'AKŞEMSETTİN',1,0),(40068,400,0,215,1,'ALTAYLILAR',1,0),(40069,400,0,215,1,'ANIT',1,0),(40070,400,0,215,1,'BAĞLAR',1,0),(40071,400,0,215,1,'BAHÇE',1,0),(40072,400,0,215,1,'BARBAROS',1,0),(40073,400,0,215,1,'BEYDEĞİRMENİ',1,0),(40074,400,0,215,1,'CAMİNUR',1,0),(40075,400,0,215,1,'CUMHURİYET',1,0),(40076,400,0,215,1,'ÇAĞLAYAN',1,0),(40077,400,0,215,1,'DUATEPE',1,0),(40078,400,0,215,1,'ERGENEKON',1,0),(40079,400,0,215,1,'ESKİ ÖMERLİ',1,0),(40080,400,0,215,1,'FAHRETTİN PAŞA',1,0),(40081,400,0,215,1,'FATİH',1,0),(40082,400,0,215,1,'FERAHİMŞALVUZ',1,0),(40083,400,0,215,1,'FEVZİ ÇAKMAK',1,0),(40084,400,0,215,1,'GAZİLER',1,0),(40085,400,0,215,1,'GAZİPAŞA',1,0),(40086,400,0,215,1,'GİRNE',1,0),(40087,400,0,215,1,'GÖZLÜKULE',1,0),(40088,400,0,215,1,'HÜRRİYET',1,0),(40089,400,0,215,1,'İSMETPAŞA',1,0),(40090,400,0,215,1,'KAVAKLI',1,0),(40091,400,0,215,1,'KEMALPAŞA',1,0),(40092,400,0,215,1,'KIRKLARSIRTI',1,0),(40093,400,0,215,1,'KIZILMURAT',1,0),(40094,400,0,215,1,'MİTHATPAŞA',1,0),(40096,400,0,215,1,'ÖĞRETMENLER',1,0),(40097,400,0,215,1,'REŞADİYE',1,0),(40098,400,0,215,1,'ŞAHİN',1,0),(40099,400,0,215,1,'ŞEHİTİSHAK',1,0),(40100,400,0,215,1,'ŞEHİTKERİM',1,0),(40101,400,0,215,1,'ŞEHİTLER TEPESİ',1,0),(40102,400,0,215,1,'ŞEHİTMUSTAFA',1,0),(40103,400,0,215,1,'TEKKE',1,0),(40104,400,0,215,1,'TOZKOPARAN ZAHİT',1,0),(40105,400,0,215,1,'YARBAY ŞEMSETTİN',1,0),(40106,400,0,215,1,'YENİ',1,0),(40107,400,0,215,1,'YENİ ÖMERLİ',1,0),(40108,400,0,215,1,'YEŞİL',1,0),(40109,400,0,215,1,'YEŞİLEVLER',1,0),(40110,400,0,215,1,'YEŞİLYURT',1,0),(40111,400,0,215,1,'YUNUS EMRE',1,0),(40112,400,0,215,1,'82EVLER',1,0),(40115,961,0,215,1,'EVCİ',1,0),(40116,961,0,215,1,'SARIİBRAHİMLİ',1,0),(40117,961,0,215,1,'BAĞCILAR İHSANİYE',1,0),(40118,961,0,215,1,'EVCİOSB',1,0),(40122,961,0,215,1,'ADNAN MENDERES',1,0),(40123,961,0,215,1,'BAHŞİŞ',1,0),(40124,961,0,215,1,'GAZİ',1,0),(40125,961,0,215,1,'KÖSELERLİ',1,0),(40126,961,0,215,1,'KULAK',1,0),(40127,961,0,215,1,'NACARLI',1,0),(40128,961,0,215,1,'BAĞLARBAŞI',1,0),(40129,961,0,215,1,'NACARLIOSB',1,0),(40139,401,0,215,1,'BURGAZADASI',1,0),(40140,401,0,215,1,'BÜYÜKADA-MADEN',1,0),(40141,401,0,215,1,'BÜYÜKADA-NİZAM',1,0),(40142,401,0,215,1,'HEYBELİADA',1,0),(40143,401,0,215,1,'KINALIADA',1,0),(40145,402,0,215,1,'MERKEZ',1,0),(40146,402,0,215,1,'AMBARLI',1,0),(40147,402,0,215,1,'DENIZKOSKLER',1,0),(40148,402,0,215,1,'CIHANGIR',1,0),(40149,402,0,215,1,'UNIVERSITE',1,0),(40150,402,0,215,1,'MUSTAFA KEMAL PASA',1,0),(40151,402,0,215,1,'GUMUSPALA',1,0),(40152,402,0,215,1,'FIRUZKOY',1,0),(40153,402,0,215,1,'YESILKENT',1,0),(40154,402,0,215,1,'TAHTAKALE',1,0),(40155,403,0,215,1,'BAĞLAR',1,0),(40156,403,0,215,1,'HÜRRİYET',1,0),(40157,403,0,215,1,'BARBAROS',1,0),(40158,403,0,215,1,'KAZIMKARABEKİR',1,0),(40159,403,0,215,1,'İNÖNÜ',1,0),(40160,403,0,215,1,'YILDIZTEPE',1,0),(40161,403,0,215,1,'YENİGÜN',1,0),(40162,403,0,215,1,'MERKEZ',1,0),(40163,403,0,215,1,'ÇINAR',1,0),(40164,403,0,215,1,'SANCAKTEPE',1,0),(40165,403,0,215,1,'YAVUZSELİM',1,0),(40166,403,0,215,1,'KİRAZLI',1,0),(40167,403,0,215,1,'YENİMAHALLE',1,0),(40168,403,0,215,1,'GÜNEŞLİ',1,0),(40169,403,0,215,1,'EVREN',1,0),(40170,403,0,215,1,'MAHMUTBEY',1,0),(40171,403,0,215,1,'DEMİRKAPI',1,0),(40172,403,0,215,1,'FATİH',1,0),(40173,403,0,215,1,'FEVZİÇAKMAK',1,0),(40174,403,0,215,1,'KEMALPAŞA',1,0),(40175,403,0,215,1,'GÖZTEPE',1,0),(40176,403,0,215,1,'100.YIL',1,0),(40177,404,0,215,1,'BAHÇELİEVLER',1,0),(40178,404,0,215,1,'ŞİRİNEVLER',1,0),(40179,404,0,215,1,'SİYAVUŞPAŞA',1,0),(40180,404,0,215,1,'SOĞANLI',1,0),(40181,404,0,215,1,'CUMHURİYET',1,0),(40182,404,0,215,1,'KOCASİNAN_MERKEZ',1,0),(40183,404,0,215,1,'YENİBOSNA_MERKEZ',1,0),(40184,404,0,215,1,'ÇOBANÇEŞME',1,0),(40185,404,0,215,1,'FEVZİÇAKMAK',1,0),(40186,404,0,215,1,'ZAFER',1,0),(40187,404,0,215,1,'HÜRRİYET',1,0),(40188,405,0,215,1,'OSMANİYE',1,0),(40189,405,0,215,1,'YEŞİLKÖY',1,0),(40190,405,0,215,1,'YENİMAHALLE',1,0),(40191,405,0,215,1,'SAKIZAĞACI',1,0),(40192,405,0,215,1,'CEVİZLİK',1,0),(40193,405,0,215,1,'ZEYTİNLİK',1,0),(40194,405,0,215,1,'ATAKÖY 2-5-6.',1,0),(40195,405,0,215,1,'YEŞİLYURT',1,0),(40196,405,0,215,1,'ATAKÖY 7-8-9-10.',1,0),(40197,405,0,215,1,'KARTALTEPE',1,0),(40198,405,0,215,1,'ZUHURATBABA',1,0),(40199,405,0,215,1,'ŞENLİKKÖY',1,0),(40200,405,0,215,1,'BASINKÖY',1,0),(40201,405,0,215,1,'ATAKÖY 3-4-11.',1,0),(40202,405,0,215,1,'ATAKÖY 1.',1,0),(40203,406,0,215,1,'CEVATPAŞA',1,0),(40204,406,0,215,1,'ORTAMAHALLE',1,0),(40205,406,0,215,1,'VATAN',1,0),(40206,406,0,215,1,'TERAZİDERE',1,0),(40207,406,0,215,1,'ALTINTEPSİ',1,0),(40208,406,0,215,1,'YENİDOĞAN',1,0),(40209,406,0,215,1,'İSMET PAŞA',1,0),(40210,406,0,215,1,'YILDIRIM',1,0),(40211,406,0,215,1,'KARTALTEPE',1,0),(40212,406,0,215,1,'KOCATEPE',1,0),(40213,406,0,215,1,'MURATPAŞA',1,0),(40214,407,0,215,1,'VİŞNEZADE',1,0),(40215,407,0,215,1,'SİNANPAŞA',1,0),(40216,407,0,215,1,'MURADİYE',1,0),(40217,407,0,215,1,'CIHANNUMA',1,0),(40218,407,0,215,1,'TÜRKALİ',1,0),(40219,407,0,215,1,'ABBASAĞA',1,0),(40220,407,0,215,1,'YILDIZ',1,0),(40221,407,0,215,1,'DİKİLİTAŞ',1,0),(40222,407,0,215,1,'GAYRETTEPE',1,0),(40223,407,0,215,1,'BALMUMCU',1,0),(40224,407,0,215,1,'MECİDİYE',1,0),(40225,407,0,215,1,'ORTAKÖY',1,0),(40226,407,0,215,1,'LEVAZIM',1,0),(40227,407,0,215,1,'ULUS',1,0),(40228,407,0,215,1,'KURUÇESME',1,0),(40229,407,0,215,1,'KÜLTÜR',1,0),(40230,407,0,215,1,'NİSBETİYE',1,0),(40231,407,0,215,1,'ARNAVUTKÖY',1,0),(40232,407,0,215,1,'BEBEK',1,0),(40233,407,0,215,1,'ETİLER',1,0),(40234,407,0,215,1,'AKAT',1,0),(40235,407,0,215,1,'LEVENT',1,0),(40236,407,0,215,1,'KONAKLAR',1,0),(40237,408,0,215,1,'GÜMÜŞSUYU',1,0),(40238,408,0,215,1,'İNCİRKÖY',1,0),(40239,408,0,215,1,'PAŞABAHÇE',1,0),(40240,408,0,215,1,'ÇİĞDEM',1,0),(40241,408,0,215,1,'ÇUBUKLU',1,0),(40242,408,0,215,1,'KANLICA',1,0),(40243,408,0,215,1,'ANADOLU HİSARI',1,0),(40244,408,0,215,1,'GÖKSU',1,0),(40245,408,0,215,1,'YENİ MAHALLE',1,0),(40246,408,0,215,1,'GÖZTEPE',1,0),(40247,408,0,215,1,'KAVACIK',1,0),(40248,408,0,215,1,'RÜZGARLIBAHÇE',1,0),(40249,408,0,215,1,'SOĞUKSU',1,0),(40250,408,0,215,1,'ACARLAR',1,0),(40251,408,0,215,1,'MERKEZ',1,0),(40252,408,0,215,1,'YALIKÖY',1,0),(40253,408,0,215,1,'ÇAMLIBAHÇE',1,0),(40254,408,0,215,1,'ORTAÇEŞME',1,0),(40255,408,0,215,1,'TOKATKÖY',1,0),(40256,408,0,215,1,'ANADOLU KAVAĞI',1,0),(40257,408,0,215,1,'BAKLACI',1,0),(40258,408,0,215,1,'ÇENGELDERE',1,0),(40259,408,0,215,1,'ÇİFTLİK',1,0),(40260,408,0,215,1,'FATİH',1,0),(40261,408,0,215,1,'YAVUZ SELİM',1,0),(40262,409,0,215,1,'FETİHTEPE ',1,0),(40263,409,0,215,1,'PİYALEPAŞA ',1,0),(40264,409,0,215,1,'KAPTANPAŞA ',1,0),(40265,409,0,215,1,'YENİŞEHİR ',1,0),(40266,409,0,215,1,'KULAKSIZ ',1,0),(40267,409,0,215,1,'KADI MEHMET ',1,0),(40268,409,0,215,1,'KÜÇÜK PİYALE ',1,0),(40269,409,0,215,1,'EMEKYEMEZ ',1,0),(40270,409,0,215,1,'KALYONCU KULLUĞU',1,0),(40271,409,0,215,1,'KAMER HATUN ',1,0),(40272,409,0,215,1,'HÜSEYİNAĞA ',1,0),(40273,409,0,215,1,'ŞEHİT MUHTAR ',1,0),(40274,409,0,215,1,'KATİP MUSTAFA ÇELEBİ ',1,0),(40275,409,0,215,1,'CİHANGİR ',1,0),(40276,409,0,215,1,'FİRUZAĞA ',1,0),(40277,409,0,215,1,'KOCATEPE ',1,0),(40278,409,0,215,1,'GÜMÜŞSUYU ',1,0),(40279,409,0,215,1,'İSTİKLAL ',1,0),(40280,409,0,215,1,'HACIAHMET ',1,0),(40281,409,0,215,1,'ASMALI MESCİT ',1,0),(40282,409,0,215,1,'EVLİYA ÇELEBİ ',1,0),(40283,409,0,215,1,'ÇATMA MESCİT ',1,0),(40284,409,0,215,1,'ŞAHKULU ',1,0),(40285,409,0,215,1,'HACIMİMİ ',1,0),(40286,409,0,215,1,'MÜEYYEDZADE ',1,0),(40287,409,0,215,1,'TOMTOM ',1,0),(40288,409,0,215,1,'KULOĞLU ',1,0),(40289,409,0,215,1,'SURURİ MEHMET EFENDİ ',1,0),(40290,409,0,215,1,'YAHYA KAHYA ',1,0),(40291,409,0,215,1,'BOSTAN ',1,0),(40292,409,0,215,1,'BÜLBÜL ',1,0),(40293,409,0,215,1,'ÇUKUR ',1,0),(40294,409,0,215,1,'ÖMER AVNİ ',1,0),(40295,409,0,215,1,'PÜRTELAŞ HASAN EFENDİ ',1,0),(40296,409,0,215,1,'KILIÇALİ PAŞA ',1,0),(40297,409,0,215,1,'KEMANKEŞ KARAMUSTAFA PAŞA ',1,0),(40298,409,0,215,1,'BEREKETZADE ',1,0),(40299,409,0,215,1,'ARAP CAMİ ',1,0),(40300,409,0,215,1,'BEDRETTİN ',1,0),(40301,409,0,215,1,'CAMİİKEBİR ',1,0),(40302,409,0,215,1,'KEÇECİ PİRİ ',1,0),(40303,409,0,215,1,'PİRİ PAŞA ',1,0),(40304,409,0,215,1,'HALICIOĞLU ',1,0),(40305,409,0,215,1,'ÖRNEKTEPE ',1,0),(40306,409,0,215,1,'SÜTLÜCE ',1,0),(40307,413,0,215,1,'ALEMDAR',1,0),(40308,413,0,215,1,'BALABANAĞA',1,0),(40309,413,0,215,1,'BEYAZIT',1,0),(40310,413,0,215,1,'BİNBİRDİREK',1,0),(40311,413,0,215,1,'CANKURTARAN',1,0),(40312,413,0,215,1,'DEMİRTAŞ',1,0),(40313,413,0,215,1,'EMİN SİNAN',1,0),(40314,413,0,215,1,'HACI KADIN',1,0),(40315,413,0,215,1,'HOBYAR',1,0),(40316,413,0,215,1,'HOCA GIYASETTİN',1,0),(40317,413,0,215,1,'HOCA PAŞA',1,0),(40318,413,0,215,1,'KEMAL PAŞA',1,0),(40319,413,0,215,1,'KALENDERHANE',1,0),(40320,413,0,215,1,'KATİP KASIM',1,0),(40321,413,0,215,1,'KÜÇÜK AYASOFYA',1,0),(40322,413,0,215,1,'MERCAN',1,0),(40323,413,0,215,1,'MESİH PAŞA',1,0),(40324,413,0,215,1,'MİMAR HAYRETTİN',1,0),(40325,413,0,215,1,'MİMAR KEMALETTİN',1,0),(40326,413,0,215,1,'MOLLAFENARİ',1,0),(40327,413,0,215,1,'MOLLAHÜSREV',1,0),(40328,413,0,215,1,'MUHSİNE HATUN',1,0),(40329,413,0,215,1,'NİŞANCA',1,0),(40330,413,0,215,1,'RÜSTEM PAŞA',1,0),(40331,413,0,215,1,'SARAÇ İSHAK',1,0),(40332,413,0,215,1,'SARIDEMİR',1,0),(40333,413,0,215,1,'SULTAN AHMET',1,0),(40334,413,0,215,1,'SURURİ',1,0),(40335,413,0,215,1,'SÜLEYMANİYE',1,0),(40336,413,0,215,1,'ŞEHSUVAR BEY',1,0),(40337,413,0,215,1,'TAHTAKALE',1,0),(40338,413,0,215,1,'TAYA HATUN',1,0),(40339,413,0,215,1,'YAVUZ SİNAN',1,0),(40340,411,0,215,1,'ÇİFTE HAVUZLAR',1,0),(40341,411,0,215,1,'MİMAR SİNAN',1,0),(40342,411,0,215,1,'DAVUT PAŞA',1,0),(40343,411,0,215,1,'NİNE HATUN',1,0),(40344,411,0,215,1,'NAMIK KEMAL',1,0),(40345,411,0,215,1,'FEVZİ ÇAKMAK',1,0),(40346,411,0,215,1,'KAZIM KARABEKİR',1,0),(40347,411,0,215,1,'MENDERES',1,0),(40348,411,0,215,1,'BİRLİK',1,0),(40349,411,0,215,1,'YAVUZ SELİM',1,0),(40350,411,0,215,1,'FATİH',1,0),(40351,411,0,215,1,'TUNA',1,0),(40352,411,0,215,1,'KEMER',1,0),(40353,411,0,215,1,'TURGUT REİS',1,0),(40354,411,0,215,1,'HAVAALANI',1,0),(40355,411,0,215,1,'ORUÇREİS',1,0),(40356,952,0,215,1,'ESKİ HABİPLER',1,0),(40357,947,0,215,1,'BAŞAK',1,0),(40358,412,0,215,1,'AKŞEMSETTİN',1,0),(40359,412,0,215,1,'ALİBEYKÖY',1,0),(40360,412,0,215,1,'ÇIRÇIR',1,0),(40361,412,0,215,1,'DEFTERDAR',1,0),(40362,412,0,215,1,'DÜĞMECİLER',1,0),(40363,412,0,215,1,'EMNiYETTEPE',1,0),(40364,412,0,215,1,'ESENTEPE',1,0),(40365,412,0,215,1,'EYÜP MERKEZ',1,0),(40366,412,0,215,1,'GÜZELTEPE',1,0),(40367,412,0,215,1,'İSLAMBEY',1,0),(40368,412,0,215,1,'KARADOLAP',1,0),(40369,412,0,215,1,'MİMARSİNAN',1,0),(40370,412,0,215,1,'MİTHATPAŞA',1,0),(40371,412,0,215,1,'NİŞANCI',1,0),(40372,412,0,215,1,'RAMİ CUMA',1,0),(40373,412,0,215,1,'RAMİ YENİ',1,0),(40374,412,0,215,1,'SAKARYA',1,0),(40375,412,0,215,1,'SİLAHTARAĞA',1,0),(40376,412,0,215,1,'TOPÇULAR',1,0),(40377,952,0,215,1,'YAYLA',1,0),(40378,412,0,215,1,'YEŞİLPINAR',1,0),(40379,412,0,215,1,'GÖKTÜRK MERKEZ',1,0),(40387,413,0,215,1,'SEYYİD ÖMER',1,0),(40390,413,0,215,1,'KOCAMUSTAFAPAŞA',1,0),(40397,413,0,215,1,'İSKENDERPAŞA',1,0),(40422,413,0,215,1,'DERVİŞALİ',1,0),(40449,414,0,215,1,'YILDIZTABYA',1,0),(40450,414,0,215,1,'PAZARİÇİ',1,0),(40451,414,0,215,1,'KARLITEPE',1,0),(40452,414,0,215,1,'YENİDOĞAN',1,0),(40453,414,0,215,1,'SARIGÖL',1,0),(40454,414,0,215,1,'BAĞLARBAŞI',1,0),(40455,414,0,215,1,'MERKEZ',1,0),(40456,414,0,215,1,'ŞEMSİPAŞA',1,0),(40457,414,0,215,1,'FEVZİ ÇAKMAK',1,0),(40458,414,0,215,1,'HÜRRİYET',1,0),(40459,414,0,215,1,'BARBAROS HAYRETTİNPAŞA',1,0),(40460,414,0,215,1,'YENİ',1,0),(40461,414,0,215,1,'KAZIM KARABEKİR',1,0),(40462,414,0,215,1,'MEVLANA',1,0),(40463,414,0,215,1,'KARAYOLLARI',1,0),(40464,414,0,215,1,'KARADENİZ',1,0),(40465,952,0,215,1,'CUMHURİYET',1,0),(40466,952,0,215,1,'YUNUS EMRE',1,0),(40467,952,0,215,1,'75. YIL',1,0),(40468,952,0,215,1,'ZÜBEYDE HANIM',1,0),(40469,952,0,215,1,'GAZİ',1,0),(40470,952,0,215,1,'ESENTEPE',1,0),(40471,952,0,215,1,'50.YIL',1,0),(40472,952,0,215,1,'SULTANÇİFTLİĞİ',1,0),(40473,952,0,215,1,'UĞUR MUMCU',1,0),(40474,952,0,215,1,'CEBECİ',1,0),(40475,952,0,215,1,'İSMETPAŞA',1,0),(40476,952,0,215,1,'MALKOÇOĞLU',1,0),(40477,952,0,215,1,'HABİPLER',1,0),(40478,945,0,215,1,'ARNAVUTKÖY MERKEZ',1,0),(40479,945,0,215,1,'İSLAMBEY',1,0),(40480,945,0,215,1,'YAVUZ SELİM',1,0),(40481,945,0,215,1,'İMRAHOR',1,0),(40482,945,0,215,1,'BOĞAZKÖY ATATÜRK',1,0),(40483,945,0,215,1,'BOĞAZKÖY İSTİKLAL',1,0),(40484,945,0,215,1,'BOĞAZKÖY MERKEZ',1,0),(40485,945,0,215,1,'MAVİGÖL',1,0),(40486,945,0,215,1,'HİCRET',1,0),(40487,945,0,215,1,'BOLLUCA MERKEZ',1,0),(40488,945,0,215,1,'KARLIBAYIR',1,0),(40489,945,0,215,1,'HARAÇÇI MERKEZ',1,0),(40490,945,0,215,1,'ADNAN MENDERES',1,0),(40491,945,0,215,1,'MEHMET AKİF ERSOY',1,0),(40492,945,0,215,1,'TAŞOLUK',1,0),(40493,945,0,215,1,'M.FEVZİ ÇAKMAK',1,0),(40494,945,0,215,1,'ÇİLİNGİR',1,0),(40495,945,0,215,1,'FATİH ',1,0),(40496,415,0,215,1,'MERKEZ',1,0),(40497,415,0,215,1,'AKINCILAR',1,0),(40498,415,0,215,1,'GENÇOSMAN',1,0),(40499,415,0,215,1,'GÜNEŞTEPE',1,0),(40500,415,0,215,1,'GÜVEN',1,0),(40501,415,0,215,1,'HAZNEDAR',1,0),(40502,415,0,215,1,'MAREŞAL ÇAKMAK',1,0),(40503,415,0,215,1,'SANAYİ',1,0),(40504,415,0,215,1,'ABDURRAHMAN NAFİZ GÜRMAN',1,0),(40505,415,0,215,1,'TOZKOPARAN',1,0),(40506,415,0,215,1,'MEHMET NESİH ÖZMEN',1,0),(40507,416,0,215,1,'RASİMPAŞA',1,0),(40508,416,0,215,1,'KOŞUYOLU',1,0),(40509,416,0,215,1,'ACIBADEM',1,0),(40510,416,0,215,1,'HASANPAŞA',1,0),(40511,416,0,215,1,'OSMANAĞA',1,0),(40512,416,0,215,1,'CAFERAĞA',1,0),(40513,416,0,215,1,'ZÜHTÜPAŞA',1,0),(40514,416,0,215,1,'FENERBAHÇE',1,0),(40515,416,0,215,1,'FENERYOLU',1,0),(40516,416,0,215,1,'EĞİTİM',1,0),(40517,416,0,215,1,'FİKİRTEPE',1,0),(40518,416,0,215,1,'DUMLUPINAR',1,0),(40519,416,0,215,1,'MERDİVENKÖY',1,0),(40520,416,0,215,1,'GÖZTEPE',1,0),(40521,416,0,215,1,'CADDEBOSTAN',1,0),(40522,416,0,215,1,'SUADİYE',1,0),(40523,416,0,215,1,'BOSTANCI',1,0),(40524,416,0,215,1,'ERENKÖY',1,0),(40525,416,0,215,1,'SAHRAYI CEDİT',1,0),(40526,946,0,215,1,'YENİ SAHRA',1,0),(40527,946,0,215,1,'BARBAROS',1,0),(40528,416,0,215,1,'19 MAYIS',1,0),(40529,416,0,215,1,'KOZYATAĞI',1,0),(40530,946,0,215,1,'İÇERENKÖY',1,0),(40531,946,0,215,1,'KÜÇÜKBAKKALKÖY',1,0),(40533,946,0,215,1,'KAYIŞDAĞI',1,0),(40534,946,0,215,1,'İNÖNÜ',1,0),(40535,417,0,215,1,'ÇAĞLAYAN',1,0),(40536,417,0,215,1,'ÇELİKTEPE',1,0),(40537,417,0,215,1,'EMNİYETEVLERİ',1,0),(40538,417,0,215,1,'GÜLTEPE',1,0),(40539,417,0,215,1,'GÜRSEL',1,0),(40540,417,0,215,1,'HARMANTEPE',1,0),(40541,417,0,215,1,'HAMİDİYE',1,0),(40542,417,0,215,1,'HÜRRİYET',1,0),(40543,417,0,215,1,'MERKEZ',1,0),(40544,417,0,215,1,'MEHMET AKİF ERSOY',1,0),(40545,417,0,215,1,'NURTEPE',1,0),(40546,417,0,215,1,'ORTABAYIR',1,0),(40547,417,0,215,1,'SANAYİ',1,0),(40548,417,0,215,1,'SEYRANTEPE',1,0),(40549,417,0,215,1,'ŞİRİNTEPE',1,0),(40550,417,0,215,1,'TALATPAŞA',1,0),(40551,417,0,215,1,'TELSİZLER',1,0),(40552,417,0,215,1,'YAHYAKEMAL',1,0),(40553,417,0,215,1,'YEŞİLCE',1,0),(40554,418,0,215,1,'ATALAR',1,0),(40555,418,0,215,1,'CEVİZLİ',1,0),(40556,418,0,215,1,'CUMHURİYET',1,0),(40557,418,0,215,1,'ÇARŞI',1,0),(40558,418,0,215,1,'ÇAVUŞOĞLU',1,0),(40559,418,0,215,1,'ESENTEPE',1,0),(40560,418,0,215,1,'GÜMÜŞPINAR',1,0),(40561,418,0,215,1,'HÜRRİYET',1,0),(40562,418,0,215,1,'KARLIKTEPE',1,0),(40563,418,0,215,1,'KORDONBOYU',1,0),(40564,418,0,215,1,'ORHANTEPE',1,0),(40565,418,0,215,1,'ORTA',1,0),(40566,418,0,215,1,'PETROLİŞ',1,0),(40567,418,0,215,1,'SOĞANLIK YENİ',1,0),(40568,418,0,215,1,'TOPSELVİ',1,0),(40569,418,0,215,1,'UĞURMUMCU',1,0),(40570,418,0,215,1,'YAKACIK YENİ',1,0),(40571,418,0,215,1,'YALI',1,0),(40572,418,0,215,1,'YUKARI',1,0),(40573,418,0,215,1,'YUNUS',1,0),(40574,951,0,215,1,'VEYSEL KARANİ',1,0),(40575,951,0,215,1,'AKPINAR',1,0),(40576,951,0,215,1,'FATIH',1,0),(40577,946,0,215,1,'ATAŞEHİR FERHATPAŞA',1,0),(40578,951,0,215,1,'EYÜP SULTAN',1,0),(40579,951,0,215,1,'ABDURRAHMANGAZİ',1,0),(40580,951,0,215,1,'OSMANGAZİ',1,0),(40581,947,0,215,1,'BAŞAKŞEHİR',1,0),(40582,419,0,215,1,'ATAKENT',1,0),(40583,947,0,215,1,'KAYABAŞI',1,0),(40584,947,0,215,1,'ŞAHİNTEPE',1,0),(40585,947,0,215,1,'ZİYAGÖKALP',1,0),(40586,419,0,215,1,'MEHMETAKİF',1,0),(40587,419,0,215,1,'SÖĞÜTLÜ ÇEŞME',1,0),(40588,419,0,215,1,'KARTALTEPE',1,0),(40589,419,0,215,1,'GÜLTEPE',1,0),(40590,419,0,215,1,'HALKALI MERKEZ',1,0),(40591,419,0,215,1,'ATATÜRK',1,0),(40592,419,0,215,1,'İNÖNÜ',1,0),(40593,419,0,215,1,'TEVFİK BEY',1,0),(40594,419,0,215,1,'KEMALPAŞA',1,0),(40595,419,0,215,1,'SULTAN MURAT',1,0),(40596,419,0,215,1,'FEVZİ ÇAKMAK',1,0),(40597,947,0,215,1,'GÜVERCİNTEPE',1,0),(40598,947,0,215,1,'ALTINŞEHİR',1,0),(40599,419,0,215,1,'YARIMBURGAZ',1,0),(40600,419,0,215,1,'YENİ MAHALLE',1,0),(40601,419,0,215,1,'CUMHURİYET',1,0),(40602,419,0,215,1,'YEŞİLOVA',1,0),(40603,419,0,215,1,'BEŞYOL',1,0),(40604,419,0,215,1,'KANARYA',1,0),(40605,419,0,215,1,'İSTASYON',1,0),(40606,419,0,215,1,'FATİH',1,0),(40607,419,0,215,1,'CENNET',1,0),(40608,420,0,215,1,'ÇINAR',1,0),(40609,420,0,215,1,'İDEALTEPE',1,0),(40610,420,0,215,1,'FEYZULLAH',1,0),(40611,420,0,215,1,'KÜÇÜKYALI',1,0),(40612,420,0,215,1,'ALTAYÇEŞME',1,0),(40613,420,0,215,1,'ALTINTEPE',1,0),(40614,420,0,215,1,'CEVİZLİ',1,0),(40615,420,0,215,1,'BAĞLARBAŞI',1,0),(40616,420,0,215,1,'YALI',1,0),(40617,420,0,215,1,'AYDINEVLER',1,0),(40618,420,0,215,1,'GİRNE',1,0),(40619,420,0,215,1,'FINDIKLI',1,0),(40620,420,0,215,1,'ESENKENT',1,0),(40621,420,0,215,1,'GÜLSUYU',1,0),(40622,420,0,215,1,'GÜLENSU',1,0),(40623,420,0,215,1,'ZÜMRÜTEVLER',1,0),(40624,420,0,215,1,'BÜYÜKBAKKALKÖY',1,0),(40625,420,0,215,1,'BAŞIBÜYÜK',1,0),(40626,421,0,215,1,'DUMLUPINAR',1,0),(40627,421,0,215,1,'DOĞU',1,0),(40628,421,0,215,1,'BAHÇELİEVLER',1,0),(40629,421,0,215,1,'FEVZİ ÇAKMAK',1,0),(40630,421,0,215,1,'ŞEYHLİ',1,0),(40631,421,0,215,1,'KAYNARCA',1,0),(40632,421,0,215,1,'AHMET YESEVİ',1,0),(40633,421,0,215,1,'BATI',1,0),(40634,421,0,215,1,'GÜZELYALI',1,0),(40635,421,0,215,1,'ERTUĞRUL GAZİ',1,0),(40636,421,0,215,1,'HARMANDERE',1,0),(40637,421,0,215,1,'SAPAN BAĞLARI',1,0),(40638,421,0,215,1,'ESENLER',1,0),(40639,421,0,215,1,'RAMAZANOĞLU',1,0),(40640,421,0,215,1,'GÜLLÜ BAĞLAR',1,0),(40641,421,0,215,1,'YAYALAR',1,0),(40642,421,0,215,1,'VELİBABA',1,0),(40643,421,0,215,1,'ESENYALI',1,0),(40644,421,0,215,1,'ÇINARDERE',1,0),(40645,421,0,215,1,'ORTA',1,0),(40646,421,0,215,1,'KAVAKPINAR',1,0),(40647,421,0,215,1,'FATİH',1,0),(40648,421,0,215,1,'YEŞİLBAĞLAR',1,0),(40649,421,0,215,1,'ÇAMÇEŞME',1,0),(40650,421,0,215,1,'ORHANGAZİ',1,0),(40651,421,0,215,1,'SANAYİ',1,0),(40652,421,0,215,1,'YENİ MAHALLE',1,0),(40653,421,0,215,1,'YENİŞEHİR',1,0),(40654,421,0,215,1,'KURTKÖY',1,0),(40655,421,0,215,1,'SÜLÜNTEPE',1,0),(40656,421,0,215,1,'ÇAMLIK',1,0),(40657,422,0,215,1,'BALTALİMANI',1,0),(40658,422,0,215,1,'BÜYÜKDERE',1,0),(40659,422,0,215,1,'CUMHURİYET',1,0),(40660,422,0,215,1,'ÇAMLITEPE',1,0),(40661,422,0,215,1,'ÇAYIRBAŞI',1,0),(40662,422,0,215,1,'DARÜŞŞAFAKA',1,0),(40663,422,0,215,1,'EMİRGAN',1,0),(40664,422,0,215,1,'FATİH SULTAN MEHMET',1,0),(40665,422,0,215,1,'FERAHEVLER',1,0),(40666,422,0,215,1,'İSTİNYE',1,0),(40667,422,0,215,1,'KAZIM KARABEKİR PAŞA',1,0),(40668,422,0,215,1,'KİREÇBURNU',1,0),(40669,422,0,215,1,'KOCATAŞ',1,0),(40670,422,0,215,1,'MADEN',1,0),(40671,422,0,215,1,'MERKEZ',1,0),(40672,422,0,215,1,'PINAR',1,0),(40673,422,0,215,1,'POLİGON',1,0),(40674,422,0,215,1,'PTTEVLERİ',1,0),(40675,422,0,215,1,'REŞİTPAŞA',1,0),(40676,422,0,215,1,'RUMELİ HİSARI',1,0),(40677,422,0,215,1,'RUMELİ KAVAĞI',1,0),(40678,422,0,215,1,'TARABYA',1,0),(40679,422,0,215,1,'YENİ',1,0),(40680,422,0,215,1,'YENİKÖY',1,0),(40681,422,0,215,1,'DERBENT',1,0),(40682,422,0,215,1,'BAHÇEKÖY MERKEZ',1,0),(40683,422,0,215,1,'BAHÇEKÖY YENİ',1,0),(40684,422,0,215,1,'KEMER',1,0),(40685,423,0,215,1,'19.MAYIS',1,0),(40686,423,0,215,1,'AYAZAĞA',1,0),(40687,423,0,215,1,'BOZKURT',1,0),(40688,423,0,215,1,'CUMHURİYET',1,0),(40689,423,0,215,1,'DUATEPE',1,0),(40690,423,0,215,1,'ERGENEKON',1,0),(40691,423,0,215,1,'ESENTEPE',1,0),(40692,423,0,215,1,'ESKİŞEHİR',1,0),(40693,423,0,215,1,'FERİKÖY',1,0),(40694,423,0,215,1,'FULYA',1,0),(40695,423,0,215,1,'GÜLBAHAR',1,0),(40696,423,0,215,1,'H.EDİP ADIVAR',1,0),(40697,423,0,215,1,'H.RIFAT PAŞA',1,0),(40698,423,0,215,1,'HALASKARGAZİ',1,0),(40699,423,0,215,1,'HARBİYE',1,0),(40700,423,0,215,1,'HUZUR',1,0),(40701,423,0,215,1,'KAPTAN PAŞA',1,0),(40702,423,0,215,1,'KUŞTEPE',1,0),(40703,423,0,215,1,'M.ŞEVKET PAŞA',1,0),(40704,423,0,215,1,'MASLAK',1,0),(40705,423,0,215,1,'MECİDİYEKÖY',1,0),(40706,423,0,215,1,'MERKEZ',1,0),(40707,423,0,215,1,'MEŞRUTİYET',1,0),(40708,423,0,215,1,'PAŞA',1,0),(40709,423,0,215,1,'TEŞVİKİYE',1,0),(40710,423,0,215,1,'YAYLA',1,0),(40711,423,0,215,1,'İNÖNÜ',1,0),(40712,423,0,215,1,'İZZETPAŞA',1,0),(40713,424,0,215,1,'AYDINLI - TMOSB',1,0),(40714,424,0,215,1,'AYDINLI - BOYA VERNİK OSB',1,0),(40715,424,0,215,1,'YAYLA',1,0),(40716,424,0,215,1,'İÇMELER',1,0),(40717,424,0,215,1,'AYDINTEPE',1,0),(40718,424,0,215,1,'EVLİYA ÇELEBİ',1,0),(40719,424,0,215,1,'POSTANE',1,0),(40720,424,0,215,1,'AYDINLI',1,0),(40721,424,0,215,1,'MİMAR SİNAN',1,0),(40722,424,0,215,1,'ŞİFA',1,0),(40723,424,0,215,1,'İSTASYON',1,0),(40724,424,0,215,1,'CAMİ',1,0),(40725,424,0,215,1,'FIRAT ',1,0),(40726,424,0,215,1,'TEPEOREN',1,0),(40727,424,0,215,1,'TEPEOREN İTOSB',1,0),(40728,424,0,215,1,'ORHANLI MERKEZ',1,0),(40729,424,0,215,1,'ORTA ',1,0),(40730,424,0,215,1,'ANADOLU',1,0),(40731,424,0,215,1,'FATİH',1,0),(40732,424,0,215,1,'MESCİT',1,0),(40734,425,0,215,1,'DUDULLU OSB',1,0),(40735,425,0,215,1,'ATATÜRK',1,0),(40736,425,0,215,1,'NAMIK KEMAL',1,0),(40737,425,0,215,1,'İNKILAP',1,0),(40738,425,0,215,1,'ÇAKMAK',1,0),(40739,425,0,215,1,'İSTİKLAL',1,0),(40740,946,0,215,1,'MUSTAFA KEMAL',1,0),(40741,425,0,215,1,'YUKARI DUDULLU',1,0),(40742,425,0,215,1,'AŞAĞI DUDULLU',1,0),(40743,425,0,215,1,'KAZIM KARABEKİR',1,0),(40744,425,0,215,1,'HEKİMBAŞI',1,0),(40745,425,0,215,1,'IHLAMURKUYU',1,0),(40746,946,0,215,1,'YENİ ÇAMLICA',1,0),(40747,425,0,215,1,'ESENŞEHİR',1,0),(40748,425,0,215,1,'ATAKENT',1,0),(40749,949,0,215,1,'ALEMDAĞ MERKEZ',1,0),(40750,949,0,215,1,'ALEMDAĞ CATALMESE',1,0),(40751,949,0,215,1,'ALEMDAĞ EKSIOGLU',1,0),(40752,949,0,215,1,'ALEMDAĞ NISANTEPE',1,0),(40753,949,0,215,1,'ÇAMLIK',1,0),(40754,949,0,215,1,'HAMİDİYE',1,0),(40755,949,0,215,1,'MEHMET AKİF',1,0),(40756,949,0,215,1,'MERKEZ ÇEKMEKÖY',1,0),(40757,949,0,215,1,'MİMAR SİNAN',1,0),(40758,949,0,215,1,'ÖMERLİ MERKEZ',1,0),(40759,951,0,215,1,'EMEK',1,0),(40760,951,0,215,1,'İNÖNÜ',1,0),(40761,951,0,215,1,'KEMAL TÜRKLER',1,0),(40762,951,0,215,1,'MECLİS',1,0),(40763,951,0,215,1,'SARIGAZİ MERKEZ',1,0),(40764,949,0,215,1,'TAŞDELEN SULTANÇİFTLİĞİ',1,0),(40765,949,0,215,1,'TAŞDELEN ÇAMLIK ',1,0),(40766,949,0,215,1,'TAŞDELEN AYDINLAR',1,0),(40767,949,0,215,1,'TAŞDELEN SOĞUKPINAR',1,0),(40768,949,0,215,1,'TAŞDELEN GÜNGÖREN',1,0),(40769,949,0,215,1,'TAŞDELEN CUMHURİYET',1,0),(40770,949,0,215,1,'TAŞDELEN KİRAZLIDERE',1,0),(40771,951,0,215,1,'SAFA',1,0),(40772,951,0,215,1,'YUNUSEMRE',1,0),(40773,951,0,215,1,'MEVLANA',1,0),(40774,951,0,215,1,'YENİDOĞAN',1,0),(40775,951,0,215,1,'MERVE',1,0),(40776,951,0,215,1,'HİLAL',1,0),(40778,426,0,215,1,'ACIBADEM',1,0),(40781,426,0,215,1,'ALTUNIZADE ',1,0),(40785,426,0,215,1,'BAHÇELIEVLER ',1,0),(40786,426,0,215,1,'BARBAROS ',1,0),(40787,426,0,215,1,'BEYLERBEYI ',1,0),(40788,426,0,215,1,'BULGURLU ',1,0),(40789,426,0,215,1,'BURHANIYE ',1,0),(40790,426,0,215,1,'CUMHURIYET ',1,0),(40793,946,0,215,1,'ESATPASA ',1,0),(40794,426,0,215,1,'FERAH ',1,0),(40795,946,0,215,1,'FETIH ',1,0),(40797,426,0,215,1,'GÜZELTEPE ',1,0),(40802,426,0,215,1,'ICADIYE ',1,0),(40804,426,0,215,1,'SALACAK ',1,0),(40806,426,0,215,1,'KANDILLI ',1,0),(40808,426,0,215,1,'KIRAZLITEPE ',1,0),(40809,426,0,215,1,'KISIKLI ',1,0),(40810,426,0,215,1,'KULELI ',1,0),(40811,426,0,215,1,'KUZGUNCUK ',1,0),(40812,426,0,215,1,'KÜÇÜKSU ',1,0),(40813,426,0,215,1,'KÜPLÜCE ',1,0),(40814,426,0,215,1,'MEHMET AKIF ERSOY ',1,0),(40815,426,0,215,1,'MURAT REIS ',1,0),(40816,946,0,215,1,'ÖRNEK ',1,0),(40819,426,0,215,1,'SELAMI ALI ',1,0),(40820,426,0,215,1,'SELIMIYE ',1,0),(40827,426,0,215,1,'ÜNALAN ',1,0),(40828,426,0,215,1,'VALIDEI ATIK ',1,0),(40830,426,0,215,1,'YAVUZTÜRK ',1,0),(40831,427,0,215,1,'SÜMER',1,0),(40832,427,0,215,1,'NURİPAŞA',1,0),(40833,427,0,215,1,'YENİDOĞAN',1,0),(40834,427,0,215,1,'GÖKALP',1,0),(40835,427,0,215,1,'YEŞİLTEPE',1,0),(40836,427,0,215,1,'VELİEFENDİ',1,0),(40837,427,0,215,1,'ÇIRPICI',1,0),(40838,427,0,215,1,'BEŞTELSİZ',1,0),(40839,427,0,215,1,'TELSİZ',1,0),(40840,427,0,215,1,'KAZLIÇEŞME',1,0),(40841,427,0,215,1,'SEYİTNİZAM',1,0),(40842,427,0,215,1,'MERKEZEFENDİ',1,0),(40843,427,0,215,1,'MALTEPE',1,0),(40844,428,0,215,1,'ALKENT 2000',1,0),(40845,428,0,215,1,'ATATÜRK',1,0),(40846,428,0,215,1,'CUMHURIYET',1,0),(40847,428,0,215,1,'DIZDARIYE',1,0),(40848,428,0,215,1,'FATIH',1,0),(40849,428,0,215,1,'KARAAGAÇ',1,0),(40850,428,0,215,1,'19 MAYIS',1,0),(40851,950,0,215,1,'FATİH',1,0),(40852,950,0,215,1,'İNCİRTEPE',1,0),(40853,950,0,215,1,'İNÖNÜ',1,0),(40854,950,0,215,1,'MEHTERÇEŞME',1,0),(40855,950,0,215,1,'MERKEZ',1,0),(40856,950,0,215,1,'NAMIK KEMAL',1,0),(40857,950,0,215,1,'ÖRNEK',1,0),(40858,950,0,215,1,'SAADETDERE',1,0),(40859,950,0,215,1,'TALATPAŞA',1,0),(40860,950,0,215,1,'YENİKENT',1,0),(40861,950,0,215,1,'ARDIÇLI',1,0),(40862,950,0,215,1,'ESENKENT ',1,0),(40863,950,0,215,1,'SANAYİ',1,0),(40864,950,0,215,1,'PINAR',1,0),(40865,950,0,215,1,'CUMHURİYET',1,0),(40866,950,0,215,1,'YEŞİLKENT',1,0),(40867,948,0,215,1,'GÜRPINAR',1,0),(40868,428,0,215,1,'PINARTEPE',1,0),(40869,948,0,215,1,'ADNAN KAHVECİ',1,0),(40870,948,0,215,1,'DEREAĞZI',1,0),(40871,947,0,215,1,'BAHÇEŞEHİR 1. KISIM',1,0),(40872,947,0,215,1,'BAHÇEŞEHİR 2. KISIM',1,0),(40873,948,0,215,1,'KAVAKLI',1,0),(40874,948,0,215,1,'CUMHURİYET',1,0),(40875,948,0,215,1,'BARIŞ',1,0),(40876,948,0,215,1,'SAHİL',1,0),(40877,948,0,215,1,'BÜYÜKŞEHİR',1,0),(40879,950,0,215,1,'KIRAÇ MERKEZ',1,0),(40880,950,0,215,1,'AKÇABURGAZ',1,0),(40881,950,0,215,1,'KIRAÇ NAMIK KEMAL',1,0),(40882,428,0,215,1,'BAHÇELİEVLER',1,0),(40883,428,0,215,1,'GÜZELCE',1,0),(40884,428,0,215,1,'KUMBURGAZ MERKEZ',1,0),(40885,428,0,215,1,'YENİMAHALLE',1,0),(40886,428,0,215,1,'BATIKÖY',1,0),(40887,428,0,215,1,'MİMARSİNAN MERKEZ',1,0),(40888,428,0,215,1,'MURAT ÇEŞME',1,0),(40889,428,0,215,1,'HÜRRİYET',1,0),(40890,428,0,215,1,'ULUS',1,0),(40891,428,0,215,1,'AHMEDİYE',1,0),(40892,428,0,215,1,'TÜRKOBA',1,0),(40893,948,0,215,1,'MARMARA',1,0),(40894,948,0,215,1,'YAKUPLU MERKEZ',1,0),(40895,950,0,215,1,'GÜZELYURT',1,0),(40896,948,0,215,1,'BEYLİKDÜZÜOSB',1,0),(40897,429,0,215,1,'FERHATPAŞA',1,0),(40898,429,0,215,1,'KALEİÇİ',1,0),(40899,429,0,215,1,'ÇAKIL',1,0),(40900,429,0,215,1,'İZZETTİN',1,0),(40901,429,0,215,1,'OVAYENİCE',1,0),(40902,945,0,215,1,'BAHŞEYİŞ',1,0),(40903,429,0,215,1,'ATATÜRK',1,0),(40904,429,0,215,1,'FATİH',1,0),(40905,428,0,215,1,'MURATBEY MERKEZ',1,0),(40906,945,0,215,1,'ÖMERLİ',1,0),(40907,945,0,215,1,'SAZLIBOSNA',1,0),(40908,945,0,215,1,'YEŞİLBAYIR',1,0),(40909,945,0,215,1,'NAKKAŞ',1,0),(40910,945,0,215,1,'DELİKLİKAYA',1,0),(40911,945,0,215,1,'DURSUNKÖY',1,0),(40912,945,0,215,1,'HASTANE ',1,0),(40913,945,0,215,1,'HADIMKÖY',1,0),(40914,945,0,215,1,'CAMİ',1,0),(40915,945,0,215,1,'ZAFER',1,0),(40916,429,0,215,1,'KARACAKÖY MERKEZ',1,0),(40917,429,0,215,1,'ÇİFTLİKKÖY MERKEZ',1,0),(40918,430,0,215,1,'FATİH SİLİVRİ',1,0),(40919,430,0,215,1,'PİRİ MEHMET PAŞA',1,0),(40920,430,0,215,1,'ALİBEY',1,0),(40921,430,0,215,1,'YENİ ',1,0),(40922,430,0,215,1,'CUMHURİYET ',1,0),(40923,430,0,215,1,'MİMARSİNAN SİLİVRİ',1,0),(40924,430,0,215,1,'KÜÇÜK KILIÇLI ',1,0),(40925,430,0,215,1,'GAZİTEPE ',1,0),(40926,430,0,215,1,'SEMİZKUMLAR',1,0),(40927,430,0,215,1,'ALİPAŞA ',1,0),(40928,428,0,215,1,'CELALİYE',1,0),(40929,428,0,215,1,'KAMİLOBA',1,0),(40930,430,0,215,1,'ÇANTA BLD MIMAR SINAN',1,0),(40931,430,0,215,1,'ÇANTA BLD FATIH',1,0),(40932,430,0,215,1,'YOLCATI',1,0),(40933,430,0,215,1,'FEVZİPAŞA',1,0),(40934,430,0,215,1,'İSMETPAŞA ',1,0),(40935,430,0,215,1,'GÜMÜŞYAKA MERKEZ',1,0),(40936,430,0,215,1,'KAVAKLI CUMHURİYET ',1,0),(40937,430,0,215,1,'HÜRRİYET ',1,0),(40938,430,0,215,1,'ORTAKÖY MERKEZ',1,0),(40939,430,0,215,1,'KADIKÖY',1,0),(40940,430,0,215,1,'SELİMPAŞA MERKEZ',1,0),(40941,430,0,215,1,'BÜYÜKÇAVUŞLU MERKEZ',1,0),(40942,431,0,215,1,'AHMET YESEVİ',1,0),(40943,431,0,215,1,'ADİL',1,0),(40944,431,0,215,1,'BATTALGAZİ',1,0),(40945,431,0,215,1,'MECİDİYE',1,0),(40946,431,0,215,1,'MİMAR SİNAN',1,0),(40947,431,0,215,1,'TURGUT REİS',1,0),(40948,431,0,215,1,'HASANPAŞA',1,0),(40949,431,0,215,1,'ABDURRAHMANGAZİ',1,0),(40950,431,0,215,1,'MEHMET AKİF',1,0),(40951,431,0,215,1,'FATİH ',1,0),(40952,431,0,215,1,'HAMİDİYE',1,0),(40953,431,0,215,1,'YAVUZ SELİM',1,0),(40954,431,0,215,1,'NECİP FAZIL',1,0),(40955,431,0,215,1,'ORHANGAZİ',1,0),(40956,431,0,215,1,'AKŞEMSETTİN',1,0),(40957,432,0,215,1,'KUMBABA',1,0),(40958,432,0,215,1,'HACI KASIM',1,0),(40959,432,0,215,1,'ÇAVUŞ',1,0),(40960,432,0,215,1,'BALİBEY',1,0),(40961,432,0,215,1,'AĞVA MERKEZ',1,0),(40962,433,0,215,1,'BAHÇELERARASI',1,0),(40963,433,0,215,1,'ÇETİN EMEÇ',1,0),(40964,433,0,215,1,'EĞİTİM',1,0),(40965,433,0,215,1,'FEVZİ ÇAKMAK',1,0),(40966,433,0,215,1,'İNCİRALTI',1,0),(40967,433,0,215,1,'KORUTÜRK',1,0),(40968,433,0,215,1,'ONUR',1,0),(40969,433,0,215,1,'TELEFERİK',1,0),(40970,434,0,215,1,'ATATÜRK',1,0),(40971,434,0,215,1,'BARBAROS',1,0),(40972,434,0,215,1,'BİRLİK',1,0),(40973,434,0,215,1,'ÇAMKULE',1,0),(40974,434,0,215,1,'EVKA 4',1,0),(40975,434,0,215,1,'GAZİ OSMAN PAŞA',1,0),(40976,434,0,215,1,'IŞIKLAR',1,0),(40977,434,0,215,1,'İNÖNÜ',1,0),(40978,434,0,215,1,'KOŞUKAVAK',1,0),(40979,434,0,215,1,'MERİÇ',1,0),(40980,434,0,215,1,'RAFET PAŞA',1,0),(40981,434,0,215,1,'SERİNTEPE',1,0),(40982,434,0,215,1,'YEŞİLÇAM',1,0),(40983,434,0,215,1,'YEŞİLOVA',1,0),(40984,434,0,215,1,'YILDIRIM BEYAZIT',1,0),(40985,434,0,215,1,'ZAFER',1,0),(40986,434,0,215,1,'ÇINAR',1,0),(40987,434,0,215,1,'DOĞANLAR',1,0),(40988,434,0,215,1,'EGEMENLİK',1,0),(40989,434,0,215,1,'ERGENE',1,0),(40990,434,0,215,1,'ERZENE',1,0),(40991,434,0,215,1,'EVKA 3',1,0),(40992,434,0,215,1,'GÜRPINAR',1,0),(40993,434,0,215,1,'KARACAOĞLAN',1,0),(40994,434,0,215,1,'KAZIMDİRİK',1,0),(40995,434,0,215,1,'KEMALPAŞA',1,0),(40996,434,0,215,1,'KIZILAY',1,0),(40997,953,0,215,1,'MANAVKUYU',1,0),(40998,953,0,215,1,'MANSUROĞLU',1,0),(40999,434,0,215,1,'MERKEZ',1,0),(41000,434,0,215,1,'MEVLANA',1,0),(41001,434,0,215,1,'NALDÖKEN',1,0),(41002,953,0,215,1,'OSMANGAZİ ',1,0),(41003,434,0,215,1,'TUNA',1,0),(41004,434,0,215,1,'ÜMİT',1,0),(41005,434,0,215,1,'YUNUS EMRE',1,0),(41006,435,0,215,1,'ADATEPE',1,0),(41007,435,0,215,1,'AKINCILAR',1,0),(41008,435,0,215,1,'ATATÜRK',1,0),(41009,435,0,215,1,'AYDOĞDU',1,0),(41010,435,0,215,1,'BARIŞ',1,0),(41011,435,0,215,1,'BUCA KOOP',1,0),(41012,435,0,215,1,'CUMHURİYET',1,0),(41013,435,0,215,1,'ÇAĞDAŞ',1,0),(41014,435,0,215,1,'ÇALDIRAN',1,0),(41015,435,0,215,1,'ÇAMLIK',1,0),(41016,435,0,215,1,'ÇAMLIKULE',1,0),(41017,435,0,215,1,'ÇAMLIPINAR',1,0),(41018,435,0,215,1,'DİCLE',1,0),(41019,435,0,215,1,'DUMLUPINAR',1,0),(41020,435,0,215,1,'EFELER',1,0),(41021,435,0,215,1,'FIRAT',1,0),(41022,435,0,215,1,'GAZİLER',1,0),(41023,435,0,215,1,'GÖKSU',1,0),(41024,435,0,215,1,'GÜVEN',1,0),(41025,435,0,215,1,'HÜRRİYET',1,0),(41026,435,0,215,1,'İNKILAP',1,0),(41027,435,0,215,1,'İNÖNÜ',1,0),(41028,435,0,215,1,'İZKENT',1,0),(41029,435,0,215,1,'KARANFİL',1,0),(41030,435,0,215,1,'KOZAĞAÇ',1,0),(41031,435,0,215,1,'KURUÇEŞME',1,0),(41032,435,0,215,1,'LALELİ',1,0),(41033,435,0,215,1,'MENDERES',1,0),(41034,435,0,215,1,'MURATHAN',1,0),(41035,435,0,215,1,'MUSTAFA KEMAL',1,0),(41036,435,0,215,1,'SEYHAN',1,0),(41037,435,0,215,1,'ŞİRİNKAPI',1,0),(41038,435,0,215,1,'UFUK',1,0),(41039,435,0,215,1,'VALİ RAHMİ BEY',1,0),(41040,435,0,215,1,'YAYLACIK',1,0),(41041,435,0,215,1,'YENİGÜN',1,0),(41042,435,0,215,1,'YEŞİLBAĞLAR',1,0),(41043,435,0,215,1,'YILDIZ',1,0),(41044,435,0,215,1,'YİĞİTLER',1,0),(41045,435,0,215,1,'KAYNAKLAR CUMHURİYET',1,0),(41046,435,0,215,1,'ZAFER',1,0),(41047,435,0,215,1,'YILDIZLAR',1,0),(41048,435,0,215,1,'KAYNAKLAR MERKEZ',1,0),(41049,436,0,215,1,'AHMET TANER KIŞLALI',1,0),(41050,436,0,215,1,'AOSB',1,0),(41051,436,0,215,1,'ATATÜRK',1,0),(41052,436,0,215,1,'AYDINLIKEVLER',1,0),(41053,436,0,215,1,'BALATÇIK',1,0),(41054,436,0,215,1,'ÇAĞDAŞ',1,0),(41055,436,0,215,1,'EGEKENT',1,0),(41056,436,0,215,1,'ESENTEPE',1,0),(41057,436,0,215,1,'EVKA-2',1,0),(41058,436,0,215,1,'EVKA-5',1,0),(41059,436,0,215,1,'EVKA-6',1,0),(41060,436,0,215,1,'GÜZELTEPE',1,0),(41061,436,0,215,1,'İSTASYONALTI',1,0),(41062,436,0,215,1,'İZKENT',1,0),(41063,436,0,215,1,'KAKLIÇ',1,0),(41064,436,0,215,1,'KÖYİÇİ',1,0),(41065,436,0,215,1,'KÜÇÜK ÇİĞLİ',1,0),(41066,436,0,215,1,'MALTEPE',1,0),(41067,15,2,215,1,'ŞİRİNTEPE',1,0),(41068,436,0,215,1,'UĞUR MUMCU',1,0),(41069,436,0,215,1,'YAKAKENT',1,0),(41070,436,0,215,1,'YENİ MAHALLE',1,0),(41071,436,0,215,1,'SASALLI MERKEZ',1,0),(41072,436,0,215,1,'TUZLA',1,0),(41073,437,0,215,1,'AKTEPE',1,0),(41074,437,0,215,1,'ATIFBEY',1,0),(41075,437,0,215,1,'BEYAZEVLER',1,0),(41076,437,0,215,1,'BİNBAŞI REŞATBEY',1,0),(41077,437,0,215,1,'DOKUZ EYLÜL',1,0),(41078,437,0,215,1,'EMREZ',1,0),(41079,437,0,215,1,'GAZİ',1,0),(41080,437,0,215,1,'GAZİKENT',1,0),(41081,437,0,215,1,'IRMAK',1,0),(41082,437,0,215,1,'SEVGİ',1,0),(41083,437,0,215,1,'YEŞİL',1,0),(41084,437,0,215,1,'ZAFER',1,0),(41085,437,0,215,1,'ATATÜRK',1,0),(41086,437,0,215,1,'FATİH',1,0),(41087,437,0,215,1,'HÜRRİYET',1,0),(41088,437,0,215,1,'MENDERES',1,0),(41089,438,0,215,1,'ATATÜRK',1,0),(41090,438,0,215,1,'SİTELER',1,0),(41091,438,0,215,1,'ÇELEBİ',1,0),(41092,438,0,215,1,'KAHRAMANDERE',1,0),(41093,438,0,215,1,'MALTEPE',1,0),(41094,438,0,215,1,'YAKA',1,0),(41095,438,0,215,1,'YALI',1,0),(41096,438,0,215,1,'YELKİ ATATÜRK',1,0),(41097,438,0,215,1,'CUMHURİYET',1,0),(41098,953,0,215,1,'75. YIL',1,0),(41099,953,0,215,1,'ADALET',1,0),(41100,439,0,215,1,'AKSOY',1,0),(41101,439,0,215,1,'ALAYBEY',1,0),(41102,953,0,215,1,'ALPASLAN',1,0),(41103,439,0,215,1,'ATAKENT',1,0),(41104,439,0,215,1,'BAHARİYE',1,0),(41105,439,0,215,1,'BAHÇELİEVLER',1,0),(41106,439,0,215,1,'BAHRİYE ÜÇOK',1,0),(41107,953,0,215,1,'BAYRAKLI',1,0),(41108,439,0,215,1,'BOSTANLI',1,0),(41109,953,0,215,1,'CENGİZHAN',1,0),(41110,439,0,215,1,'CUMHURİYET',1,0),(41111,953,0,215,1,'ÇAY',1,0),(41112,953,0,215,1,'ÇİÇEK',1,0),(41113,439,0,215,1,'DEDEBAŞI',1,0),(41114,439,0,215,1,'DEMİRKÖPRÜ',1,0),(41115,953,0,215,1,'DOĞANÇAY',1,0),(41116,439,0,215,1,'DONANMACI',1,0),(41117,953,0,215,1,'EMEK',1,0),(41118,439,0,215,1,'FİKRİ ALTAY',1,0),(41119,953,0,215,1,'FUAT EDİP BAKSİ',1,0),(41120,439,0,215,1,'GONCALAR',1,0),(41121,953,0,215,1,'GÜMÜŞPALA',1,0),(41122,439,0,215,1,'İMBATLI',1,0),(41123,439,0,215,1,'MAVİŞEHİR',1,0),(41124,953,0,215,1,'MUHİTTİN ERENER',1,0),(41125,439,0,215,1,'NERGİZ',1,0),(41126,953,0,215,1,'ONUR',1,0),(41127,953,0,215,1,'ORG.NAFİZ GÜRMAN',1,0),(41128,439,0,215,1,'ÖRNEKKÖY',1,0),(41129,953,0,215,1,'POSTACILAR',1,0),(41130,953,0,215,1,'R.ŞEVKET İNCE',1,0),(41131,953,0,215,1,'SOĞUKKUYU',1,0),(41132,439,0,215,1,'ŞEMİKLER',1,0),(41133,953,0,215,1,'TEPEKULE',1,0),(41134,439,0,215,1,'TERSANE',1,0),(41135,439,0,215,1,'TUNA',1,0),(41136,953,0,215,1,'TURAN',1,0),(41137,439,0,215,1,'YALI',1,0),(41138,439,0,215,1,'YAMAÇ',1,0),(41139,953,0,215,1,'YAMANLAR',1,0),(41140,439,0,215,1,'ZÜBEYDE HANIM',1,0),(41141,440,0,215,1,'1.KADRİYE',1,0),(41142,440,0,215,1,'19 MAYIS',1,0),(41143,440,0,215,1,'2.KADRİYE',1,0),(41144,440,0,215,1,'26 AĞUSTOS',1,0),(41145,954,0,215,1,'ABDİ İPEKÇİ',1,0),(41146,954,0,215,1,'ADNAN SÜVARİ',1,0),(41147,440,0,215,1,'AKARCALI',1,0),(41148,440,0,215,1,'AKDENİZ',1,0),(41149,440,0,215,1,'AKIN SİMAV',1,0),(41150,440,0,215,1,'AKINCI',1,0),(41151,954,0,215,1,'ALİ FUAT CEBESOY',1,0),(41152,954,0,215,1,'ALİ FUAT ERDEN',1,0),(41153,440,0,215,1,'ALİ REİS',1,0),(41154,440,0,215,1,'ALSANCAK',1,0),(41155,440,0,215,1,'ALTAY',1,0),(41156,440,0,215,1,'ALTINORDU',1,0),(41157,440,0,215,1,'ALTINTAŞ',1,0),(41158,440,0,215,1,'ANADOLU',1,0),(41159,954,0,215,1,'ARAP HASAN',1,0),(41160,954,0,215,1,'AŞIK VEYSEL',1,0),(41161,440,0,215,1,'ATAMER',1,0),(41162,440,0,215,1,'ATİLLA',1,0),(41163,954,0,215,1,'AYDIN',1,0),(41164,440,0,215,1,'AZİZİYE',1,0),(41165,954,0,215,1,'BAHAR',1,0),(41166,954,0,215,1,'BAHÇELİEVLER',1,0),(41167,954,0,215,1,'BAHRİYE ÜÇOK',1,0),(41168,440,0,215,1,'BALLIKUYU',1,0),(41169,440,0,215,1,'BARBAROS',1,0),(41170,954,0,215,1,'BARIŞ',1,0),(41171,954,0,215,1,'BASINSİTESİ',1,0),(41172,440,0,215,1,'BOĞAZİÇİ',1,0),(41173,440,0,215,1,'ŞEHİT NEDİM TUĞALTAY',1,0),(41174,954,0,215,1,'BOZYAKA',1,0),(41175,440,0,215,1,'CENGİZ TOPEL',1,0),(41176,954,0,215,1,'CENNETÇEŞME',1,0),(41177,954,0,215,1,'CENNETOĞLU',1,0),(41178,440,0,215,1,'ÇAHABEY',1,0),(41179,954,0,215,1,'ÇALIKUŞU',1,0),(41180,440,0,215,1,'ÇANKAYA',1,0),(41181,440,0,215,1,'ÇINARLI',1,0),(41182,440,0,215,1,'ÇINARTEPE',1,0),(41183,440,0,215,1,'ÇİMENTEPE',1,0),(41184,440,0,215,1,'DAYIEMİR',1,0),(41185,954,0,215,1,'DEVRİM',1,0),(41186,954,0,215,1,'DOĞANAY',1,0),(41187,440,0,215,1,'DOLAPLIKUYU',1,0),(41188,440,0,215,1,'DUATEPE',1,0),(41189,440,0,215,1,'EGE',1,0),(41190,440,0,215,1,'EMİR SULTAN',1,0),(41191,954,0,215,1,'ESENLİK',1,0),(41192,954,0,215,1,'ESENTEPE',1,0),(41193,954,0,215,1,'ESENYALI',1,0),(41194,440,0,215,1,'ETİLER',1,0),(41195,954,0,215,1,'FAHRETTİN ALTAY',1,0),(41196,440,0,215,1,'FAİK PAŞA',1,0),(41197,440,0,215,1,'FATİH',1,0),(41198,440,0,215,1,'FERAHLI',1,0),(41199,440,0,215,1,'FEVZİ PAŞA',1,0),(41200,954,0,215,1,'GAZİ',1,0),(41201,954,0,215,1,'GENERAL ASIM GÜNDÜZ',1,0),(41202,954,0,215,1,'GENERAL KAZIM öZALP',1,0),(41203,440,0,215,1,'GÖZTEPE',1,0),(41204,954,0,215,1,'GÜLYAKA',1,0),(41205,954,0,215,1,'GÜNALTAY',1,0),(41206,440,0,215,1,'GÜNEŞ',1,0),(41207,440,0,215,1,'GÜNEŞLİ',1,0),(41208,440,0,215,1,'GÜNEY',1,0),(41209,440,0,215,1,'GÜNGÖR',1,0),(41210,440,0,215,1,'GÜZELYALI',1,0),(41211,440,0,215,1,'GÜZELYURT',1,0),(41212,440,0,215,1,'HALKAPINAR',1,0),(41213,440,0,215,1,'HASAN ÖZDEMİR',1,0),(41214,440,0,215,1,'HİLAL',1,0),(41215,440,0,215,1,'HURŞİDİYE',1,0),(41216,440,0,215,1,'HUZUR',1,0),(41217,954,0,215,1,'İHSAN ALYANAK',1,0),(41218,440,0,215,1,'İMARİYE',1,0),(41219,440,0,215,1,'İSMET KAPTAN',1,0),(41220,440,0,215,1,'İSMET PAŞA',1,0),(41221,440,0,215,1,'KADiFEKALE',1,0),(41222,440,0,215,1,'KAHRAMAN MESCİT',1,0),(41223,440,0,215,1,'KAHRAMANLAR',1,0),(41224,954,0,215,1,'KARABAĞLAR',1,0),(41225,954,0,215,1,'KAZIM KARABEKİR',1,0),(41226,440,0,215,1,'KEMAL REİS',1,0),(41227,440,0,215,1,'KESTELLİ',1,0),(41228,440,0,215,1,'KILIÇ REİS',1,0),(41229,954,0,215,1,'KİBAR',1,0),(41230,440,0,215,1,'KOCAKAPI',1,0),(41231,440,0,215,1,'KOCATEPE',1,0),(41232,440,0,215,1,'KONAK',1,0),(41233,440,0,215,1,'KOSOVA',1,0),(41234,440,0,215,1,'KUBİLAY',1,0),(41235,440,0,215,1,'KURTULUŞ',1,0),(41236,440,0,215,1,'KÜÇÜKADA',1,0),(41237,440,0,215,1,'KÜLTÜR',1,0),(41238,440,0,215,1,'LALE',1,0),(41239,440,0,215,1,'LEVENT',1,0),(41240,954,0,215,1,'LİMONTEPE',1,0),(41241,954,0,215,1,'MALİYECİLER',1,0),(41242,440,0,215,1,'MECİDİYE',1,0),(41243,440,0,215,1,'MEHMET AKİF',1,0),(41244,440,0,215,1,'MEHMET ALİ AKMAN',1,0),(41245,440,0,215,1,'MEHTAP',1,0),(41246,440,0,215,1,'MERSİNLİ',1,0),(41247,954,0,215,1,'METİN OKTAY',1,0),(41248,440,0,215,1,'MİLLET',1,0),(41249,440,0,215,1,'MİMAR SİNAN',1,0),(41250,440,0,215,1,'MİRALİ',1,0),(41251,440,0,215,1,'MİTHATPAŞA',1,0),(41252,954,0,215,1,'MUAMMER AKAR',1,0),(41253,440,0,215,1,'MURAT',1,0),(41254,440,0,215,1,'MURAT REİS',1,0),(41255,440,0,215,1,'NAMAZGAH',1,0),(41256,440,0,215,1,'NAMIK KEMAL',1,0),(41257,440,0,215,1,'ODUNKAPI',1,0),(41258,440,0,215,1,'OĞUZLAR',1,0),(41259,954,0,215,1,'OSMAN AKSÜNER',1,0),(41260,954,0,215,1,'ÖZGÜR',1,0),(41261,440,0,215,1,'PAZARYERİ',1,0),(41262,954,0,215,1,'PEKER',1,0),(41263,440,0,215,1,'PİRİ REİS',1,0),(41264,954,0,215,1,'POLİGON',1,0),(41265,954,0,215,1,'REFET BELE',1,0),(41266,954,0,215,1,'REİS',1,0),(41267,440,0,215,1,'SAKARYA',1,0),(41268,954,0,215,1,'SALİH OMURTAK',1,0),(41269,954,0,215,1,'SARIYER',1,0),(41270,440,0,215,1,'SAYGI',1,0),(41271,440,0,215,1,'SELÇUK',1,0),(41272,954,0,215,1,'SELVİLİ',1,0),(41273,954,0,215,1,'SEVGİ',1,0),(41274,440,0,215,1,'SÜVARİ',1,0),(41275,440,0,215,1,'SÜMER',1,0),(41276,440,0,215,1,'BOZKURT',1,0),(41277,954,0,215,1,'ŞEHİTLER',1,0),(41278,954,0,215,1,'TAHSİN YAZICI',1,0),(41279,440,0,215,1,'TAN',1,0),(41280,440,0,215,1,'TINAZTEPE',1,0),(41281,440,0,215,1,'TRAKYA',1,0),(41282,440,0,215,1,'TURGUT REİS',1,0),(41283,440,0,215,1,'TUZCU',1,0),(41284,440,0,215,1,'TÜRKYILMAZ',1,0),(41285,440,0,215,1,'UĞUR',1,0),(41286,954,0,215,1,'UĞUR MUMCU',1,0),(41287,440,0,215,1,'ULUBATLI',1,0),(41288,440,0,215,1,'UMURBEY',1,0),(41289,954,0,215,1,'UMUT',1,0),(41290,954,0,215,1,'UZUNDERE',1,0),(41291,954,0,215,1,'ÜÇKUYULAR',1,0),(41292,440,0,215,1,'ÜLKÜ',1,0),(41293,954,0,215,1,'VATAN',1,0),(41294,440,0,215,1,'VEZİRAĞA',1,0),(41295,440,0,215,1,'YAVUZ SELİM',1,0),(41296,440,0,215,1,'YENİ',1,0),(41297,440,0,215,1,'YENİDOĞAN',1,0),(41298,440,0,215,1,'YENİGÜN',1,0),(41299,440,0,215,1,'YENİŞEHİR',1,0),(41300,440,0,215,1,'YEŞİLDERE',1,0),(41301,440,0,215,1,'YEŞİLTEPE',1,0),(41302,440,0,215,1,'YILDIZ',1,0),(41303,954,0,215,1,'YUNUS EMRE',1,0),(41304,954,0,215,1,'YURDOĞLU',1,0),(41305,954,0,215,1,'YÜZBAŞI ŞERAFETTİN',1,0),(41306,440,0,215,1,'ZAFERTEPE',1,0),(41307,440,0,215,1,'ZEYBEK',1,0),(41308,440,0,215,1,'ZEYTİNLİK',1,0),(41309,441,0,215,1,'2. İNÖNÜ',1,0),(41310,441,0,215,1,'ALTIEVLER',1,0),(41311,441,0,215,1,'ATATÜRK',1,0),(41312,441,0,215,1,'ÇAMTEPE',1,0),(41313,441,0,215,1,'ÇATALKAYA',1,0),(41314,441,0,215,1,'HUZUR',1,0),(41315,441,0,215,1,'ILICA',1,0),(41316,441,0,215,1,'LİMANREİS',1,0),(41317,441,0,215,1,'NARLI',1,0),(41318,441,0,215,1,'SAHİLEVLERİ',1,0),(41319,441,0,215,1,'YENİKALE',1,0),(41320,442,0,215,1,'ATATÜRK',1,0),(41321,442,0,215,1,'KAZIM DİRİK',1,0),(41322,442,0,215,1,'KURTULUŞ',1,0),(41323,442,0,215,1,'KÜLTÜR',1,0),(41324,442,0,215,1,'SİTELER',1,0),(41325,442,0,215,1,'YALI',1,0),(41326,442,0,215,1,'YENİ',1,0),(41327,442,0,215,1,'YUKARI ŞEHİTKEMAL',1,0),(41328,442,0,215,1,'B.HAYRETTİN PAŞA',1,0),(41329,442,0,215,1,'FATİH',1,0),(41330,442,0,215,1,'MİMAR SİNAN',1,0),(41333,443,0,215,1,'BIYIKLAR',1,0),(41334,443,0,215,1,'CAMİİ',1,0),(41335,443,0,215,1,'ÇINAR',1,0),(41336,443,0,215,1,'DEMİRCİLİK',1,0),(41337,443,0,215,1,'FATİH',1,0),(41338,443,0,215,1,'HACI BEŞİR',1,0),(41339,443,0,215,1,'HACI İBRAHİM',1,0),(41340,443,0,215,1,'HATAY',1,0),(41341,443,0,215,1,'KURT',1,0),(41342,443,0,215,1,'MİTHATPAŞA',1,0),(41343,443,0,215,1,'ORTA',1,0),(41344,443,0,215,1,'SADIKPAŞA',1,0),(41345,443,0,215,1,'YENİ',1,0),(41346,443,0,215,1,'YENİCE',1,0),(41347,443,0,215,1,'ATATÜRK',1,0),(41348,443,0,215,1,'CUMHURİYET',1,0),(41349,443,0,215,1,'KARAVELİLER',1,0),(41353,443,0,215,1,'ÇIRPI CAMİİ',1,0),(41354,443,0,215,1,'İBRAHİMÇAVUŞ',1,0),(41355,443,0,215,1,'MEKTEP',1,0),(41356,443,0,215,1,'NECATİ UZA',1,0),(41357,443,0,215,1,'HASKÖY',1,0),(41358,444,0,215,1,'ATATÜRK',1,0),(41359,444,0,215,1,'ATMACA',1,0),(41360,444,0,215,1,'BAHÇELİEVLER',1,0),(41361,444,0,215,1,'BARBAROS',1,0),(41362,444,0,215,1,'ERTUĞRUL',1,0),(41363,444,0,215,1,'FATİH',1,0),(41364,444,0,215,1,'FEVZİPAŞA',1,0),(41365,444,0,215,1,'GAZİOSMANPAŞA',1,0),(41366,444,0,215,1,'GAZİPAŞA',1,0),(41367,444,0,215,1,'İNKILAP',1,0),(41368,444,0,215,1,'İSLAMSARAY',1,0),(41369,444,0,215,1,'KURTULUŞ',1,0),(41370,444,0,215,1,'MALTEPE',1,0),(41371,444,0,215,1,'SELÇUK',1,0),(41372,444,0,215,1,'TALATPAŞA',1,0),(41373,444,0,215,1,'TURABEY',1,0),(41374,444,0,215,1,'ULUCAMİİ',1,0),(41375,444,0,215,1,'ZAFER',1,0),(41391,445,0,215,1,'AKTEPE',1,0),(41392,445,0,215,1,'ATATÜRK',1,0),(41393,445,0,215,1,'BEYKÖY',1,0),(41394,445,0,215,1,'CUMHURİYET',1,0),(41395,446,0,215,1,'ALTINKUM',1,0),(41396,446,0,215,1,'ARDIÇ',1,0),(41397,446,0,215,1,'CELAL BAYAR',1,0),(41398,446,0,215,1,'ÇAKABEY',1,0),(41399,446,0,215,1,'FAHRETTİNPAŞA',1,0),(41400,446,0,215,1,'REİSDERE',1,0),(41401,446,0,215,1,'SAKARYA',1,0),(41402,446,0,215,1,'ŞEHİT MEHMET',1,0),(41403,446,0,215,1,'ŞİFNE',1,0),(41404,446,0,215,1,'ÜNİVERSİTE',1,0),(41405,446,0,215,1,'ALTINYUNUS',1,0),(41406,446,0,215,1,'ÇİFTLİK',1,0),(41407,446,0,215,1,'YALI',1,0),(41408,446,0,215,1,'MUSALLA',1,0),(41409,446,0,215,1,'İSMET İNÖNÜ',1,0),(41410,446,0,215,1,'16 EYLÜL',1,0),(41411,446,0,215,1,'BOYALIK',1,0),(41412,446,0,215,1,'DALYAN',1,0),(41413,446,0,215,1,'CUMHURİYET',1,0),(41414,446,0,215,1,'ILICA',1,0),(41422,447,0,215,1,'GAZİPAŞA',1,0),(41423,447,0,215,1,'İSMETPAŞA',1,0),(41424,447,0,215,1,'SALİMBEY',1,0),(41425,447,0,215,1,'CUMHURİYET',1,0),(41431,448,0,215,1,'ATATÜRK',1,0),(41432,448,0,215,1,'FEVZİPAŞA',1,0),(41433,448,0,215,1,'İSMETPAŞA',1,0),(41434,448,0,215,1,'HACIVELİ',1,0),(41435,448,0,215,1,'KAZIM DİRİK',1,0),(41436,448,0,215,1,'KOCA MEHMETLER',1,0),(41438,448,0,215,1,'GERENKÖY ATATÜRK',1,0),(41439,448,0,215,1,'GERENKÖY FEVZİ ÇAKMAK',1,0),(41440,448,0,215,1,'YENİFOÇA ATATÜRK',1,0),(41441,448,0,215,1,'CUMHURİYET',1,0),(41442,448,0,215,1,'FATİH',1,0),(41443,448,0,215,1,'YENİFOÇA FEVZİ ÇAKMAK',1,0),(41444,449,0,215,1,'İSKELE',1,0),(41445,449,0,215,1,'MERKEZ',1,0),(41451,450,0,215,1,'ATATÜRK',1,0),(41452,450,0,215,1,'MEHMET AKİF ERSOY',1,0),(41453,450,0,215,1,'SEKİZ EYLÜL',1,0),(41454,450,0,215,1,'SOĞUKPINAR',1,0),(41455,450,0,215,1,'ÇİNİLİKÖY',1,0),(41456,450,0,215,1,'ÖRNEKKÖY',1,0),(41457,450,0,215,1,'ARMUTLU CUMHURİYET',1,0),(41458,450,0,215,1,'ARMUTLU İSTİKLAL',1,0),(41459,450,0,215,1,'BAĞYURDU ATATÜRK',1,0),(41460,450,0,215,1,'BAĞYURDU CUMHURİYET',1,0),(41461,450,0,215,1,'KAZIMPAŞA',1,0),(41462,450,0,215,1,'HALİLBEYLİ',1,0),(41463,450,0,215,1,'YENİ',1,0),(41464,450,0,215,1,'ÖREN CUMHURİYET',1,0),(41465,450,0,215,1,'ÖREN İSTİKLAL',1,0),(41466,450,0,215,1,'ULUCAK ATATÜRK',1,0),(41467,450,0,215,1,'ULUCAK CUMHURİYET',1,0),(41468,450,0,215,1,'ULUCAK İSTİKLAL',1,0),(41469,450,0,215,1,'YUKARIKIZILCA MERKEZ',1,0),(41470,451,0,215,1,'AŞAĞI',1,0),(41471,451,0,215,1,'FATİH',1,0),(41472,451,0,215,1,'OSMANİYE',1,0),(41473,451,0,215,1,'TÜRKCEDİT',1,0),(41474,451,0,215,1,'YENİ',1,0),(41475,451,0,215,1,'YUKARI',1,0),(41483,452,0,215,1,'CUMHURİYET',1,0),(41484,452,0,215,1,'İSTİKLAL',1,0),(41485,452,0,215,1,'KIRKÖY',1,0),(41486,452,0,215,1,'YENİ',1,0),(41487,453,0,215,1,'ALTINTEPE',1,0),(41488,453,0,215,1,'BARBAROS',1,0),(41489,453,0,215,1,'CÜNEYTBEY',1,0),(41490,453,0,215,1,'DEREKÖY',1,0),(41491,453,0,215,1,'GÖLCÜKLER',1,0),(41492,453,0,215,1,'GAZİPAŞA',1,0),(41493,453,0,215,1,'KASIMPAŞA',1,0),(41494,453,0,215,1,'KEMALPAŞA',1,0),(41495,453,0,215,1,'MİTHATPAŞA',1,0),(41496,453,0,215,1,'BULGURCA',1,0),(41497,453,0,215,1,'ATA',1,0),(41498,453,0,215,1,'GÖRECE CUMHURİYET',1,0),(41499,453,0,215,1,'HÜRRİYET',1,0),(41500,453,0,215,1,'OĞLANANASI ATATÜRK',1,0),(41501,453,0,215,1,'OĞLANANASI CUMHURİYET',1,0),(41502,453,0,215,1,'TEKELİ ATATÜRK',1,0),(41503,453,0,215,1,'TEKELİ FEVZİ ÇAKMAK',1,0),(41505,453,0,215,1,'DEĞİRMENDERE ATATÜRK',1,0),(41506,453,0,215,1,'DEĞİRMENDERE FEVZİ ÇAKMAK',1,0),(41507,453,0,215,1,'DEĞİRMENDERE İNÖNÜ',1,0),(41508,453,0,215,1,'GÜMÜLDÜR ATATÜRK',1,0),(41509,453,0,215,1,'GÜMÜLDÜR CUMHURİYET',1,0),(41510,453,0,215,1,'GÜMÜLDÜR FEVZİ ÇAKMAK',1,0),(41511,453,0,215,1,'GÜMÜLDÜR İNÖNÜ',1,0),(41512,453,0,215,1,'ÖZDERE CUMHURİYET',1,0),(41513,453,0,215,1,'ÇUKURALTI',1,0),(41514,453,0,215,1,'ORTA',1,0),(41515,453,0,215,1,'AHMETBEYLİ',1,0),(41516,454,0,215,1,'AHIHIDIR',1,0),(41517,454,0,215,1,'ATATÜRK',1,0),(41518,454,0,215,1,'CAMİİKEBİR',1,0),(41519,454,0,215,1,'ESATPAŞA',1,0),(41520,454,0,215,1,'GAYBİ',1,0),(41521,454,0,215,1,'İSMET İNÖNÜ',1,0),(41522,454,0,215,1,'KASIMPAŞA',1,0),(41523,454,0,215,1,'KAZIMPAŞA',1,0),(41524,454,0,215,1,'MERMERLİ',1,0),(41526,454,0,215,1,'SEYDİNNASRULLAH',1,0),(41527,454,0,215,1,'TÜLBENTLİ',1,0),(41528,454,0,215,1,'UĞUR MUMCU',1,0),(41529,454,0,215,1,'ZAFER',1,0),(41530,454,0,215,1,'ÇAVUŞ',1,0),(41531,454,0,215,1,'MUSABEY',1,0),(41532,454,0,215,1,'BURUNCUK',1,0),(41533,454,0,215,1,'GÖLCÜK',1,0),(41534,454,0,215,1,'IRMAK',1,0),(41535,454,0,215,1,'İNCİRLİ PINAR',1,0),(41536,454,0,215,1,'YEŞİL PINAR',1,0),(41537,454,0,215,1,'ZEYTİNLİK',1,0),(41538,436,0,215,1,'HARMANDALI ATATÜRK',1,0),(41539,436,0,215,1,'CUMHURİYET',1,0),(41540,436,0,215,1,'İNÖNÜ',1,0),(41544,454,0,215,1,'KOYUNDERE ATATÜRK',1,0),(41545,454,0,215,1,'KOYUNDERE CUMHURİYET',1,0),(41546,454,0,215,1,'GAZİ',1,0),(41547,454,0,215,1,'ULUS',1,0),(41548,454,0,215,1,'MALTEPE ATATÜRK',1,0),(41549,454,0,215,1,'MALTEPE CUMHURİYET',1,0),(41550,454,0,215,1,'SEYREK ATATÜRK',1,0),(41551,454,0,215,1,'SEYREK CUMHURİYET',1,0),(41552,454,0,215,1,'İNÖNÜ',1,0),(41553,454,0,215,1,'GÜNERLİ',1,0),(41554,454,0,215,1,'KESİK',1,0),(41555,454,0,215,1,'SÜZBEYLİ',1,0),(41556,454,0,215,1,'TUZÇULLU',1,0),(41557,454,0,215,1,'İZMİR MENEMEN DERİ SERBEST BÖLGESİ',1,0),(41558,454,0,215,1,'VİLLAKENT',1,0),(41559,454,0,215,1,'FATİH',1,0),(41560,454,0,215,1,'YILDIRIM',1,0),(41561,454,0,215,1,'AHMETEFENDİ',1,0),(41562,454,0,215,1,'ULUKENT CUMHURİYET',1,0),(41563,454,0,215,1,'30 AĞUSTOS ',1,0),(41564,454,0,215,1,'9 EYLÜL',1,0),(41565,454,0,215,1,'DEĞİRMENDERE',1,0),(41566,454,0,215,1,'KIR',1,0),(41567,454,0,215,1,'EMİRALEM MERKEZ',1,0),(41568,454,0,215,1,'YAYLA',1,0),(41569,455,0,215,1,'AKINCILAR',1,0),(41570,455,0,215,1,'ANAFARTALAR',1,0),(41571,455,0,215,1,'ATATÜRK',1,0),(41572,455,0,215,1,'BENGİSU',1,0),(41573,455,0,215,1,'CUMHURİYET',1,0),(41574,455,0,215,1,'EMMİOĞLU',1,0),(41575,455,0,215,1,'HÜRRİYET',1,0),(41576,455,0,215,1,'İNÖNÜ',1,0),(41577,455,0,215,1,'KUVVETLİ',1,0),(41578,455,0,215,1,'MEŞRUTİYET',1,0),(41579,455,0,215,1,'MİMAR SİNAN',1,0),(41580,455,0,215,1,'SÜLEYMAN DEMİREL',1,0),(41581,455,0,215,1,'TÜRKMEN',1,0),(41582,455,0,215,1,'UMURBEY',1,0),(41583,455,0,215,1,'ÜÇ EYLÜL',1,0),(41584,455,0,215,1,'ZAFER',1,0),(41615,456,0,215,1,'HIDIRLIK',1,0),(41616,456,0,215,1,'SIĞACIK',1,0),(41617,456,0,215,1,'TEPECİK',1,0),(41618,456,0,215,1,'TURABİYE',1,0),(41619,456,0,215,1,'ULAMIŞ',1,0),(41620,456,0,215,1,'ÇOLAK İBRAHİM BEY ',1,0),(41621,456,0,215,1,'CAMİKEBİR',1,0),(41622,456,0,215,1,'BENGİLER',1,0),(41623,456,0,215,1,'MERSİN ALANI',1,0),(41624,456,0,215,1,'CUMHURİYET',1,0),(41625,456,0,215,1,'ATATÜRK',1,0),(41626,456,0,215,1,'PAYAMLI',1,0),(41627,457,0,215,1,'ATATÜRK',1,0),(41628,457,0,215,1,'CUMHURİYET',1,0),(41629,457,0,215,1,'İSA BEY',1,0),(41632,457,0,215,1,'ZAFER',1,0),(41633,457,0,215,1,'14 MAYIS',1,0),(41636,458,0,215,1,'BAHARİYE',1,0),(41637,458,0,215,1,'CUMHURİYET',1,0),(41638,458,0,215,1,'DERE',1,0),(41639,458,0,215,1,'DUATEPE',1,0),(41640,458,0,215,1,'DUMLUPINAR',1,0),(41641,458,0,215,1,'ERTUĞRUL',1,0),(41642,458,0,215,1,'İHSANİYE',1,0),(41643,458,0,215,1,'İPEKÇİLER',1,0),(41644,458,0,215,1,'İSTİKLAL',1,0),(41645,458,0,215,1,'KARACA ALİ',1,0),(41646,458,0,215,1,'KETENCİ',1,0),(41647,458,0,215,1,'KURTULUŞ',1,0),(41648,458,0,215,1,'PAŞA',1,0),(41649,458,0,215,1,'TURAN',1,0),(41650,458,0,215,1,'YENİ',1,0),(41651,458,0,215,1,'4 EYLÜL',1,0),(41652,458,0,215,1,'TURANOSB',1,0),(41656,459,0,215,1,'ATATÜRK',1,0),(41657,459,0,215,1,'CUMHURİYET',1,0),(41658,459,0,215,1,'ERTUĞRUL',1,0),(41659,459,0,215,1,'MURATBEY',1,0),(41660,459,0,215,1,'TEPEKÖY',1,0),(41661,459,0,215,1,'TORBALI',1,0),(41662,459,0,215,1,'ÇAPAK',1,0),(41663,459,0,215,1,'ÖZBEY',1,0),(41664,459,0,215,1,'YEMİŞLİK',1,0),(41665,459,0,215,1,'ALPKENT',1,0),(41666,459,0,215,1,'YEDİ EYLÜL',1,0),(41668,459,0,215,1,'EĞERCİ',1,0),(41669,459,0,215,1,'AYRANCILAR ATATÜRK',1,0),(41670,459,0,215,1,'AYRANCAILAR CUMHURİYET',1,0),(41671,459,0,215,1,'AYRANCILAR FEVZİ ÇAKMAK',1,0),(41672,459,0,215,1,'AYRANCILAR İNÖNÜ',1,0),(41673,459,0,215,1,'ÇAYBAŞI ATATÜRK',1,0),(41674,459,0,215,1,'ÇAYBAŞI',1,0),(41675,459,0,215,1,'KARŞIYAKA',1,0),(41676,459,0,215,1,'YENİ',1,0),(41677,459,0,215,1,'ÇAYBAŞI EĞERCİ',1,0),(41678,459,0,215,1,'ŞEHİTLER',1,0),(41679,459,0,215,1,'PAMUKYAZI',1,0),(41680,459,0,215,1,'KARAKUYU ATATÜRK',1,0),(41681,459,0,215,1,'KARAKUYU',1,0),(41682,459,0,215,1,'PANCAR BLD ATATÜRK',1,0),(41683,459,0,215,1,'PANCAR FEVZİ ÇAKMAK',1,0),(41684,459,0,215,1,'SUBAŞI ATATÜRK',1,0),(41685,459,0,215,1,'SUBAŞI İNÖNÜ',1,0),(41686,459,0,215,1,'ATALAN',1,0),(41687,459,0,215,1,'BÜLBÜLDERE',1,0),(41688,459,0,215,1,'GÖLLÜCE',1,0),(41689,459,0,215,1,'KIRBAŞ',1,0),(41690,459,0,215,1,'NAİME',1,0),(41691,459,0,215,1,'BAHÇELİEVLER',1,0),(41692,459,0,215,1,'YAZIBAŞI CUMHURİYET',1,0),(41693,459,0,215,1,'İSTİKLAL',1,0),(41694,459,0,215,1,'KUŞÇUBURUN',1,0),(41695,460,0,215,1,'ALTINTAŞ',1,0),(41696,460,0,215,1,'ATATÜRK',1,0),(41697,460,0,215,1,'CAMİATİK',1,0),(41698,460,0,215,1,'ÇAMLIÇAY',1,0),(41699,460,0,215,1,'DENİZLİ',1,0),(41700,460,0,215,1,'GÜVENDİK',1,0),(41701,460,0,215,1,'HACI İSA',1,0),(41702,460,0,215,1,'İÇMELER',1,0),(41703,460,0,215,1,'İSKELE',1,0),(41704,460,0,215,1,'KALABAK',1,0),(41705,460,0,215,1,'NAİPLİ',1,0),(41706,460,0,215,1,'RÜSTEM',1,0),(41707,460,0,215,1,'SIRA',1,0),(41708,460,0,215,1,'TORASAN',1,0),(41709,460,0,215,1,'YAKA',1,0),(41710,460,0,215,1,'YELALTI',1,0),(41711,460,0,215,1,'YENİ',1,0),(41712,460,0,215,1,'YENİCE',1,0),(41713,460,0,215,1,'YENİKENT',1,0),(41714,460,0,215,1,'ZEYTİNALANI',1,0),(41715,460,0,215,1,'GÜLBAHÇE',1,0),(41716,460,0,215,1,'ÖZBEK',1,0),(41717,460,0,215,1,'ŞİRİNKENT',1,0),(41718,460,0,215,1,'M.FEVZİ ÇAKMAK',1,0),(41720,461,0,215,1,'ALPASLAN',1,0),(41721,461,0,215,1,'ATATÜRK',1,0),(41722,461,0,215,1,'AYDINLIKEVLER',1,0),(41723,461,0,215,1,'BAHÇELİEVLER',1,0),(41724,461,0,215,1,'BAYRAMPAŞA',1,0),(41725,461,0,215,1,'BÜLBÜL',1,0),(41726,461,0,215,1,'CUMHURİYET',1,0),(41727,461,0,215,1,'FEVZİÇAKMAK',1,0),(41728,461,0,215,1,'HAFIZPAŞA',1,0),(41729,461,0,215,1,'HALİTPAŞA',1,0),(41730,461,0,215,1,'İSTASYON',1,0),(41731,461,0,215,1,'KALEİÇİ',1,0),(41733,461,0,215,1,'ORTAKAPI',1,0),(41734,461,0,215,1,'PAŞAÇAYIRI',1,0),(41735,461,0,215,1,'SUKAPI',1,0),(41736,461,0,215,1,'ŞEHİTLER',1,0),(41738,461,0,215,1,'YENİ',1,0),(41739,461,0,215,1,'YUSUFPAŞA',1,0),(41740,461,0,215,1,'YENİŞEHİR',1,0),(41741,461,0,215,1,'ÖRNEK',1,0),(41742,461,0,215,1,'MERKEZ',1,0),(41743,461,0,215,1,'30 EKİM',1,0),(41744,461,0,215,1,'PAŞAÇAYIRIOSB',1,0),(41745,462,0,215,1,'İSTASYON',1,0),(41746,462,0,215,1,'TEPE',1,0),(41747,462,0,215,1,'TOPKAYA',1,0),(41748,463,0,215,1,'BAHÇELER',1,0),(41749,463,0,215,1,'ORTA',1,0),(41750,463,0,215,1,'YALINÇAYIR',1,0),(41751,463,0,215,1,'YENİ',1,0),(41761,464,0,215,1,'MERKEZ',1,0),(41765,465,0,215,1,'AŞAĞI KÜMBET',1,0),(41766,465,0,215,1,'AŞAĞIDERE',1,0),(41767,465,0,215,1,'BAYAM',1,0),(41768,465,0,215,1,'HAZNEDAR',1,0),(41769,465,0,215,1,'ŞAHİNDERE',1,0),(41770,465,0,215,1,'TOPRAKKALE',1,0),(41771,465,0,215,1,'YUKARI DERE',1,0),(41772,465,0,215,1,'YUKARI KÜMBET',1,0),(41773,465,0,215,1,'ZUVAR',1,0),(41774,466,0,215,1,'CUMHURİYET',1,0),(41775,466,0,215,1,'ERENLER',1,0),(41776,466,0,215,1,'İNÖNÜ',1,0),(41777,466,0,215,1,'İSTASYON',1,0),(41778,466,0,215,1,'KAZIMKARABEKİR',1,0),(41780,466,0,215,1,'TEPE',1,0),(41781,466,0,215,1,'YENİ',1,0),(41782,467,0,215,1,'CUMHURİYET',1,0),(41783,467,0,215,1,'ÇARŞI',1,0),(41784,467,0,215,1,'KÖPRÜBAŞI',1,0),(41785,468,0,215,1,'CUMHURİYET',1,0),(41786,468,0,215,1,'İNKILAP',1,0),(41787,468,0,215,1,'İNÖNÜ VE KAZIM KARABEKİR',1,0),(41789,469,0,215,1,'AKMESCİT',1,0),(41790,469,0,215,1,'AKTEKKE',1,0),(41791,469,0,215,1,'ATABEYGAZİ',1,0),(41792,469,0,215,1,'BEYÇELEBİ',1,0),(41793,469,0,215,1,'CEBRAİL',1,0),(41794,469,0,215,1,'ESENTEPE',1,0),(41795,469,0,215,1,'HEPKEBİRLER',1,0),(41796,469,0,215,1,'HİSARARDI',1,0),(41797,469,0,215,1,'HONSALAR',1,0),(41798,469,0,215,1,'İNÖNÜ',1,0),(41799,469,0,215,1,'İSFENDİYAR',1,0),(41800,469,0,215,1,'İSMAİLBEY',1,0),(41801,469,0,215,1,'KIRKÇEŞME',1,0),(41802,469,0,215,1,'KUZEYKENT',1,0),(41803,469,0,215,1,'MEHMET AKİF ERSOY',1,0),(41804,469,0,215,1,'SARAÇLAR',1,0),(41805,469,0,215,1,'TOPÇUOĞLU',1,0),(41806,469,0,215,1,'YAVUZSELİM',1,0),(41807,469,0,215,1,'CANDAROĞULLARI',1,0),(41808,470,0,215,1,'BAĞLIK',1,0),(41809,470,0,215,1,'ÇAYIRCIK',1,0),(41810,470,0,215,1,'HACIVELİ',1,0),(41811,470,0,215,1,'KONAKÖREN',1,0),(41812,470,0,215,1,'MERKEZ',1,0),(41813,471,0,215,1,'ALINCA',1,0),(41814,471,0,215,1,'DANACI',1,0),(41815,471,0,215,1,'DİKMEN',1,0),(41816,471,0,215,1,'KETENCİLER',1,0),(41817,471,0,215,1,'KIRLARDERE',1,0),(41818,471,0,215,1,'MERKEZ',1,0),(41819,471,0,215,1,'ÖRENCİK',1,0),(41820,471,0,215,1,'SELMANLI',1,0),(41821,471,0,215,1,'SİNAN',1,0),(41822,471,0,215,1,'YAĞLICA',1,0),(41823,472,0,215,1,'ÇAY',1,0),(41824,472,0,215,1,'İNÖNÜ',1,0),(41825,472,0,215,1,'MESUDİYE',1,0),(41826,472,0,215,1,'YENİ',1,0),(41827,472,0,215,1,'YEŞİL',1,0),(41828,472,0,215,1,'YUKARIARAÇ',1,0),(41829,473,0,215,1,'BAHÇELİEVLER',1,0),(41830,473,0,215,1,'KARŞIYAKA',1,0),(41831,473,0,215,1,'MERKEZ',1,0),(41832,473,0,215,1,'YENİ',1,0),(41833,474,0,215,1,'HAMZA',1,0),(41834,474,0,215,1,'MERKEZ',1,0),(41835,474,0,215,1,'ŞEN',1,0),(41836,474,0,215,1,'YENİ',1,0),(41837,474,0,215,1,'YÜKSEK',1,0),(41838,475,0,215,1,'CUMHURİYET',1,0),(41839,475,0,215,1,'ECE',1,0),(41840,475,0,215,1,'KASABA',1,0),(41841,475,0,215,1,'KEMERLİ',1,0),(41842,475,0,215,1,'MEMİŞ',1,0),(41843,475,0,215,1,'NASUH',1,0),(41844,476,0,215,1,'ÇELEBİLER',1,0),(41845,476,0,215,1,'MERKEZ',1,0),(41846,477,0,215,1,'BEY',1,0),(41847,477,0,215,1,'KALEM',1,0),(41848,477,0,215,1,'KELEBEK',1,0),(41849,477,0,215,1,'MERKEZ',1,0),(41850,478,0,215,1,'AHİÇELEBİ',1,0),(41851,478,0,215,1,'ÇAYIRCIK',1,0),(41852,478,0,215,1,'ETÇİLER',1,0),(41853,478,0,215,1,'İSMAİLBEY',1,0),(41854,478,0,215,1,'KADİRBEY',1,0),(41855,478,0,215,1,'KURTŞEYH',1,0),(41856,478,0,215,1,'MÜTEVELLİ',1,0),(41857,478,0,215,1,'SAZKAYA',1,0),(41858,479,0,215,1,'HOCAKÖYÜ',1,0),(41859,479,0,215,1,'MERKEZ',1,0),(41860,480,0,215,1,'GELİNBÜKÜ',1,0),(41861,480,0,215,1,'MERKEZ',1,0),(41862,480,0,215,1,'VAKIF GEYMENE',1,0),(41863,481,0,215,1,'AFŞAR',1,0),(41864,481,0,215,1,'ELÇELEBİ',1,0),(41865,481,0,215,1,'ÇAY',1,0),(41866,481,0,215,1,'İSALAR',1,0),(41867,481,0,215,1,'KALFAT',1,0),(41868,481,0,215,1,'KUŞÇULAR',1,0),(41869,481,0,215,1,'SEVİNDİK',1,0),(41870,481,0,215,1,'SİPAHİLER',1,0),(41871,481,0,215,1,'YENİ',1,0),(41872,481,0,215,1,'YEŞİL',1,0),(41873,482,0,215,1,'AŞAĞIHATİPBAĞI',1,0),(41874,482,0,215,1,'AVARA',1,0),(41875,482,0,215,1,'BOYRAN',1,0),(41876,482,0,215,1,'CAMİKEBİR',1,0),(41877,482,0,215,1,'CÜNÜRYE',1,0),(41878,482,0,215,1,'KARACA',1,0),(41879,482,0,215,1,'KARADENİZ',1,0),(41880,482,0,215,1,'KIZILKARA',1,0),(41881,482,0,215,1,'YENİ',1,0),(41882,482,0,215,1,'YUKARIHATİPBAĞI',1,0),(41883,483,0,215,1,'CAMİEVSAT',1,0),(41884,483,0,215,1,'CAMİKEBİR',1,0),(41885,483,0,215,1,'MÜDERİS',1,0),(41886,483,0,215,1,'SAMAN',1,0),(41887,484,0,215,1,'ATATÜRK ',1,0),(41888,484,0,215,1,'FATİH',1,0),(41889,484,0,215,1,'CUMHURİYET',1,0),(41890,485,0,215,1,'AŞAĞIARSLANLI',1,0),(41891,485,0,215,1,'AYVATLAR',1,0),(41892,485,0,215,1,'BATIÖRCÜNLER',1,0),(41893,485,0,215,1,'DELİHACILAR',1,0),(41894,485,0,215,1,'DEMİRCİÖZÜ',1,0),(41895,485,0,215,1,'HACIKAYALAR',1,0),(41896,485,0,215,1,'MERKEZ',1,0),(41897,485,0,215,1,'YAĞLAR',1,0),(41898,485,0,215,1,'YAYLA',1,0),(41899,485,0,215,1,'YUKARIARSLANLI',1,0),(41900,486,0,215,1,'ÇEVRİK',1,0),(41901,486,0,215,1,'DİBEKLİ',1,0),(41902,486,0,215,1,'GÜNEYTEKKE',1,0),(41903,486,0,215,1,'KARAMAN',1,0),(41904,486,0,215,1,'KORUCAK',1,0),(41905,486,0,215,1,'KUZTEKKE',1,0),(41906,486,0,215,1,'MERKEZ',1,0),(41907,487,0,215,1,'AĞCIKİŞİ',1,0),(41908,487,0,215,1,'BAHÇELİEVLER',1,0),(41909,487,0,215,1,'CAMİKEBİR',1,0),(41910,487,0,215,1,'ETHEM',1,0),(41911,487,0,215,1,'GİZLİCE',1,0),(41912,487,0,215,1,'GÖKIRMAK',1,0),(41913,487,0,215,1,'HARMANCIK',1,0),(41914,487,0,215,1,'KARASAİT',1,0),(41915,487,0,215,1,'MUSALLA',1,0),(41916,487,0,215,1,'PULCULAR',1,0),(41917,487,0,215,1,'SÜMER',1,0),(41918,487,0,215,1,'TABAKHANE',1,0),(41919,487,0,215,1,'TEKKE',1,0),(41920,487,0,215,1,'ÜSTATLAR',1,0),(41921,488,0,215,1,'BAHÇELİEVLER',1,0),(41922,488,0,215,1,'CAMİATİK',1,0),(41923,488,0,215,1,'CUMHURİYET',1,0),(41924,488,0,215,1,'ÇATMA',1,0),(41925,488,0,215,1,'DERE',1,0),(41926,488,0,215,1,'DİLKÜŞA',1,0),(41927,488,0,215,1,'FEVZİPAŞA',1,0),(41928,488,0,215,1,'HACI KEMAL',1,0),(41929,488,0,215,1,'HACIPİR',1,0),(41930,488,0,215,1,'HARSAT',1,0),(41931,488,0,215,1,'HOCAFAKI',1,0),(41932,488,0,215,1,'HOCAİMAT',1,0),(41933,488,0,215,1,'İBNİ SELİM',1,0),(41934,488,0,215,1,'İLYASBEY',1,0),(41935,488,0,215,1,'KARGI',1,0),(41936,488,0,215,1,'KARŞIYAKA',1,0),(41937,488,0,215,1,'KUZYAKA',1,0),(41938,488,0,215,1,'MİMAR SİNAN',1,0),(41939,488,0,215,1,'PINARBAŞI',1,0),(41940,488,0,215,1,'ŞEH',1,0),(41941,488,0,215,1,'ŞEHREKÜSTÜ',1,0),(41942,488,0,215,1,'YAVUZ SELİM',1,0),(41943,488,0,215,1,'YUNUS EMRE',1,0),(41946,489,0,215,1,'ALSANCAK',1,0),(41947,489,0,215,1,'BARBAROS',1,0),(41948,489,0,215,1,'BEŞPARMAK',1,0),(41949,489,0,215,1,'BOZTEPE',1,0),(41950,489,0,215,1,'CAMİİKEBİR',1,0),(41951,489,0,215,1,'CENGİZ TOPEL',1,0),(41952,489,0,215,1,'CUMHURİYET',1,0),(41953,489,0,215,1,'CIRGALAN',1,0),(41954,489,0,215,1,'ERCİYESEVLER',1,0),(41955,489,0,215,1,'ESENTEPE',1,0),(41956,489,0,215,1,'FATİH',1,0),(41957,489,0,215,1,'FEVZİ ÇAKMAK',1,0),(41958,489,0,215,1,'FEVZİOĞLU',1,0),(41959,489,0,215,1,'GAZİOSMAN PAŞA',1,0),(41960,489,0,215,1,'GEVHERNESİBE',1,0),(41961,489,0,215,1,'HACI SAKİ',1,0),(41962,489,0,215,1,'HİLAL',1,0),(41963,489,0,215,1,'HOCA AHMET YESEVİ',1,0),(41964,489,0,215,1,'İSTASYON',1,0),(41965,489,0,215,1,'KOCASİNAN',1,0),(41966,489,0,215,1,'MEHMET AKİF ERSOY',1,0),(41967,489,0,215,1,'MEVLANA',1,0),(41968,489,0,215,1,'MİMARSİNAN',1,0),(41969,489,0,215,1,'MİTHATPAŞA',1,0),(41970,489,0,215,1,'ORUÇREİS',1,0),(41971,489,0,215,1,'ÖRNEKEVLER',1,0),(41972,489,0,215,1,'PLEVNE',1,0),(41973,489,0,215,1,'SAHABİYE',1,0),(41974,489,0,215,1,'SANAYİ',1,0),(41975,489,0,215,1,'SANCAKTEPE',1,0),(41976,489,0,215,1,'SARAY BOSNA',1,0),(41977,489,0,215,1,'SERÇEÖNÜ',1,0),(41978,489,0,215,1,'SEYRANİ',1,0),(41979,489,0,215,1,'SÜMER',1,0),(41980,489,0,215,1,'ŞEKER',1,0),(41981,489,0,215,1,'ŞİRİNEVLER',1,0),(41982,489,0,215,1,'TALATPAŞA',1,0),(41983,489,0,215,1,'TANPINAR',1,0),(41984,489,0,215,1,'TURGUT REİS',1,0),(41985,489,0,215,1,'UĞUREVLER',1,0),(41986,489,0,215,1,'YAVUZ',1,0),(41987,489,0,215,1,'YAVUZSELİM',1,0),(41988,489,0,215,1,'YENİ',1,0),(41989,489,0,215,1,'YENİDOĞAN',1,0),(41990,489,0,215,1,'YENİPERVANE',1,0),(41991,489,0,215,1,'YENİŞEHİR',1,0),(41992,489,0,215,1,'YEŞİL',1,0),(41993,489,0,215,1,'YILDIZEVLER',1,0),(41994,489,0,215,1,'YUNUSEMRE',1,0),(41995,489,0,215,1,'ZİYAGÖKALP',1,0),(41996,489,0,215,1,'ZÜMRÜT',1,0),(41997,489,0,215,1,'YAZIR',1,0),(41998,489,0,215,1,'OYMAAĞAÇ',1,0),(41999,489,0,215,1,'BUĞDAYLI',1,0),(42000,489,0,215,1,'ELAGÖZ',1,0),(42001,489,0,215,1,'AKCATEPE',1,0),(42002,489,0,215,1,'HASAN ARPA',1,0),(42003,489,0,215,1,'BEYAZŞEHİR',1,0),(42004,489,0,215,1,'AHİ EVRAN',1,0),(42005,489,0,215,1,'ARABİDİN',1,0),(42006,489,0,215,1,'ERKİLET CAMİİKEBİR',1,0),(42007,489,0,215,1,'DERE',1,0),(42008,489,0,215,1,'GENERAL EMİR ERKİLET',1,0),(42009,489,0,215,1,'ERKİLET MEHMET AKİF ERSOY',1,0),(42010,489,0,215,1,'TEPE',1,0),(42011,489,0,215,1,'YUKARI',1,0),(42012,489,0,215,1,'ZADE',1,0),(42013,489,0,215,1,'100.YIL',1,0),(42014,489,0,215,1,'VATAN',1,0),(42015,489,0,215,1,'KEMER',1,0),(42016,489,0,215,1,'DADAĞI',1,0),(42017,489,0,215,1,'OSMAN GAZİ',1,0),(42018,489,0,215,1,'KIZILIRMAK',1,0),(42019,489,0,215,1,'EBİÇ MEVLANA',1,0),(42020,489,0,215,1,'KUŞÇU YENİ',1,0),(42021,489,0,215,1,'BOYACI',1,0),(42022,489,0,215,1,'AKİN',1,0),(42023,489,0,215,1,'GÜNDOĞAN',1,0),(42024,489,0,215,1,'MAHZEMİN YENİ',1,0),(42025,489,0,215,1,'BAHÇELİEVLER',1,0),(42026,489,0,215,1,'GÜNEŞLİ CUMHURİYET',1,0),(42027,489,0,215,1,'KALE',1,0),(42028,489,0,215,1,'SALUR',1,0),(42029,489,0,215,1,'KIZIK',1,0),(42030,489,0,215,1,'KARAHÖYÜK',1,0),(42031,489,0,215,1,'GÖMEÇ',1,0),(42042,490,0,215,1,'ALPASLAN',1,0),(42043,490,0,215,1,'ALTINOLUK',1,0),(42044,490,0,215,1,'ANAFARTALAR',1,0),(42045,490,0,215,1,'ANBAR',1,0),(42046,490,0,215,1,'AYDINLIKEVLER',1,0),(42047,490,0,215,1,'BATTALGAZİ',1,0),(42048,490,0,215,1,'CAFERBEY',1,0),(42049,490,0,215,1,'CAMİKEBİR',1,0),(42050,490,0,215,1,'CUMHURİYET',1,0),(42051,490,0,215,1,'ÇORAKÇILAR',1,0),(42052,490,0,215,1,'DANİŞMEND GAZİ',1,0),(42053,490,0,215,1,'EĞRİBUCAK',1,0),(42054,490,0,215,1,'ERENKÖY',1,0),(42055,490,0,215,1,'ESENTEPE',1,0),(42056,490,0,215,1,'ESENYURT',1,0),(42057,490,0,215,1,'GERMİR',1,0),(42058,490,0,215,1,'GÜLTEPE',1,0),(42059,490,0,215,1,'GÜLÜK',1,0),(42060,490,0,215,1,'HÜRRİYET',1,0),(42061,490,0,215,1,'KARACAOĞLU',1,0),(42062,490,0,215,1,'KAZIMKARABEKİR',1,0),(42063,490,0,215,1,'KEMERALTI',1,0),(42064,490,0,215,1,'KEYKUBAT',1,0),(42065,490,0,215,1,'KILIÇASLAN',1,0),(42066,490,0,215,1,'KİÇİKAPI',1,0),(42067,490,0,215,1,'KOCATEPE',1,0),(42068,490,0,215,1,'KÖŞK',1,0),(42069,490,0,215,1,'KÜÇÜK MUSTAFA',1,0),(42070,490,0,215,1,'KÜÇÜKALİ',1,0),(42071,490,0,215,1,'MELİKGAZİ',1,0),(42072,490,0,215,1,'NURİHAS',1,0),(42073,490,0,215,1,'OSMANLI',1,0),(42074,490,0,215,1,'SAKARYA',1,0),(42075,490,0,215,1,'SELÇUKLU',1,0),(42076,490,0,215,1,'SELİMİYE',1,0),(42077,490,0,215,1,'SEYİTGAZİ',1,0),(42078,490,0,215,1,'ŞEHİT NAZIMBEY',1,0),(42079,490,0,215,1,'TACETTİN VELİ',1,0),(42080,490,0,215,1,'TINAZTEPE',1,0),(42081,490,0,215,1,'HUNAT',1,0),(42082,490,0,215,1,'YENİ',1,0),(42083,490,0,215,1,'YENİKÖY',1,0),(42084,490,0,215,1,'YILDIRIM BEYAZIT',1,0),(42085,490,0,215,1,'19 MAYIS',1,0),(42086,490,0,215,1,'30 AĞUSTOS',1,0),(42087,490,0,215,1,'TAVLUSUN',1,0),(42088,490,0,215,1,'GÖKKENT',1,0),(42089,490,0,215,1,'YEŞİLYURT',1,0),(42090,490,0,215,1,'KONAKLAR',1,0),(42091,490,0,215,1,'İNECİK',1,0),(42092,490,0,215,1,'OSMAN KAVUNCU ',1,0),(42093,490,0,215,1,'BECEN',1,0),(42094,490,0,215,1,'KAYSERİOSB',1,0),(42095,490,0,215,1,'İBRAHİM TENNURİ',1,0),(42096,490,0,215,1,'ERCİYES ',1,0),(42097,490,0,215,1,'BAHÇELİEVLER',1,0),(42098,490,0,215,1,'KIRANARDI CUMHURİYET',1,0),(42099,490,0,215,1,'KIRANARDI FATİH',1,0),(42100,490,0,215,1,'MİMARSİNANBAHÇELİEVLER',1,0),(42101,490,0,215,1,'MİMARSİNANDERE',1,0),(42102,490,0,215,1,'MİMARSİNANFATİH',1,0),(42103,490,0,215,1,'MİMARSİNANKAYAPUL',1,0),(42104,490,0,215,1,'MİMARSİNANŞİRİNTEPE',1,0),(42105,490,0,215,1,'MİMARSİNAN OSB',1,0),(42106,490,0,215,1,'BAHÇELİ',1,0),(42107,490,0,215,1,'GESİ CUMHURİYET',1,0),(42108,490,0,215,1,'GESİ FATİH',1,0),(42109,490,0,215,1,'GÜNEY',1,0),(42110,490,0,215,1,'KUZEY',1,0),(42111,490,0,215,1,'ÖZLÜCE',1,0),(42112,490,0,215,1,'KAYABAĞ',1,0),(42113,490,0,215,1,'GÜZELKÖY',1,0),(42114,490,0,215,1,'BAĞPINAR',1,0),(42119,490,0,215,1,'PINAR',1,0),(42120,490,0,215,1,'YEŞİL',1,0),(42121,490,0,215,1,'SUBAŞI',1,0),(42122,490,0,215,1,'KÜÇÜKBÜRÜNGÜZ',1,0),(42123,490,0,215,1,'TURAN',1,0),(42124,491,0,215,1,'ŞEN',1,0),(42125,491,0,215,1,'UĞURLU',1,0),(42126,491,0,215,1,'YENİ',1,0),(42127,491,0,215,1,'YEŞİL',1,0),(42128,491,0,215,1,'YUKARI',1,0),(42137,492,0,215,1,'BAYRAMLI',1,0),(42138,492,0,215,1,'CAMİİCEDİT',1,0),(42139,492,0,215,1,'CAMİİKEBİR',1,0),(42140,492,0,215,1,'CUMHURİYET',1,0),(42141,492,0,215,1,'DERVİŞAĞA',1,0),(42142,492,0,215,1,'DOĞANLAR',1,0),(42143,492,0,215,1,'FATİH',1,0),(42144,492,0,215,1,'İBRAHİMBEY',1,0),(42145,492,0,215,1,'SAĞLIK',1,0),(42146,492,0,215,1,'SÜMER',1,0),(42147,492,0,215,1,'YAVUZ SELİM',1,0),(42148,492,0,215,1,'YENİ',1,0),(42149,492,0,215,1,'YENİCE',1,0),(42150,490,0,215,1,'BÜYÜKBÜRÜNGÜZ FATİH',1,0),(42151,490,0,215,1,'BÜYÜKBÜRÜNGÜZ YAVUZ',1,0),(42171,493,0,215,1,'ABDULBAKİ',1,0),(42172,493,0,215,1,'ALPASLAN',1,0),(42173,493,0,215,1,'AŞAĞIEVEREK',1,0),(42174,493,0,215,1,'AŞIK SEYRANİ',1,0),(42175,493,0,215,1,'BAHÇEBAŞI',1,0),(42176,493,0,215,1,'BAHÇELİEVLER',1,0),(42177,493,0,215,1,'CAMİİCEDİT',1,0),(42178,493,0,215,1,'DEVELİ CAMİKEBİR',1,0),(42179,493,0,215,1,'CUMHURİYET',1,0),(42180,493,0,215,1,'E.CAMİİKEBİR',1,0),(42181,493,0,215,1,'FATİH',1,0),(42182,493,0,215,1,'FENESEAŞAĞI',1,0),(42183,493,0,215,1,'FENESEYUKARI',1,0),(42184,493,0,215,1,'GÜNEYAŞAĞI',1,0),(42185,493,0,215,1,'GÜNEYYUKARI',1,0),(42186,493,0,215,1,'HARMAN',1,0),(42187,493,0,215,1,'İBRAHİMAĞA',1,0),(42188,493,0,215,1,'İZMİRLİ',1,0),(42189,493,0,215,1,'KOPÇULLU',1,0),(42190,493,0,215,1,'MEHMET AKİF ERSOY',1,0),(42191,493,0,215,1,'MUSTAFA ASIM KÖKSAL',1,0),(42192,493,0,215,1,'REŞADİYE',1,0),(42193,493,0,215,1,'ŞHT.ÜSTĞM.HASAN ŞAHAN',1,0),(42194,493,0,215,1,'YEDEK',1,0),(42195,493,0,215,1,'YENİ',1,0),(42196,493,0,215,1,'YÜZEVLER',1,0),(42210,494,0,215,1,'BEYLER',1,0),(42211,494,0,215,1,'CUMHURİYET',1,0),(42212,494,0,215,1,'KALE',1,0),(42213,494,0,215,1,'YENİ',1,0),(42219,495,0,215,1,'AKDAM',1,0),(42220,495,0,215,1,'AKYAZI',1,0),(42221,495,0,215,1,'AŞAĞI',1,0),(42222,495,0,215,1,'BEĞENDİK',1,0),(42223,495,0,215,1,'ERCİYES',1,0),(42224,495,0,215,1,'ORTA',1,0),(42225,495,0,215,1,'YEDİAĞAÇ',1,0),(42226,495,0,215,1,'YENİ',1,0),(42227,495,0,215,1,'YUKARI',1,0),(42228,495,0,215,1,'HÜRMETCİ',1,0),(42231,496,0,215,1,'BAHÇELİEVLER',1,0),(42232,496,0,215,1,'BULGURCU',1,0),(42233,496,0,215,1,'FIRINÖNÜ',1,0),(42234,496,0,215,1,'GÖNENKENT',1,0),(42235,496,0,215,1,'VALİ İHSAN ARAS',1,0),(42236,496,0,215,1,'KARAKOYUNLU',1,0),(42237,496,0,215,1,'KARAMUSTAFAPAŞA',1,0),(42238,496,0,215,1,'SEMERKENT',1,0),(42239,496,0,215,1,'YARIM',1,0),(42240,496,0,215,1,'YENİ CAMİİ',1,0),(42241,496,0,215,1,'SARIKÜRKLÜ',1,0),(42242,496,0,215,1,'ÖRENŞEHİR',1,0),(42243,496,0,215,1,'DOKUZPINAR',1,0),(42244,496,0,215,1,'ÇARDAKLI',1,0),(42245,496,0,215,1,'GARİPÇE',1,0),(42246,496,0,215,1,'SULTANSAZI',1,0),(42247,496,0,215,1,'AŞAĞI',1,0),(42248,496,0,215,1,'AVŞAR',1,0),(42249,496,0,215,1,'GÜNEY',1,0),(42250,496,0,215,1,'ORTA',1,0),(42251,496,0,215,1,'ÖTEBATAN',1,0),(42252,496,0,215,1,'TABAKLI',1,0),(42253,496,0,215,1,'CUMHURİYET',1,0),(42254,496,0,215,1,'HÜRRİYET',1,0),(42255,496,0,215,1,'ZAFER',1,0),(42256,497,0,215,1,'GÜNEY',1,0),(42257,497,0,215,1,'KALE',1,0),(42258,497,0,215,1,'YENİ',1,0),(42259,497,0,215,1,'BAHÇELİ EVLER',1,0),(42260,497,0,215,1,'ALPARSLAN',1,0),(42261,497,0,215,1,'AŞAĞI BOĞAZİÇİ',1,0),(42262,497,0,215,1,'YUKARI BOĞAZİÇİ',1,0),(42263,497,0,215,1,'CUMHURİYET',1,0),(42267,498,0,215,1,'GÜMÜŞGÜN',1,0),(42268,498,0,215,1,'GÜNEY',1,0),(42269,498,0,215,1,'HÜRRİYET',1,0),(42270,498,0,215,1,'İNÖNÜ',1,0),(42271,498,0,215,1,'KAYAÖNÜ',1,0),(42272,498,0,215,1,'KERİMOĞLU',1,0),(42273,498,0,215,1,'UZUNYOL',1,0),(42274,498,0,215,1,'YENİCAMİ',1,0),(42275,498,0,215,1,'YENİOCAK',1,0),(42284,499,0,215,1,'BAKARCAK',1,0),(42285,499,0,215,1,'GÜZELYAZI',1,0),(42286,499,0,215,1,'ŞENYURT',1,0),(42300,500,0,215,1,'BAHÇELİ',1,0),(42301,500,0,215,1,'ÇATALPINAR',1,0),(42302,500,0,215,1,'GÜNESEN',1,0),(42303,500,0,215,1,'İNCEDERE',1,0),(42304,500,0,215,1,'KIZILPINAR',1,0),(42305,500,0,215,1,'KURDİNİ',1,0),(42306,500,0,215,1,'KUŞÇU',1,0),(42307,500,0,215,1,'YENİ',1,0),(42313,501,0,215,1,'BAHÇELİEVLER',1,0),(42314,501,0,215,1,'ENDÜRLÜK',1,0),(42315,501,0,215,1,'HAN',1,0),(42316,501,0,215,1,'HARMAN',1,0),(42317,501,0,215,1,'KİÇİKÖY',1,0),(42318,501,0,215,1,'MEVLANA',1,0),(42319,501,0,215,1,'TABLAKAYA',1,0),(42320,501,0,215,1,'YENİDOĞAN',1,0),(42321,501,0,215,1,'YUKARI',1,0),(42322,501,0,215,1,'GAZİLER',1,0),(42323,501,0,215,1,'UFUK',1,0),(42324,501,0,215,1,'YILDIZTEPE',1,0),(42325,501,0,215,1,'YAZILI',1,0),(42326,501,0,215,1,'GÜLİSTANEVLER',1,0),(42327,501,0,215,1,'REŞADİYE',1,0),(42328,501,0,215,1,'ZAFER',1,0),(42329,501,0,215,1,'ÇATAKDERE',1,0),(42330,501,0,215,1,'CUMHURİYET',1,0),(42331,501,0,215,1,'ZİNCİDERE',1,0),(42332,501,0,215,1,'AKÇAKAYA',1,0),(42333,501,0,215,1,'CEBİR',1,0),(42334,502,0,215,1,'CUMHURİYET',1,0),(42335,502,0,215,1,'KURTULUŞ',1,0),(42336,502,0,215,1,'SARIMEHMETLİ',1,0),(42337,502,0,215,1,'YAVUZSELİM',1,0),(42338,502,0,215,1,'YENİ',1,0),(42345,503,0,215,1,'CAMİKEBİR',1,0),(42346,503,0,215,1,'ÇİĞİLLİ',1,0),(42347,503,0,215,1,'FETULLAH',1,0),(42348,503,0,215,1,'FEVZİÇAKMAK',1,0),(42349,503,0,215,1,'GAZİBEYLİ',1,0),(42350,503,0,215,1,'İSMET',1,0),(42351,503,0,215,1,'KAVACIK',1,0),(42352,503,0,215,1,'MADAZI',1,0),(42353,503,0,215,1,'SEYDİLİ',1,0),(42354,503,0,215,1,'YENİCE',1,0),(42355,503,0,215,1,'100.YIL',1,0),(42356,503,0,215,1,'75.YIL',1,0),(42361,504,0,215,1,'BEYLERYUKARI',1,0),(42362,504,0,215,1,'CAMİKEBİR',1,0),(42363,504,0,215,1,'CUMHURİYET',1,0),(42364,504,0,215,1,'ÇARDAKLI',1,0),(42365,504,0,215,1,'FATİH',1,0),(42366,504,0,215,1,'FEVZİOĞLU',1,0),(42367,504,0,215,1,'GÜNEY',1,0),(42368,504,0,215,1,'İDRİS',1,0),(42369,504,0,215,1,'KARACABEY',1,0),(42370,504,0,215,1,'KELER',1,0),(42371,504,0,215,1,'KÖŞK',1,0),(42372,504,0,215,1,'KUZEY',1,0),(42373,504,0,215,1,'MAHMUDİYE',1,0),(42374,504,0,215,1,'YAVUZ SELİM',1,0),(42375,504,0,215,1,'YENİŞEHİR',1,0),(42376,505,0,215,1,'AKALAR',1,0),(42377,505,0,215,1,'BADEMLİK',1,0),(42378,505,0,215,1,'CUMHURİYET',1,0),(42379,505,0,215,1,'DEMİRTAŞ',1,0),(42380,505,0,215,1,'DOĞU',1,0),(42381,505,0,215,1,'İSTASYON',1,0),(42382,505,0,215,1,'KARACAİBRAHİM',1,0),(42383,505,0,215,1,'KARAHIDIR',1,0),(42384,505,0,215,1,'KARAKAŞ',1,0),(42385,505,0,215,1,'KOCAHIDIR',1,0),(42386,505,0,215,1,'PINAR',1,0),(49896,505,0,215,1,'YAYLA',1,0),(49909,506,0,215,1,'ATATÜRK',1,0),(49910,506,0,215,1,'CUMHURİYET',1,0),(49911,506,0,215,1,'DİNDOĞRU',1,0),(49912,506,0,215,1,'FEVZİ ÇAKMAK',1,0),(49913,506,0,215,1,'HACIHASAN',1,0),(49914,506,0,215,1,'HAMİDİYE',1,0),(49915,506,0,215,1,'KURTULUŞ',1,0),(49916,506,0,215,1,'GAZİKEMAL',1,0),(49917,506,0,215,1,'GAZİOSMANPAŞA',1,0),(49932,507,0,215,1,'HAMDİBEY',1,0),(49933,507,0,215,1,'ORHANİYE',1,0),(49934,507,0,215,1,'YENİ',1,0),(49937,508,0,215,1,'YENİ',1,0),(49938,508,0,215,1,'YEŞİLLİK',1,0),(49939,509,0,215,1,'ATATÜRK',1,0),(49940,509,0,215,1,'BARIŞ',1,0),(49941,509,0,215,1,'CUMHURİYET',1,0),(49942,509,0,215,1,'DERE',1,0),(49943,509,0,215,1,'DURAK',1,0),(49944,509,0,215,1,'GENÇLİK',1,0),(49945,509,0,215,1,'GÜNDOĞU',1,0),(49946,509,0,215,1,'GÜNEŞ',1,0),(49947,509,0,215,1,'HÜRRİYET',1,0),(49948,509,0,215,1,'İNÖNÜ',1,0),(49949,509,0,215,1,'İSTİKLAL',1,0),(49950,509,0,215,1,'KOCASİNAN',1,0),(49951,509,0,215,1,'KURTULUŞ',1,0),(49952,509,0,215,1,'ÖZERLER',1,0),(49953,509,0,215,1,'SARIMSAKLI',1,0),(49954,509,0,215,1,'SEVGİ',1,0),(49955,509,0,215,1,'SİTELER',1,0),(49956,509,0,215,1,'YENİ',1,0),(49957,509,0,215,1,'YILDIRIM',1,0),(49958,509,0,215,1,'YILDIZ',1,0),(49959,509,0,215,1,'YILMAZ',1,0),(49960,509,0,215,1,'ZAFER',1,0),(49961,509,0,215,1,'8 KASIM',1,0),(49975,510,0,215,1,'ERGENE',1,0),(49976,510,0,215,1,'KAZIMDİRİK',1,0),(49977,510,0,215,1,'KURTULUŞ',1,0),(49978,511,0,215,1,'BEYLİK',1,0),(49979,511,0,215,1,'CAMİİKEBİR',1,0),(49980,511,0,215,1,'DERE',1,0),(49981,511,0,215,1,'ORTA',1,0),(49987,512,0,215,1,'DEVLET',1,0),(49988,512,0,215,1,'EVREN',1,0),(49989,512,0,215,1,'GAZİ',1,0),(49990,512,0,215,1,'MEHMET AKİF',1,0),(49991,512,0,215,1,'MİMAR SİNAN',1,0),(49992,512,0,215,1,'NAMIK KEMAL',1,0),(50002,513,0,215,1,'AHİEVRAN',1,0),(50003,513,0,215,1,'AŞIKPAŞA',1,0),(50004,513,0,215,1,'BAĞBAŞI',1,0),(50005,513,0,215,1,'BAHÇELİEVLER',1,0),(50006,513,0,215,1,'ÇUKURÇAYIR',1,0),(50007,513,0,215,1,'GÖLHİSAR',1,0),(50008,513,0,215,1,'GÜLDİKEN',1,0),(50009,513,0,215,1,'KAYABAŞI',1,0),(50010,513,0,215,1,'KERVANSARAY',1,0),(50011,513,0,215,1,'KINDAM',1,0),(50012,513,0,215,1,'KUŞDİLLİ',1,0),(50013,513,0,215,1,'MEDRESE',1,0),(50014,513,0,215,1,'NASUHDEDE',1,0),(50015,513,0,215,1,'YENİCE',1,0),(50016,513,0,215,1,'GÜLDİKENOSB',1,0),(50039,514,0,215,1,'ŞEHRİCEDİD',1,0),(50040,514,0,215,1,'YENİKENT',1,0),(50041,514,0,215,1,'YENİYAPAN',1,0),(50045,515,0,215,1,'ALİPAŞA',1,0),(50046,515,0,215,1,'CUMHURİYET',1,0),(50047,515,0,215,1,'HACI HÜSEYİN EFENDİ',1,0),(50048,515,0,215,1,'KALEYAZI',1,0),(50049,515,0,215,1,'ŞİRİNEVLER',1,0),(50050,515,0,215,1,'YENİDOĞAN',1,0),(50061,516,0,215,1,'BAĞBAŞI',1,0),(50062,516,0,215,1,'ORTA',1,0),(50063,516,0,215,1,'YENİ',1,0),(50067,517,0,215,1,'BAĞLARBAŞI',1,0),(50068,517,0,215,1,'BOYALIK',1,0),(50069,517,0,215,1,'FATİH',1,0),(50070,517,0,215,1,'FEVZİ ÇAKMAK',1,0),(50071,517,0,215,1,'OSMAN ŞEVKİ',1,0),(50072,517,0,215,1,'YENİ',1,0),(50073,517,0,215,1,'YENİŞEHİR',1,0),(50083,518,0,215,1,'BAHÇELİEVLER',1,0),(50084,518,0,215,1,'CUMA',1,0),(50085,518,0,215,1,'ÇİFTLİKLİ',1,0),(50086,518,0,215,1,'DARIÖZÜ',1,0),(50087,518,0,215,1,'GAFFAR',1,0),(50088,518,0,215,1,'HACIPINAR',1,0),(50089,518,0,215,1,'MÜDERRİS',1,0),(50090,518,0,215,1,'ORTA',1,0),(50091,518,0,215,1,'SARIUŞAĞI',1,0),(50092,518,0,215,1,'YENİ',1,0),(50093,518,0,215,1,'ZİYARETTEPE',1,0),(50128,519,0,215,1,'ACIÖZ',1,0),(50129,519,0,215,1,'HAMİDİYE',1,0),(50130,519,0,215,1,'KARŞIYAKA',1,0),(50131,519,0,215,1,'OSMANGAZİ',1,0),(50132,519,0,215,1,'SOLAKLI',1,0),(50133,519,0,215,1,'ŞATIROĞLU',1,0),(50134,519,0,215,1,'YENİCE',1,0),(50135,959,0,215,1,'BEKİRDERE',1,0),(50136,959,0,215,1,'ERENLER',1,0),(50137,959,0,215,1,'GÜNDOĞDU',1,0),(50138,959,0,215,1,'KADIKÖY',1,0),(50139,959,0,215,1,'M.ALİPAŞA',1,0),(50140,959,0,215,1,'TAVŞANTEPE',1,0),(50141,959,0,215,1,'YAHYAKAPTAN',1,0),(50142,959,0,215,1,'YENİŞEHİR',1,0),(50143,959,0,215,1,'YEŞİLOVA',1,0),(50144,959,0,215,1,'28 HAZİRAN',1,0),(50145,959,0,215,1,'MALTA',1,0),(50146,959,0,215,1,'AYAZMA',1,0),(50147,959,0,215,1,'TEPEKÖY',1,0),(50148,959,0,215,1,'AKÇAKOCA',1,0),(50149,959,0,215,1,'CEDİT',1,0),(50150,959,0,215,1,'CUMHURİYET',1,0),(50151,959,0,215,1,'ÇUKURBAĞ',1,0),(50152,959,0,215,1,'FATİH',1,0),(50153,959,0,215,1,'GÜLTEPE',1,0),(50154,959,0,215,1,'HACIHASAN',1,0),(50155,959,0,215,1,'HACIHIZIR',1,0),(50156,959,0,215,1,'KARABAŞ',1,0),(50157,959,0,215,1,'KEMALPAŞA',1,0),(50158,959,0,215,1,'KOZLUK',1,0),(50159,959,0,215,1,'KÖRFEZ',1,0),(50160,959,0,215,1,'ORHAN',1,0),(50161,959,0,215,1,'ÖMERAĞA',1,0),(50162,959,0,215,1,'SANAYİ',1,0),(50163,959,0,215,1,'SERDAR',1,0),(50164,959,0,215,1,'ŞİRİNTEPE',1,0),(50165,959,0,215,1,'TEPECİK',1,0),(50166,959,0,215,1,'TERZİ BAYIRI',1,0),(50167,959,0,215,1,'TOPÇULAR',1,0),(50168,959,0,215,1,'TURGUT',1,0),(50169,959,0,215,1,'VELİAHMET',1,0),(50170,959,0,215,1,'YENİ',1,0),(50171,959,0,215,1,'YENİDOĞAN',1,0),(50172,959,0,215,1,'ZABITAN',1,0),(50173,959,0,215,1,'TÜYSÜZLER',1,0),(50174,959,0,215,1,'ALİKAHYA CUMHURİYET',1,0),(50175,959,0,215,1,'ALİKAHYA ATATÜRK',1,0),(50176,959,0,215,1,'ALİKAHYA FATİH',1,0),(50177,959,0,215,1,'KARADENİZLİLER',1,0),(50178,959,0,215,1,'ALİKAHYA MERKEZ',1,0),(50179,959,0,215,1,'AKARCA',1,0),(50180,959,0,215,1,'FEVZİ ÇAKMAK',1,0),(50181,959,0,215,1,'ATATÜRK',1,0),(50182,960,0,215,1,'ADNAN MENDERES',1,0),(50183,960,0,215,1,'BAŞARAN',1,0),(50184,960,0,215,1,'ARSLANBEY ORTA',1,0),(50185,960,0,215,1,'ŞEVKATİYE',1,0),(50186,960,0,215,1,'RAHMİYE',1,0),(50187,960,0,215,1,'DUMLUPINAR',1,0),(50188,960,0,215,1,'FATİH',1,0),(50189,960,0,215,1,'FINDIKLI',1,0),(50190,960,0,215,1,'GAZİLER',1,0),(50191,960,0,215,1,'HACI HALİM',1,0),(50192,960,0,215,1,'HACI MUSTAFA',1,0),(50193,960,0,215,1,'İSTASYON',1,0),(50194,960,0,215,1,'TEPECİK',1,0),(50195,960,0,215,1,'ULUS',1,0),(50196,960,0,215,1,'17 AĞUSTOS',1,0),(50197,955,0,215,1,'KARADENİZLİLER',1,0),(50198,955,0,215,1,'MAHMUTPAŞA',1,0),(50199,955,0,215,1,'MEHMETAĞA',1,0),(50200,955,0,215,1,'OVACIK',1,0),(50201,955,0,215,1,'TEPECİK',1,0),(50202,955,0,215,1,'VEZİRÇİFTLİĞİ',1,0),(50203,955,0,215,1,'KULLAR YAKACIK',1,0),(50204,955,0,215,1,'YAYLACIK',1,0),(50205,959,0,215,1,'DOĞAN',1,0),(50206,959,0,215,1,'KURUÇEŞME FATİH',1,0),(50207,959,0,215,1,'HATİPKÖY',1,0),(50208,959,0,215,1,'KOCATEPE',1,0),(50209,960,0,215,1,'BAKIRLI',1,0),(50210,960,0,215,1,'SARIMEŞE HÜRRİYET',1,0),(50211,960,0,215,1,'KIZILCIKLIK',1,0),(50212,960,0,215,1,'TEPE TARLA',1,0),(50213,960,0,215,1,'ÇEPNİ',1,0),(50214,960,0,215,1,'KARTEPE',1,0),(50215,960,0,215,1,'KESTANELİK',1,0),(50216,960,0,215,1,'SUADİYE ORTA',1,0),(50217,960,0,215,1,'SELÇUKLU',1,0),(50218,960,0,215,1,'ATAKENT',1,0),(50219,960,0,215,1,'BAHÇELİEVLER',1,0),(50220,960,0,215,1,'BEŞEVLER',1,0),(50221,960,0,215,1,'CUMHURİYET',1,0),(50222,960,0,215,1,'ÇAMLIK',1,0),(50223,960,0,215,1,'ÇİFTLİK',1,0),(50224,960,0,215,1,'EMEK',1,0),(50225,960,0,215,1,'HASANPAŞA',1,0),(50226,960,0,215,1,'UZUNÇİFTLİK HÜRRİYET',1,0),(50227,960,0,215,1,'KİRAZOĞLU',1,0),(50228,960,0,215,1,'KONAK',1,0),(50229,960,0,215,1,'PETROL',1,0),(50230,960,0,215,1,'UZUNBEY',1,0),(50231,959,0,215,1,'AKMEŞE ATATÜRK',1,0),(50232,959,0,215,1,'AKMEŞE CUMHURİYET',1,0),(50233,955,0,215,1,'DAMLAR',1,0),(50234,955,0,215,1,'HAVUZLU BAHÇE',1,0),(50235,955,0,215,1,'KILIÇARSLAN',1,0),(50236,955,0,215,1,'KÖRFEZ',1,0),(50237,955,0,215,1,'SEYMEN',1,0),(50238,955,0,215,1,'ŞEHİT EKREM',1,0),(50239,955,0,215,1,'YEŞİLKENT',1,0),(50240,955,0,215,1,'BARBAROS',1,0),(50241,955,0,215,1,'BAŞİSKELE',1,0),(50242,955,0,215,1,'MERKEZ',1,0),(50243,955,0,215,1,'ALTINKENT',1,0),(50244,955,0,215,1,'KARŞIYAKA',1,0),(50245,955,0,215,1,'YENİKÖY MERKEZ',1,0),(50246,955,0,215,1,'SEPETLİPINAR',1,0),(50247,955,0,215,1,'YUVACIK BAŞİSKELE',1,0),(50248,955,0,215,1,'FATİH',1,0),(50249,955,0,215,1,'SERDAR',1,0),(50250,955,0,215,1,'YUVACIK YAKACIK',1,0),(50251,955,0,215,1,'AYDINKENT',1,0),(50252,955,0,215,1,'PAŞADAĞ',1,0),(50253,960,0,215,1,'KÖRFEZ',1,0),(50254,960,0,215,1,'MARMARA',1,0),(50255,960,0,215,1,'HİKMETİYE',1,0),(50256,960,0,215,1,'FATİH SULTAN MEHMET',1,0),(50257,960,0,215,1,'YAVUZ SULTAN SELİM',1,0),(50258,960,0,215,1,'ESKİ EŞME',1,0),(50259,960,0,215,1,'YENİ EŞME',1,0),(50260,960,0,215,1,'ÇINARLI',1,0),(50261,960,0,215,1,'SOĞUKSU',1,0),(50262,960,0,215,1,'İBRİKDERE',1,0),(50263,960,0,215,1,'KAZAKBURUN',1,0),(50264,960,0,215,1,'UZUNTARLA MERKEZ',1,0),(50265,960,0,215,1,'BAĞDAT',1,0),(50266,960,0,215,1,'YEŞİLTEPE',1,0),(50267,957,0,215,1,'ABDİ İPEKÇİ',1,0),(50268,521,0,215,1,'ADEM YAVUZ',1,0),(50269,521,0,215,1,'ARAPÇEŞME',1,0),(50270,521,0,215,1,'BARIŞ',1,0),(50271,521,0,215,1,'BEYLİKBAĞI',1,0),(50272,521,0,215,1,'CUMHURİYET',1,0),(50273,956,0,215,1,'ÇAYIROVA',1,0),(50274,521,0,215,1,'GAZİLER',1,0),(50275,521,0,215,1,'GÜZELLER',1,0),(50276,521,0,215,1,'HACIHALİL',1,0),(50277,521,0,215,1,'HÜRRİYET',1,0),(50278,521,0,215,1,'İNÖNÜ',1,0),(50279,521,0,215,1,'İSTASYON',1,0),(50280,521,0,215,1,'KÖŞKLÜ ÇEŞME',1,0),(50281,521,0,215,1,'MİMAR SİNAN',1,0),(50282,521,0,215,1,'MUSTAFAPAŞA',1,0),(50283,521,0,215,1,'OSMAN YILMAZ',1,0),(50284,957,0,215,1,'SIRA SÖĞÜTLER',1,0),(50285,521,0,215,1,'SULTAN ORHAN',1,0),(50286,521,0,215,1,'TATLIKUYU',1,0),(50287,521,0,215,1,'ULUS',1,0),(50288,521,0,215,1,'YAVUZ SELİM',1,0),(50289,521,0,215,1,'YENİKENT',1,0),(50290,956,0,215,1,'YENİ',1,0),(50291,521,0,215,1,'KİRAZPINAR',1,0),(50292,521,0,215,1,'MEVLANA',1,0),(50293,521,0,215,1,'İNÖNÜ MAH GEBZE PLASTİKÇİLER OSB',1,0),(50294,521,0,215,1,'İNÖNÜ MAH.GEBZE GÜZELLER OSB',1,0),(50295,521,0,215,1,'GEBZE OSB',1,0),(50296,956,0,215,1,'AKSE',1,0),(50297,956,0,215,1,'ATATÜRK',1,0),(50298,956,0,215,1,'EMEK',1,0),(50299,956,0,215,1,'İNÖNÜ',1,0),(50300,956,0,215,1,'ÖZGÜRLÜK',1,0),(50303,958,0,215,1,'CUMHURİYET',1,0),(50304,958,0,215,1,'DİLİSKELESİ',1,0),(50305,958,0,215,1,'FATİH',1,0),(50306,958,0,215,1,'MİMAR SİNAN',1,0),(50307,958,0,215,1,'ORHANGAZİ',1,0),(50308,958,0,215,1,'TURGUT ÖZAL',1,0),(50309,958,0,215,1,'YENİ YILDIZ',1,0),(50317,956,0,215,1,'ŞEKERPINAR',1,0),(50318,956,0,215,1,'ŞEKERPINARI CUMHURİYET',1,0),(50319,956,0,215,1,'TOSB-TAYSAD ORGANİZE SANAYİ BÖLGESİ',1,0),(50320,521,0,215,1,'GEBZE OSB2',1,0),(50322,958,0,215,1,'TAVŞANCIL CUMHURİYET',1,0),(50323,958,0,215,1,'KAYAPINAR',1,0),(50324,958,0,215,1,'YAHYA KAPTAN',1,0),(50325,958,0,215,1,'TAVŞANCIL YENİ',1,0),(50326,958,0,215,1,'YENİOSB',1,0),(50328,957,0,215,1,'BAĞLARBAŞI',1,0),(50329,957,0,215,1,'BAYRAMOĞLU',1,0),(50330,957,0,215,1,'CAMİ',1,0),(50331,957,0,215,1,'EMEK',1,0),(50332,957,0,215,1,'FEVZİ ÇAKMAK',1,0),(50333,957,0,215,1,'KAZIM KARABEKİR',1,0),(50334,957,0,215,1,'NENE HATUN',1,0),(50335,957,0,215,1,'OSMAN GAZİ',1,0),(50336,957,0,215,1,'PİRİ REİS',1,0),(50337,957,0,215,1,'YALI',1,0),(50338,957,0,215,1,'YENİ',1,0),(50339,957,0,215,1,'ZİNCİRLİKUYU',1,0),(50340,522,0,215,1,'DONANMA',1,0),(50341,522,0,215,1,'DUMLUPINAR',1,0),(50342,522,0,215,1,'KAVAKLI',1,0),(50343,522,0,215,1,'MERKEZ',1,0),(50344,522,0,215,1,'PİYALEPAŞA',1,0),(50345,522,0,215,1,'ŞEHİTLER',1,0),(50346,522,0,215,1,'YENİ',1,0),(50347,522,0,215,1,'ŞİRİNKÖY',1,0),(50348,522,0,215,1,'İPEK YOLU',1,0),(50349,522,0,215,1,'YUNUS EMRE',1,0),(50350,522,0,215,1,'DÜZAĞAÇ',1,0),(50351,522,0,215,1,'KARAKÖPRÜ',1,0),(50352,522,0,215,1,'HİSAREYN MERKEZ',1,0),(50353,522,0,215,1,'ÇİFTLİK',1,0),(50354,522,0,215,1,'DENİZ EVLER',1,0),(50355,522,0,215,1,'İHSANİYE MERKEZ',1,0),(50356,522,0,215,1,'YAZLIK',1,0),(50357,522,0,215,1,'YAZLIK YENİ',1,0),(50358,522,0,215,1,'ATATÜRK',1,0),(50359,522,0,215,1,'CUMHURİYET',1,0),(50360,522,0,215,1,'DEĞİRMENDERE MERKEZ',1,0),(50361,522,0,215,1,'TOPÇULAR',1,0),(50362,522,0,215,1,'DEĞİRMENDERE YALI',1,0),(50363,522,0,215,1,'YUKARI',1,0),(50364,522,0,215,1,'YÜZBAŞILAR',1,0),(50365,522,0,215,1,'KÖRFEZ',1,0),(50366,522,0,215,1,'HALIDERE YALI',1,0),(50367,522,0,215,1,'HALIDERE YENİ',1,0),(50368,522,0,215,1,'ULAŞLI YALI',1,0),(50369,522,0,215,1,'ULAŞLI YAVUZ SULTAN SELİM',1,0),(50370,523,0,215,1,'AKDURAK',1,0),(50371,523,0,215,1,'AYDINLIK',1,0),(50372,523,0,215,1,'ÇARŞI',1,0),(50373,523,0,215,1,'ORHAN',1,0),(50374,523,0,215,1,'AKBAL',1,0),(50375,524,0,215,1,'CAMİATİK',1,0),(50376,524,0,215,1,'HACIMEHMET',1,0),(50377,524,0,215,1,'HACIÖMERAĞA',1,0),(50378,524,0,215,1,'İSMAİLAĞA',1,0),(50379,524,0,215,1,'KAYACIK',1,0),(50380,524,0,215,1,'SARIKUM',1,0),(50381,524,0,215,1,'TABAKHANE',1,0),(50382,524,0,215,1,'TEPEKÖY',1,0),(50383,524,0,215,1,'GAZANFER BİLGE',1,0),(50384,524,0,215,1,'DEREKÖY MERKEZ',1,0),(50385,524,0,215,1,'ARİF HOCA',1,0),(50386,524,0,215,1,'HÜSEYİN HOCA',1,0),(50387,524,0,215,1,'CUMHURİYET',1,0),(50388,524,0,215,1,'HÜRRİYET',1,0),(50389,524,0,215,1,'VALİDEKÖPRÜ',1,0),(50390,524,0,215,1,'AKÇAT MERKEZ',1,0),(50391,524,0,215,1,'YENİ',1,0),(50392,524,0,215,1,'FEVZİ ÇAKMAK',1,0),(50393,524,0,215,1,'GAZİ OSMAN PAŞA',1,0),(50394,525,0,215,1,'ATALAR',1,0),(50395,525,0,215,1,'BARBAROS',1,0),(50396,525,0,215,1,'ÇAMLITEPE',1,0),(50397,525,0,215,1,'ESENTEPE',1,0),(50398,525,0,215,1,'FATİH',1,0),(50399,525,0,215,1,'GÜNEY',1,0),(50400,525,0,215,1,'HACI OSMAN',1,0),(50401,525,0,215,1,'İLİMTEPE',1,0),(50402,525,0,215,1,'KUZEY',1,0),(50403,525,0,215,1,'MİMAR SİNAN',1,0),(50404,525,0,215,1,'YAVUZ SULTAN SELİM',1,0),(50405,525,0,215,1,'YENİYALI',1,0),(50406,525,0,215,1,'AGAH ATEŞ',1,0),(50407,525,0,215,1,'CUMHURİYET',1,0),(50408,525,0,215,1,'HACI AKİF',1,0),(50409,525,0,215,1,'ŞİRİNYALI',1,0),(50410,525,0,215,1,'YUKARI HEREKE',1,0),(50411,525,0,215,1,'17 AĞUSTOS',1,0),(50412,525,0,215,1,'KIŞLADÜZÜ',1,0),(50413,525,0,215,1,'KİRAZLIYALI',1,0),(50414,526,0,215,1,'ÇENEDAĞ',1,0),(50415,526,0,215,1,'ÇINARLI',1,0),(50416,526,0,215,1,'DENİZ',1,0),(50417,526,0,215,1,'DUMLUPINAR',1,0),(50418,526,0,215,1,'İBNİSİNA',1,0),(50419,526,0,215,1,'MERSİNCİK',1,0),(50420,526,0,215,1,'SIRRIPAŞA',1,0),(50421,526,0,215,1,'YAVUZ SULTAN ',1,0),(50422,526,0,215,1,'YENİKENT',1,0),(50423,526,0,215,1,'FATİH SULTAN',1,0),(50466,527,0,215,1,'AKÇEŞME',1,0),(50468,527,0,215,1,'ÇİMENLİK',1,0),(50480,527,0,215,1,'KARACİĞAN',1,0),(50482,527,0,215,1,'DOĞANLAR',1,0),(50483,527,0,215,1,'KALENDERHANE',1,0),(50484,527,0,215,1,'BÜYÜK SİNAN',1,0),(50486,527,0,215,1,'KUZGUNKAVAK',1,0),(50489,527,0,215,1,'YEDİLER',1,0),(50490,527,0,215,1,'KEÇECİLER',1,0),(50491,527,0,215,1,'SARIYAKUP',1,0),(50493,527,0,215,1,'DOĞUŞ',1,0),(50494,527,0,215,1,'EMİRGAZİ',1,0),(50495,527,0,215,1,'ERENLER',1,0),(50496,527,0,215,1,'FETİH',1,0),(50497,527,0,215,1,'HACIİBALI',1,0),(50498,527,0,215,1,'HACIVEYİSZADE',1,0),(50499,527,0,215,1,'HAMZAOĞLU',1,0),(50500,527,0,215,1,'HASANDEDEMESCİT',1,0),(50501,527,0,215,1,'HOCALARKÖPRÜSÜ',1,0),(50502,527,0,215,1,'KEYKUBAT',1,0),(50505,527,0,215,1,'MENGENE',1,0),(50506,527,0,215,1,'ORTAMESCİT',1,0),(50507,527,0,215,1,'AKABE',1,0),(50508,527,0,215,1,'ÇATALTÖMEK',1,0),(50509,527,0,215,1,'ELMACI',1,0),(50510,527,0,215,1,'FEVZİÇAKMAK',1,0),(50511,527,0,215,1,'GAZİOSMANPAŞA',1,0),(50512,527,0,215,1,'HACISADIK',1,0),(50513,527,0,215,1,'ORHANGAZİ',1,0),(50514,527,0,215,1,'ULUBATLIHASAN',1,0),(50515,527,0,215,1,'YENİMAHALLE',1,0),(50517,527,0,215,1,'İSTİKLAL',1,0),(50518,527,0,215,1,'KARAKULAK',1,0),(50519,527,0,215,1,'ORTAKONAK',1,0),(50520,527,0,215,1,'SELİMSULTAN',1,0),(50521,527,0,215,1,'BAŞAK',1,0),(50522,527,0,215,1,'ÇATALHÜYÜK',1,0),(50523,527,0,215,1,'HACIYUSUFMESCİT',1,0),(50524,527,0,215,1,'TAŞRAKARAASLANDEDE',1,0),(50525,527,0,215,1,'TAŞRAKARAASLANÜZÜMCÜ',1,0),(50526,527,0,215,1,'SAKYATAN',1,0),(50527,527,0,215,1,'ŞATIR',1,0),(50528,527,0,215,1,'TATLICAK',1,0),(50529,527,0,215,1,'ERLER',1,0),(50530,527,0,215,1,'SARAÇOĞLU',1,0),(50546,528,0,215,1,'MELİKŞAH',1,0),(50558,528,0,215,1,'SAHİBİATA',1,0),(50559,528,0,215,1,'DR.ZİYA BARLAS',1,0),(50560,528,0,215,1,'EKMEKKOÇU',1,0),(50561,528,0,215,1,'FAHRÜNNİSA',1,0),(50564,528,0,215,1,'MAMURİYE',1,0),(50566,528,0,215,1,'ÖĞRETMEN EVLERİ',1,0),(50569,528,0,215,1,'ŞEYH SADRETTİN',1,0),(50571,528,0,215,1,'AKSİNNE',1,0),(50573,528,0,215,1,'TIRILIRMAK',1,0),(50574,528,0,215,1,'BÜYÜKAYMANAS',1,0),(50576,528,0,215,1,'ULUIRMAK ALİ HOCA',1,0),(50580,528,0,215,1,'ABDÜLAZİZ',1,0),(50581,528,0,215,1,'GAZANFER',1,0),(50582,528,0,215,1,'KALFALAR',1,0),(50583,528,0,215,1,'MEHMET VEHBİ',1,0),(50584,528,0,215,1,'MURADİYE',1,0),(50585,528,0,215,1,'PİREBİ',1,0),(50586,528,0,215,1,'SAADET',1,0),(50587,528,0,215,1,'ŞÜKRAN',1,0),(50588,528,0,215,1,'UZUNHARMANLAR',1,0),(50589,528,0,215,1,'ZAFER',1,0),(50592,528,0,215,1,'KÜÇÜK AYMANAS',1,0),(50593,528,0,215,1,'TURGUT REİS',1,0),(50594,528,0,215,1,'ULUIRMAK SAKA',1,0),(50595,528,0,215,1,'ARMAĞAN',1,0),(50596,528,0,215,1,'DEDEKORKUT',1,0),(50597,528,0,215,1,'KURTULUŞ',1,0),(50598,528,0,215,1,'NECİP FAZIL',1,0),(50599,528,0,215,1,'SELAM',1,0),(50600,528,0,215,1,'AYANBEY',1,0),(50601,528,0,215,1,'BATI HADİMİ',1,0),(50602,528,0,215,1,'ÇANDIR',1,0),(50603,528,0,215,1,'DOĞUHADİMİ',1,0),(50604,528,0,215,1,'HACIŞABAN',1,0),(50605,528,0,215,1,'KİRAZLI',1,0),(50606,528,0,215,1,'KÜRDEN',1,0),(50607,528,0,215,1,'ALPASLAN',1,0),(50608,528,0,215,1,'YAKA',1,0),(50609,528,0,215,1,'ALAVARDI',1,0),(50610,528,0,215,1,'KÜÇÜK KOVANAĞZI',1,0),(50611,528,0,215,1,'LADİKLİ',1,0),(50612,528,0,215,1,'YENİCE',1,0),(50613,528,0,215,1,'YORGANCI',1,0),(50614,528,0,215,1,'ARİFBİLGE',1,0),(50615,528,0,215,1,'AŞKAN',1,0),(50616,528,0,215,1,'ÇOMAKLI',1,0),(50617,528,0,215,1,'DURUNDAY',1,0),(50618,528,0,215,1,'HASANKÖY',1,0),(50619,528,0,215,1,'SÜLEYMAN ŞAH',1,0),(50620,528,0,215,1,'YAYLAPINAR SÜLEYMANİYE',1,0),(50621,528,0,215,1,'YUNUS EMRE',1,0),(50622,528,0,215,1,'BEYBES',1,0),(50623,528,0,215,1,'DERECAMİKEBİR',1,0),(50624,528,0,215,1,'GÜLBAHÇE',1,0),(50625,528,0,215,1,'HAVZAN',1,0),(50626,528,0,215,1,'KOZAĞAÇ',1,0),(50627,528,0,215,1,'KÖYCEĞİZ',1,0),(50628,528,0,215,1,'ORGENERAL TURAL',1,0),(50629,528,0,215,1,'OSMAN GAZİ',1,0),(50630,528,0,215,1,'YAYLAPINAR KAŞ',1,0),(50631,528,0,215,1,'BOYALI',1,0),(50632,528,0,215,1,'DERE AŞIKLAR',1,0),(50633,528,0,215,1,'HACI İSA EFENDİ',1,0),(50634,528,0,215,1,'KARAASLAN AYBAHÇE',1,0),(50635,528,0,215,1,'LALEBAHÇE',1,0),(50636,528,0,215,1,'SELVER',1,0),(50637,528,0,215,1,'YAYLAPINAR UHUD',1,0),(50638,528,0,215,1,'BORUKTOLU',1,0),(50639,528,0,215,1,'HARMANCIK',1,0),(50640,528,0,215,1,'HATIP',1,0),(50641,528,0,215,1,'PAMUKCU',1,0),(50642,528,0,215,1,'YENİBAHÇE',1,0),(50643,528,0,215,1,'ALAKOVA',1,0),(50644,528,0,215,1,'BÜYÜK KOVANAĞZI',1,0),(50645,528,0,215,1,'KARAHÜYÜK',1,0),(50646,528,0,215,1,'TOPRAK SARNIÇ',1,0),(50647,528,0,215,1,'GÖDENE',1,0),(50648,528,0,215,1,'ÇARIKLAR FATİH',1,0),(50649,528,0,215,1,'KAŞINHANIİSTASYON',1,0),(50650,528,0,215,1,'KAŞINHANI YENİ',1,0),(50651,528,0,215,1,'KARADİĞİNTOPTAŞ',1,0),(50670,529,0,215,1,'BÜYÜKKAYACIKOSB',1,0),(50671,529,0,215,1,'HOROZLUHANOSB',1,0),(50672,529,0,215,1,'BABALIK',1,0),(50673,529,0,215,1,'BEYHEKİM',1,0),(50674,529,0,215,1,'DEVRİ CEDİD',1,0),(50675,529,0,215,1,'FERHUNİYE',1,0),(50676,529,0,215,1,'KOCATEPE',1,0),(50677,529,0,215,1,'SÜLEYMAN ÇELEBİ',1,0),(50678,529,0,215,1,'CUMHURİYET',1,0),(50679,529,0,215,1,'GAZALİ',1,0),(50680,529,0,215,1,'KAŞGARLI MAHMUT',1,0),(50681,529,0,215,1,'MALAZGİRT',1,0),(50682,529,0,215,1,'ÖZALAN',1,0),(50683,529,0,215,1,'PEYAMİ SAFA',1,0),(50684,529,0,215,1,'BEDİR',1,0),(50685,529,0,215,1,'BEYAZIT',1,0),(50686,529,0,215,1,'BÜYÜK İHSANİYE',1,0),(50687,529,0,215,1,'DOKUZ',1,0),(50688,529,0,215,1,'FATİH',1,0),(50689,529,0,215,1,'HAMİDİYE',1,0),(50690,529,0,215,1,'KÜÇÜK İHSANİYE',1,0),(50691,529,0,215,1,'MEDRESE',1,0),(50692,529,0,215,1,'BİNKONUTLAR RAUF ORBAY',1,0),(50693,529,0,215,1,'SELEHADDİNİ EYYUBİ',1,0),(50694,529,0,215,1,'TARLA',1,0),(50695,529,0,215,1,'TATKÖY',1,0),(50696,529,0,215,1,'TÖMEK',1,0),(50697,529,0,215,1,'BÜYÜKKAYACIK',1,0),(50698,529,0,215,1,'FERİTPAŞA',1,0),(50699,529,0,215,1,'MUSALLA BAĞLARI',1,0),(50700,529,0,215,1,'NİŞANTAŞ',1,0),(50701,529,0,215,1,'SAKARYA',1,0),(50702,529,0,215,1,'AŞAĞIPINARBAŞI',1,0),(50703,529,0,215,1,'AYDINLIKEVLER',1,0),(50704,529,0,215,1,'SARAYKÖY',1,0),(50705,529,0,215,1,'SİLLE PARSANA',1,0),(50706,529,0,215,1,'SULUTAS',1,0),(50707,529,0,215,1,'YUKARIPINARBAŞI',1,0),(50708,529,0,215,1,'BOSNA HERSEK',1,0),(50709,529,0,215,1,'HOCACİHAN HANAYBAŞI',1,0),(50710,529,0,215,1,'HÜSAMETTİN ÇELEBİ',1,0),(50711,529,0,215,1,'IŞIKLAR',1,0),(50712,529,0,215,1,'ŞEYH ŞAMİL',1,0),(50713,529,0,215,1,'YENİ ŞEHİR',1,0),(50714,529,0,215,1,'AKINCILAR',1,0),(50715,529,0,215,1,'AKŞEMSETTİN',1,0),(50716,529,0,215,1,'BUHARA',1,0),(50717,529,0,215,1,'KILINÇARSLAN',1,0),(50718,529,0,215,1,'MEHMET AKİF',1,0),(50719,529,0,215,1,'SANCAK',1,0),(50720,529,0,215,1,'SELÇUK',1,0),(50721,529,0,215,1,'SİLLE SUBAŞI',1,0),(50722,529,0,215,1,'YAZIR',1,0),(50723,529,0,215,1,'ARDIÇLI',1,0),(50724,529,0,215,1,'HOCACİHAN 100. YIL',1,0),(50725,529,0,215,1,'HOCACİHAN SARAY',1,0),(50726,529,0,215,1,'ÖZLEM',1,0),(50727,529,0,215,1,'ŞEKERMURAT',1,0),(50728,529,0,215,1,'DUMLUPINAR',1,0),(50729,529,0,215,1,'ERENKÖY',1,0),(50730,529,0,215,1,'ESENLER',1,0),(50731,529,0,215,1,'HACIKAYMAK',1,0),(50732,529,0,215,1,'MOLLA GÜRANİ',1,0),(50733,529,0,215,1,'YENİ SELÇUK',1,0),(50734,529,0,215,1,'HOROZLUHAN',1,0),(50735,529,0,215,1,'HOCACİHAN HACILAR',1,0),(50736,529,0,215,1,'SİLLE AK',1,0),(50737,529,0,215,1,'MİMAR SİNAN',1,0),(50746,529,0,215,1,'YÜKSELEN BİLECİK',1,0),(50747,529,0,215,1,'YÜKSELEN MERKEZ',1,0),(50748,530,0,215,1,'MERKEZ',1,0),(50753,531,0,215,1,'AĞALAR',1,0),(50754,531,0,215,1,'YENİ ',1,0),(50755,531,0,215,1,'HACILAR',1,0),(50756,531,0,215,1,'TÜLCE',1,0),(50759,532,0,215,1,'AHİCELAL',1,0),(50760,532,0,215,1,'ALTUNKALEM',1,0),(50761,532,0,215,1,'ANIT',1,0),(50762,532,0,215,1,'ÇAY',1,0),(50763,532,0,215,1,'ÇİMENLİ',1,0),(50764,532,0,215,1,'ESKİKALE',1,0),(50765,532,0,215,1,'GAZİ',1,0),(50766,532,0,215,1,'İSTASYON',1,0),(50767,532,0,215,1,'KIZILCA',1,0),(50768,532,0,215,1,'KİLECİ',1,0),(50769,532,0,215,1,'KOZAĞAÇ',1,0),